000
CXUS52 KFFC 011010
CF6FFC
PRELIMINARY LOCAL CLIMATOLOGICAL DATA (WS FORM: F-6)
STATION: PEACHTREE CITY
MONTH: AUGUST
YEAR: 2023
LATITUDE: 33 20 N
LONGITUDE: 84 34 W
TEMPERATURE IN F: :PCPN: SNOW: WIND :SUNSHINE: SKY :PK WND
================================================================================
1 2 3 4 5 6A 6B 7 8 9 10 11 12 13 14 15 16 17 18
12Z AVG MX 2MIN
DY MAX MIN AVG DEP HDD CDD WTR SNW DPTH SPD SPD DIR MIN PSBL S-S WX SPD DR
================================================================================
1 94 66 80 -1 0 15 0.00 M M 4.0 13 340 M M 1 8 18 20
2 91 69 80 -1 0 15 0.00 M M 3.4 12 140 M M 4 20 130
3 91 71 81 0 0 16 0.33 M M 3.3 25 250 M M 3 138 39 260
4 87 70 79 -2 0 14 0.01 M M 3.1 12 280 M M 5 1 17 290
5 93 70 82 1 0 17 0.00 M M 2.8 10 300 M M 3 1 13 300
6 94 70 82 1 0 17 0.36 M M 3.8 23 280 M M 3 13 35 290
7 93 69 81 0 0 16 0.33 M M 2.8 28 320 M M 3 13 48 250
8 87 69 78 -3 0 13 T M M 3.1 24 320 M M 3 13 38 300
9 87 65 76 -5 0 11 0.14 M M 3.2 20 130 M M 1 123 26 140
10 86 68 77 -4 0 12 0.58 M M 4.1 21 330 M M 3 123 31 340
11 85 70 78 -2 0 13 0.31 M M 2.5 21 280 M M 4 13 33 270
12 93 69 81 1 0 16 0.46 M M 3.3 23 310 M M 2 13 37 310
13 92 69 81 1 0 16 0.00 M M 1.7 18 270 M M 1 1 31 270
14 95 71 83 3 0 18 0.00 M M 2.4 13 250 M M 0 13 20 240
15 91 71 81 1 0 16 0.59 M M 3.3 17 260 M M 2 123 28 260
16 85 65 75 -5 0 10 0.00 M M 3.2 12 320 M M 0 15 300
17 86 62 74 -6 0 9 0.00 M M 2.3 13 300 M M 2 1 19 310
18 88 63 76 -4 0 11 0.00 M M 2.5 12 310 M M 2 1 17 340
19 89 66 78 -2 0 13 0.00 0.0 0 0.9 8 110 M M 1 1 12 110
20 91 66 79 -1 0 14 0.00 M M 1.9 9 100 M M 0 1 17 130
21 94 69 82 3 0 17 0.00 M M 0.7 8 300 M M 2 1 11 310
22 95 70 83 4 0 18 0.00 M M 2.0 9 20 M M 0 1 13 350
23 92 73 83 4 0 18 0.00 M M 3.8 13 90 M M 0 1 19 90
24 93 71 82 3 0 17 0.00 M M 0.6 7 40 M M 2 18 11 60
25 96 74 85 6 0 20 0.00 M M 4.6 14 320 M M 1 18 20 300
26 98 71 85 6 0 20 0.00 M M 3.1 15 350 M M 0 1 21 350
27 96 72 84 6 0 19 T M M 2.6 12 140 M M 2 13 16 130
28 92 72 82 4 0 17 0.89 M M 4.6 14 90 M M 6 123 21 90
29 92 72 82 4 0 17 0.01 M M 3.8 12 170 M M 6 13 20 210
30 84 70 77 -1 0 12 0.01 M M 5.4 14 350 M M 5 1 21 20
31 88 66 77 -1 0 12 0.00 M M 2.2 12 130 M M 2 1 15 140
================================================================================
SM 2818 2139 0 469 4.02 0.0 91.0 M 69
================================================================================
AV 90.9 69.0 2.9 FASTST M M 2 MAX(MPH)
MISC ----> 28 320 48 250
================================================================================
NOTES:
# LAST OF SEVERAL OCCURRENCES
COLUMN 17 PEAK WIND IN M.P.H.
PRELIMINARY LOCAL CLIMATOLOGICAL DATA (WS FORM: F-6) , PAGE 2
STATION: PEACHTREE CITY
MONTH: AUGUST
YEAR: 2023
LATITUDE: 33 20 N
LONGITUDE: 84 34 W
[TEMPERATURE DATA] [PRECIPITATION DATA] SYMBOLS USED IN COLUMN 16
AVERAGE MONTHLY: 80.0 TOTAL FOR MONTH: 4.02 1 = FOG OR MIST
DPTR FM NORMAL: 0.2 DPTR FM NORMAL: 0.06 2 = FOG REDUCING VISIBILITY
HIGHEST: 98 ON 26 GRTST 24HR 0.89 ON 28-28 TO 1/4 MILE OR LESS
LOWEST: 62 ON 17 3 = THUNDER
SNOW, ICE PELLETS, HAIL 4 = ICE PELLETS
TOTAL MONTH: 0.0 INCH 5 = HAIL
GRTST 24HR 0.0 6 = FREEZING RAIN OR DRIZZLE
GRTST DEPTH: 0 7 = DUSTSTORM OR SANDSTORM:
VSBY 1/2 MILE OR LESS
8 = SMOKE OR HAZE
[NO. OF DAYS WITH] [WEATHER - DAYS WITH] 9 = BLOWING SNOW
X = TORNADO
MAX 32 OR BELOW: 0 0.01 INCH OR MORE: 12
MAX 90 OR ABOVE: 20 0.10 INCH OR MORE: 9
MIN 32 OR BELOW: 0 0.50 INCH OR MORE: 3
MIN 0 OR BELOW: 0 1.00 INCH OR MORE: 0
[HDD (BASE 65) ]
TOTAL THIS MO. 0 CLEAR (SCALE 0-3) 23
DPTR FM NORMAL 0 PTCLDY (SCALE 4-7) 8
TOTAL FM JUL 1 0 CLOUDY (SCALE 8-10) 0
DPTR FM NORMAL 0
[CDD (BASE 65) ]
TOTAL THIS MO. 469
DPTR FM NORMAL 10 [PRESSURE DATA]
TOTAL FM JAN 1 1429 HIGHEST SLP 30.19 ON 21
DPTR FM NORMAL -155 LOWEST SLP 29.66 ON 30
[REMARKS]
#FINAL-08-23#