000
CXUS53 KLMK 010800
CF6FFT
PRELIMINARY LOCAL CLIMATOLOGICAL DATA (WS FORM: F-6)
STATION: FRANKFORT KY
MONTH: OCTOBER
YEAR: 2020
LATITUDE: 38 10 N
LONGITUDE: 84 54 W
TEMPERATURE IN F: :PCPN: SNOW: WIND :SUNSHINE: SKY :PK WND
================================================================================
1 2 3 4 5 6A 6B 7 8 9 10 11 12 13 14 15 16 17 18
12Z AVG MX 2MIN
DY MAX MIN AVG DEP HDD CDD WTR SNW DPTH SPD SPD DIR MIN PSBL S-S WX SPD DR
================================================================================
1 71 45 58 -3 7 0 T M M 4.6 15 290 M M 5 23 230
2 64 38 51 -10 14 0 0.00 M M 2.5 12 310 M M 4 20 330
3 68 39 54 -7 11 0 0.01 M M 1.6 12 220 M M 6 12 17 170
4 68 43 56 -4 9 0 0.01 M M 5.2 15 330 M M 8 1 24 310
5 66 35 51 -9 14 0 0.00 M M 1.1 8 100 M M 1 12 15 160
6 74 35 55 -5 10 0 0.00 M M 4.7 15 200 M M 0 21 220
7 84 50 67 8 0 2 0.00 M M 7.6 17 240 M M 0 25 240
8 81 48 65 6 0 0 0.00 M M 2.4 9 100 M M 0 14 100
9 81 48 65 7 0 0 0.00 M M 5.0 16 200 M M 1 24 210
10 72 65 69 11 0 4 0.01 M M 5.0 12 140 M M 9 17 150
11 75 65 70 12 0 5 0.02 M M 7.8 16 50 M M 9 18 22 60
12 79 55 67 9 0 2 0.33 M M 6.7 25 300 M M 9 1 41 310
13 70 41 56 -1 9 0 0.00 M M 2.2 9 330 M M 0 1 13 330
14 79 43 61 4 4 0 0.00 M M 7.0 17 170 M M 0 24 180
15 70 50 60 4 5 0 0.02 M M 7.6 15 230 M M 6 22 230
16 60 35 48 -8 17 0 0.00 M M 2.8 14 310 M M 0 1 21 290
17 64 32 48 -8 17 0 0.00 M M 4.1 12 160 M M 0 17 150
18 61 44 53 -3 12 0 0.01 M M 6.4 18 190 M M 9 26 200
19 65 55 60 5 5 0 1.17 M M 4.0 10 160 M M 10 1 14 160
20 69 57 63 8 2 0 0.75 M M 3.5 15 160 M M 9 123 23 160
21 81 57 69 14 0 4 0.00 M M 5.1 14 230 M M 1 1 21 230
22 82 55 69 15 0 4 0.00 M M 4.5 16 200 M M 3 12 22 220
23 82 53 68 14 0 3 0.99 M M 7.7 21 320 M M 5 13 30 320
24 53 47 50 -4 15 0 0.08 M M 7.6 14 360 M M 10 1 20 340
25 52 47 50 -4 15 0 0.03 M M 5.3 12 40 M M 10 1 17 20
26 55 49 52 -1 13 0 0.00 M M 4.3 13 330 M M 10 18 15 330
27 58 48 53 0 12 0 0.00 M M 3.7 9 340 M M 10 11 340
28 64 52 58 5 7 0 0.46 M M 4.3 10 360 M M 9 18 14 20
29 58 45 52 0 13 0 1.24 M M 9.0 15 330 M M 10 1 25 340
30 52 34 43 -9 22 0 0.00 M M 4.7 13 320 M M 7 1 19 320
31 60 31 46 -6 19 0 0.00 M M 3.7 13 150 M M 1 12 17 140
================================================================================
SM 2118 1441 252 24 5.13 M 151.7 M 162
================================================================================
AV 68.3 46.5 4.9 FASTST M M 5 MAX(MPH)
MISC ----> # 25 300 # 41 310
================================================================================
NOTES:
# LAST OF SEVERAL OCCURRENCES
COLUMN 17 PEAK WIND IN M.P.H.
PRELIMINARY LOCAL CLIMATOLOGICAL DATA (WS FORM: F-6) , PAGE 2
STATION: FRANKFORT KY
MONTH: OCTOBER
YEAR: 2020
LATITUDE: 38 10 N
LONGITUDE: 84 54 W
[TEMPERATURE DATA] [PRECIPITATION DATA] SYMBOLS USED IN COLUMN 16
AVERAGE MONTHLY: 57.4 TOTAL FOR MONTH: 5.13 1 = FOG OR MIST
DPTR FM NORMAL: 1.0 DPTR FM NORMAL: 1.89 2 = FOG REDUCING VISIBILITY
HIGHEST: 84 ON 7 GRTST 24HR 1.24 ON 29-29 TO 1/4 MILE OR LESS
LOWEST: 31 ON 31 3 = THUNDER
SNOW, ICE PELLETS, HAIL 4 = ICE PELLETS
TOTAL MONTH: M 5 = HAIL
GRTST 24HR M ON M 6 = FREEZING RAIN OR DRIZZLE
GRTST DEPTH: M ON M 7 = DUSTSTORM OR SANDSTORM:
VSBY 1/2 MILE OR LESS
8 = SMOKE OR HAZE
[NO. OF DAYS WITH] [WEATHER - DAYS WITH] 9 = BLOWING SNOW
X = TORNADO
MAX 32 OR BELOW: 0 0.01 INCH OR MORE: 14
MAX 90 OR ABOVE: 0 0.10 INCH OR MORE: 6
MIN 32 OR BELOW: 2 0.50 INCH OR MORE: 4
MIN 0 OR BELOW: 0 1.00 INCH OR MORE: 2
[HDD (BASE 65) ]
TOTAL THIS MO. 252 CLEAR (SCALE 0-3) 12
DPTR FM NORMAL -35 PTCLDY (SCALE 4-7) 7
TOTAL FM JUL 1 289 CLOUDY (SCALE 8-10) 12
DPTR FM NORMAL -52
[CDD (BASE 65) ]
TOTAL THIS MO. 24
DPTR FM NORMAL 5 [PRESSURE DATA]
TOTAL FM JAN 1 1386 HIGHEST SLP 30.40 ON 31
DPTR FM NORMAL 232 LOWEST SLP 29.53 ON 29
[REMARKS]
#FINAL-10-20#