000
CXUS53 KARX 180900
CF6FKA
PRELIMINARY LOCAL CLIMATOLOGICAL DATA (WS FORM: F-6)
STATION: PRESTON MN
MONTH: APRIL
YEAR: 2024
LATITUDE: 43 40 N
LONGITUDE: 92 11 W
TEMPERATURE IN F: :PCPN: SNOW: WIND :SUNSHINE: SKY :PK WND
================================================================================
1 2 3 4 5 6A 6B 7 8 9 10 11 12 13 14 15 16 17 18
12Z AVG MX 2MIN
DY MAX MIN AVG DEP HDD CDD WTR SNW DPTH SPD SPD DIR MIN PSBL S-S WX SPD DR
================================================================================
1 39 34 37 M 28 0 0.30 M 0 10.7 16 80 M M 7 1 24 60
2 34 32 33 M 32 0 M M 0 15.9 23 340 M M 9 12 32 340
3 43 32 38 M 27 0 M M M 24.5 32 340 M M 9 18 44 330
4 43 34 39 M 26 0 0.00 0.0 0 11.3 18 340 M M 9 28 350
5 52 28 40 M 25 0 0.00 0.0 0 4.7 10 120 M M 0 14 0
6 55 30 43 M 22 0 0.00 0.0 0 14.0 25 130 M M 0 31 140
7 45 41 43 M 22 0 0.62 0.0 0 17.4 23 120 M M 8 1 35 120
8 50 43 47 M 18 0 0.01 0.0 0 11.3 20 250 M M 9 25 230
9 61 39 50 M 15 0 0.00 0.0 0 11.8 17 280 M M 6 23 280
10 68 45 57 M 8 0 0.00 0.0 0 7.9 14 320 M M 5 22 260
11 52 43 48 M 17 0 0.10 0.0 0 13.4 25 310 M M 6 32 310
12 59 41 50 M 15 0 0.00 0.0 0 16.4 27 320 M M 1 35 320
13 79 37 58 M 7 0 0.00 0.0 0 12.6 22 190 M M 0 33 190
14 79 52 66 M 0 1 0.00 0.0 0 11.5 20 320 M M 0 38 220
15 73 46 60 M 5 0 0.00 0.0 0 8.4 15 80 M M 0 17 90
16 57 46 52 M 13 0 1.53 M 0 16.8 32 90 M M 7 18 45 90
17 55 43 49 M 16 0 0.15 0.0 0 17.0 28 290 M M 8 1 37 290
================================================================================
SM 944 666 296 1 2.71 0.0 225.6 M 84
================================================================================
AV 55.5 39.2 13.3 FASTST M M 5 MAX(MPH)
MISC ----> # 32 340 45 90
================================================================================
NOTES:
# LAST OF SEVERAL OCCURRENCES
COLUMN 17 PEAK WIND IN M.P.H.
PRELIMINARY LOCAL CLIMATOLOGICAL DATA (WS FORM: F-6) , PAGE 2
STATION: PRESTON MN
MONTH: APRIL
YEAR: 2024
LATITUDE: 43 40 N
LONGITUDE: 92 11 W
[TEMPERATURE DATA] [PRECIPITATION DATA] SYMBOLS USED IN COLUMN 16
AVERAGE MONTHLY: 47.4 TOTAL FOR MONTH: 2.71 1 = FOG OR MIST
DPTR FM NORMAL: 0.0 DPTR FM NORMAL: 2.71 2 = FOG REDUCING VISIBILITY
HIGHEST: 79 ON 14,13 GRTST 24HR 1.53 ON 16-16 TO 1/4 MILE OR LESS
LOWEST: 28 ON 5 3 = THUNDER
SNOW, ICE PELLETS, HAIL 4 = ICE PELLETS
TOTAL MONTH: 0.0 INCH 5 = HAIL
GRTST 24HR 0.0 6 = FREEZING RAIN OR DRIZZLE
GRTST DEPTH: 0 7 = DUSTSTORM OR SANDSTORM:
VSBY 1/2 MILE OR LESS
8 = SMOKE OR HAZE
[NO. OF DAYS WITH] [WEATHER - DAYS WITH] 9 = BLOWING SNOW
X = TORNADO
MAX 32 OR BELOW: 0 0.01 INCH OR MORE: 6
MAX 90 OR ABOVE: 0 0.10 INCH OR MORE: 4
MIN 32 OR BELOW: 4 0.50 INCH OR MORE: 2
MIN 0 OR BELOW: 0 1.00 INCH OR MORE: 1
[HDD (BASE 65) ]
TOTAL THIS MO. 296 CLEAR (SCALE 0-3) 6
DPTR FM NORMAL M PTCLDY (SCALE 4-7) 6
TOTAL FM JUL 1 5731 CLOUDY (SCALE 8-10) 5
DPTR FM NORMAL M
[CDD (BASE 65) ]
TOTAL THIS MO. 1
DPTR FM NORMAL M [PRESSURE DATA]
TOTAL FM JAN 1 1 HIGHEST SLP M ON M
DPTR FM NORMAL M LOWEST SLP M ON M
[REMARKS]