000
CXUS53 KARX 010930
CF6FKA
PRELIMINARY LOCAL CLIMATOLOGICAL DATA (WS FORM: F-6)
STATION: PRESTON MN
MONTH: MAY
YEAR: 2020
LATITUDE: 43 40 N
LONGITUDE: 92 11 W
TEMPERATURE IN F: :PCPN: SNOW: WIND :SUNSHINE: SKY :PK WND
================================================================================
1 2 3 4 5 6A 6B 7 8 9 10 11 12 13 14 15 16 17 18
12Z AVG MX 2MIN
DY MAX MIN AVG DEP HDD CDD WTR SNW DPTH SPD SPD DIR MIN PSBL S-S WX SPD DR
================================================================================
1 73 44 59 M 6 0 0.00 0.0 0 12.9 24 180 M M 1 31 170
2 73 51 62 M 3 0 0.00 0.0 0 13.1 22 310 M M 0 29 310
3 71 45 58 M 7 0 0.00 0.0 0 11.6 20 310 M M 0 28 310
4 56 36 46 M 19 0 0.00 0.0 0 8.1 14 130 M M 0 17 100
5 47 37 42 M 23 0 M 0.0 0 7.0 10 30 M M 4 M M
6 62 40 51 M 14 0 0.00 0.0 0 9.9 14 340 M M 1 1 30 310
7 61 38 50 M 15 0 0.00 0.0 0 11.0 18 320 M M 0 25 300
8 46 32 39 M 26 0 0.00 0.0 0 10.4 21 350 M M 0 29 350
9 63 27 45 M 20 0 0.01 0.0 0 9.9 30 280 M M 2 39 280
10 44 35 40 M 25 0 0.14 0.0 0 12.4 22 340 M M 8 1 27 350
11 52 34 43 M 22 0 0.00 0.0 0 7.5 15 300 M M 4 18 290
12 57 32 45 M 20 0 0.00 0.0 0 3.9 7 90 M M 0 M M
13 63 38 51 M 14 0 0.00 0.0 0 13.0 24 160 M M 5 18 33 160
14 66 50 58 M 7 0 0.02 0.0 0 6.0 14 180 M M 6 1 20 170
15 69 47 58 M 7 0 0.00 0.0 0 8.2 15 10 M M 0 23 350
16 72 49 61 M 4 0 0.14 0.0 0 9.5 15 100 M M 3 20 110
17 55 48 52 M 13 0 1.50 0.0 0 14.0 20 40 M M 10 1 27 40
18 54 48 51 M 14 0 0.01 0.0 0 12.6 16 40 M M 10 1 28 40
19 65 47 56 M 9 0 0.00 0.0 0 9.0 14 60 M M 9 1 21 60
20 74 53 64 M 1 0 0.00 0.0 0 8.8 18 110 M M 3 24 110
21 62 55 59 M 6 0 0.00 0.0 0 6.8 14 120 M M 9 1 23 120
22 66 55 61 M 4 0 0.00 0.0 0 5.5 10 140 M M 9 8 M M
23 67 57 62 M 3 0 0.37 0.0 0 7.4 12 90 M M 7 123 17 90
24 77 57 67 M 0 2 0.02 0.0 0 6.7 17 260 M M 5 123 22 260
25 78 63 71 M 0 6 0.48 0.0 0 5.8 12 210 M M 5 13 16 190
26 81 62 72 M 0 7 0.52 0.0 0 8.2 14 170 M M 4 3 18 150
27 78 63 71 M 0 6 0.06 0.0 0 6.1 12 190 M M 5 38 M M
28 72 56 64 M 1 0 0.34 0.0 0 6.4 15 350 M M 3 1 22 350
29 63 50 57 M 8 0 0.00 0.0 0 10.1 16 320 M M 3 22 320
30 66 47 57 M 8 0 0.00 0.0 0 7.8 15 320 M M 2 20 360
31 73 44 59 M 6 0 0.00 0.0 0 5.6 10 160 M M 2 M M
================================================================================
SM 2006 1440 305 21 3.61 0.0 275.2 M 120
================================================================================
AV 64.7 46.5 8.9 FASTST M M 4 MAX(MPH)
MISC ----> # 30 280 # 39 280
================================================================================
NOTES:
# LAST OF SEVERAL OCCURRENCES
COLUMN 17 PEAK WIND IN M.P.H.
PRELIMINARY LOCAL CLIMATOLOGICAL DATA (WS FORM: F-6) , PAGE 2
STATION: PRESTON MN
MONTH: MAY
YEAR: 2020
LATITUDE: 43 40 N
LONGITUDE: 92 11 W
[TEMPERATURE DATA] [PRECIPITATION DATA] SYMBOLS USED IN COLUMN 16
AVERAGE MONTHLY: 55.6 TOTAL FOR MONTH: 3.61 1 = FOG OR MIST
DPTR FM NORMAL: M DPTR FM NORMAL: M 2 = FOG REDUCING VISIBILITY
HIGHEST: 81 ON 26 GRTST 24HR 1.50 ON 17-17 TO 1/4 MILE OR LESS
LOWEST: 27 ON 9 3 = THUNDER
SNOW, ICE PELLETS, HAIL 4 = ICE PELLETS
TOTAL MONTH: 0.0 INCH 5 = HAIL
GRTST 24HR 0.0 6 = FREEZING RAIN OR DRIZZLE
GRTST DEPTH: 0 7 = DUSTSTORM OR SANDSTORM:
VSBY 1/2 MILE OR LESS
8 = SMOKE OR HAZE
[NO. OF DAYS WITH] [WEATHER - DAYS WITH] 9 = BLOWING SNOW
X = TORNADO
MAX 32 OR BELOW: 0 0.01 INCH OR MORE: 12
MAX 90 OR ABOVE: 0 0.10 INCH OR MORE: 7
MIN 32 OR BELOW: 3 0.50 INCH OR MORE: 2
MIN 0 OR BELOW: 0 1.00 INCH OR MORE: 1
[HDD (BASE 65) ]
TOTAL THIS MO. 305 CLEAR (SCALE 0-3) 14
DPTR FM NORMAL M PTCLDY (SCALE 4-7) 11
TOTAL FM JUL 1 7762 CLOUDY (SCALE 8-10) 6
DPTR FM NORMAL M
[CDD (BASE 65) ]
TOTAL THIS MO. 21
DPTR FM NORMAL M [PRESSURE DATA]
TOTAL FM JAN 1 21 HIGHEST SLP M ON M
DPTR FM NORMAL M LOWEST SLP M ON M
[REMARKS]
#FINAL-05-20#