000
CXUS53 KMKX 010810
CF6FLD
PRELIMINARY LOCAL CLIMATOLOGICAL DATA (WS FORM: F-6)
STATION: FOND_DU_LAC WI
MONTH: MAY
YEAR: 2021
LATITUDE: 43 46 N
LONGITUDE: 88 29 W
TEMPERATURE IN F: :PCPN: SNOW: WIND :SUNSHINE: SKY :PK WND
================================================================================
1 2 3 4 5 6A 6B 7 8 9 10 11 12 13 14 15 16 17 18
12Z AVG MX 2MIN
DY MAX MIN AVG DEP HDD CDD WTR SNW DPTH SPD SPD DIR MIN PSBL S-S WX SPD DR
================================================================================
1 90 39 65 13 0 0 T M M 14.5 30 200 M M 2 45 180
2 86 56 71 19 0 6 0.24 M M 11.8 25 30 M M 3 3 33 20
3 61 50 56 4 9 0 1.11 M M 6.6 17 10 M M 10 1 23 20
4 56 40 48 -5 17 0 T M M 12.1 20 310 M M 7 1 26 340
5 61 39 50 -3 15 0 T M M 6.7 13 30 M M 4 19 350
6 60 41 51 -3 14 0 0.13 M M 5.8 14 300 M M 7 35 330
7 55 36 46 -8 19 0 0.00 M M 10.4 22 340 M M 8 29 350
8 56 34 45 -9 20 0 0.00 M M 5.8 18 150 M M 1 24 150
9 61 35 48 -7 17 0 T M M 7.0 15 70 M M 3 20 20
10 55 38 47 -8 18 0 T M M 7.6 15 20 M M 8 19 30
11 59 32 46 -10 19 0 0.00 M M 7.0 16 30 M M 1 24 50
12 66 39 53 -3 12 0 0.00 M M 6.6 14 150 M M 0 19 130
13 73 39 56 0 9 0 M M M 4.7 12 20 M M 2 8 16 280
14 73 43 58 1 7 0 0.00 M M 6.2 17 210 M M 3 23 220
15 65 54 60 3 5 0 T M M 6.5 18 160 M M 10 8 24 160
16 72 53 63 5 2 0 0.00 M M 4.4 17 140 M M 5 18 21 130
17 78 45 62 4 3 0 0.00 M M 6.6 16 130 M M 1 18 22 120
18 79 51 65 7 0 0 0.05 M M 11.8 24 150 M M 4 34 120
19 74 63 69 10 0 4 0.19 M M 10.3 21 180 M M 9 18 27 170
20 82 64 73 14 0 8 T M M 10.2 23 170 M M 5 31 180
21 82 68 75 16 0 10 0.07 M M 10.2 20 190 M M 7 30 170
22 88 67 78 18 0 13 0.00 M M 8.4 16 230 M M 6 23 260
23 72 52 62 2 3 0 0.27 M M 5.6 14 60 M M 7 1 19 40
24 84 53 69 9 0 4 0.06 M M 8.3 20 210 M M 6 1 29 210
25 85 63 74 13 0 9 0.25 M M 13.5 24 220 M M 3 3 38 220
26 76 49 63 2 2 0 0.00 M M 11.7 23 280 M M 1 30 290
27 50 41 46 -16 19 0 0.66 M M 13.7 35 60 M M 6 47 60
28 57 44 51 -11 14 0 T M M 16.7 25 30 M M 7 38 30
29 66 38 52 -10 13 0 0.00 M M 5.7 14 360 M M 0 18 10
30 71 36 54 -9 11 0 0.00 M M 5.2 14 170 M M 1 20 180
31 77 50 64 1 1 0 0.00 M M 7.6 21 30 M M 5 29 20
================================================================================
SM 2170 1452 249 54 3.03 M 269.2 M 142
================================================================================
AV 70.0 46.8 8.7 FASTST M M 5 MAX(MPH)
MISC ----> 35 60 47 60
================================================================================
NOTES:
# LAST OF SEVERAL OCCURRENCES
COLUMN 17 PEAK WIND IN M.P.H.
PRELIMINARY LOCAL CLIMATOLOGICAL DATA (WS FORM: F-6) , PAGE 2
STATION: FOND_DU_LAC WI
MONTH: MAY
YEAR: 2021
LATITUDE: 43 46 N
LONGITUDE: 88 29 W
[TEMPERATURE DATA] [PRECIPITATION DATA] SYMBOLS USED IN COLUMN 16
AVERAGE MONTHLY: 58.4 TOTAL FOR MONTH: 3.03 1 = FOG OR MIST
DPTR FM NORMAL: 1.0 DPTR FM NORMAL: -0.28 2 = FOG REDUCING VISIBILITY
HIGHEST: 90 ON 1 GRTST 24HR 1.30 ON 2- 3 TO 1/4 MILE OR LESS
LOWEST: 32 ON 11 3 = THUNDER
SNOW, ICE PELLETS, HAIL 4 = ICE PELLETS
TOTAL MONTH: M 5 = HAIL
GRTST 24HR M ON M 6 = FREEZING RAIN OR DRIZZLE
GRTST DEPTH: M ON M 7 = DUSTSTORM OR SANDSTORM:
VSBY 1/2 MILE OR LESS
8 = SMOKE OR HAZE
[NO. OF DAYS WITH] [WEATHER - DAYS WITH] 9 = BLOWING SNOW
X = TORNADO
MAX 32 OR BELOW: 0 0.01 INCH OR MORE: 10
MAX 90 OR ABOVE: 1 0.10 INCH OR MORE: 7
MIN 32 OR BELOW: 1 0.50 INCH OR MORE: 2
MIN 0 OR BELOW: 0 1.00 INCH OR MORE: 1
[HDD (BASE 65) ]
TOTAL THIS MO. 249 CLEAR (SCALE 0-3) 10
DPTR FM NORMAL -18 PTCLDY (SCALE 4-7) 17
TOTAL FM JUL 1 6731 CLOUDY (SCALE 8-10) 4
DPTR FM NORMAL -493
[CDD (BASE 65) ]
TOTAL THIS MO. 54
DPTR FM NORMAL 23 [PRESSURE DATA]
TOTAL FM JAN 1 64 HIGHEST SLP M ON M
DPTR FM NORMAL 30 LOWEST SLP 29.46 ON 2
[REMARKS]
#FINAL-05-21#