000
CXUS52 KILM 021024
CLMFLO
CLIMATE REPORT
NATIONAL WEATHER SERVICE WILMINGTON NC
524 AM EST SAT DEC 02 2023
...................................
...THE FLORENCE SOUTH CAROLINA CLIMATE SUMMARY FOR THE MONTH OF NOVEMBER 2023...
CLIMATE NORMAL PERIOD 1991 TO 2020
CLIMATE RECORD PERIOD 1948 TO 2023
WEATHER OBSERVED NORMAL DEPART LAST YEAR`S
VALUE DATE(S) VALUE FROM VALUE DATE(S)
NORMAL
................................................................
TEMPERATURE (F)
RECORD
HIGH 89 11/16/1993
11/03/1974
11/02/1974
LOW 16 11/26/1950
HIGHEST 83 11/09 MM MM 85 11/07
LOWEST 27 11/30 MM MM 28 11/18
11/21
AVG. MAXIMUM 66.7 67.0 -0.3 68.8
AVG. MINIMUM 42.7 43.5 -0.8 48.1
MEAN 54.7 55.3 -0.6 58.5
DAYS MAX >= 90 0 0.0 0.0 0
DAYS MAX <= 32 0 0.0 0.0 0
DAYS MIN <= 32 4 4.2 -0.2 3
DAYS MIN <= 0 0 0.0 0.0 0
PRECIPITATION (INCHES)
RECORD
MAXIMUM 8.21 1985
MINIMUM 0.22 2007
TOTALS 2.21 2.63 -0.42 2.92
DAILY AVG. 0.07 0.09 -0.02
DAYS >= .01 5 7.6 -2.6
DAYS >= .10 5 4.5 0.5
DAYS >= .50 2 1.9 0.1
DAYS >= 1.00 0 0.7 -0.7
GREATEST
24 HR. TOTAL 1.21 11/21 TO 11/22
DEGREE DAYS
HEATING TOTAL 314 310 4 240
SINCE 7/1 395 404 -9
COOLING TOTAL 13 17 -4 52
SINCE 1/1 2100 2251 -151
FREEZE DATES
RECORD
EARLIEST 10/14/1988
LATEST 04/20/1983
EARLIEST 11/03 MM
LATEST 03/21
................................................................
WIND (MPH)
AVERAGE WIND SPEED 6.1
RESULTANT WIND SPEED/DIRECTION 3/020
HIGHEST WIND SPEED/DIRECTION 26/340 DATE 11/01
HIGHEST GUST SPEED/DIRECTION 34/010 DATE 11/01
SKY COVER
AVERAGE SKY COVER 0.23
AVERAGE RH (PERCENT) 63
WEATHER CONDITIONS. NUMBER OF DAYS WITH
THUNDERSTORM 1 MIXED PRECIP MM
HEAVY RAIN 3 RAIN 4
LIGHT RAIN 9 FREEZING RAIN 0
LT FREEZING RAIN 0 HAIL MM
HEAVY SNOW 0 SNOW 0
LIGHT SNOW 0 SLEET MM
FOG 10 FOG W/VIS <= 1/4 MILE 0
HAZE 5
- INDICATES NEGATIVE NUMBERS.
R INDICATES RECORD WAS SET OR TIED.
MM INDICATES DATA IS MISSING.
T INDICATES TRACE AMOUNT.
$$