000
CXUS52 KTBW 011100
CF6FMY
PRELIMINARY LOCAL CLIMATOLOGICAL DATA (WS FORM: F-6)
STATION: FORT MYERS
MONTH: FEBRUARY
YEAR: 2021
LATITUDE: 26 34 N
LONGITUDE: 81 52 W
TEMPERATURE IN F: :PCPN: SNOW: WIND :SUNSHINE: SKY :PK WND
================================================================================
1 2 3 4 5 6A 6B 7 8 9 10 11 12 13 14 15 16 17 18
12Z AVG MX 2MIN
DY MAX MIN AVG DEP HDD CDD WTR SNW DPTH SPD SPD DIR MIN PSBL S-S WX SPD DR
================================================================================
1 70 54 62 -3 3 0 0.44 0.0 0 16.8 28 310 M M 8 1 39 310
2 61 51 56 -9 9 0 0.00 0.0 0 16.5 26 290 M M 5 37 310
3 65 48 57 -8 8 0 0.00 0.0 0 8.1 15 290 M M 0 28 310
4 70 41 56 -9 9 0 0.00 0.0 0 2.8 10 260 M M 0 8 19 250
5 76 48 62 -4 3 0 0.00 0.0 0 5.6 17 210 M M 1 24 200
6 83 60 72 6 0 7 T 0.0 0 7.7 21 190 M M 7 1 27 170
7 82 68 75 9 0 10 0.02 0.0 0 9.5 20 290 M M 8 1 27 220
8 83 67 75 9 0 10 0.00 0.0 0 6.1 14 280 M M 6 27 240
9 84 63 74 8 0 9 0.00 0.0 0 4.6 14 140 M M 3 12 23 220
10 86 65 76 10 0 11 0.00 0.0 0 3.8 12 150 M M 3 16 130
11 84 65 75 9 0 10 0.00 0.0 0 5.1 17 200 M M 3 22 200
12 86 66 76 10 0 11 0.00 0.0 0 6.0 14 190 M M 4 12 26 110
13 84 71 78 12 0 13 T 0.0 0 8.7 18 190 M M 6 30 200
14 83 69 76 10 0 11 2.15 0.0 0 8.4 21 200 M M 5 13 28 200
15 84 71 78 11 0 13 T 0.0 0 9.6 21 190 M M 4 13 30 180
16 76 66 71 4 0 6 0.15 0.0 0 9.9 20 330 M M 9 1 30 330
17 82 61 72 5 0 7 0.18 0.0 0 4.5 10 360 M M 7 1 22 80
18 86 71 79 12 0 14 0.00 0.0 0 7.5 18 190 M M 3 27 190
19 83 61 72 5 0 7 0.00 0.0 0 10.9 24 300 M M 7 1 32 300
20 73 53 63 -4 2 0 0.00 0.0 0 11.8 17 50 M M 2 32 80
21 78 54 66 -1 0 1 0.00 0.0 0 12.1 24 100 M M 1 35 90
22 85 61 73 6 0 8 0.03 0.0 0 9.0 16 140 M M 3 1 22 150
23 82 66 74 6 0 9 0.01 0.0 0 6.1 14 290 M M 4 25 330
24 83 62 73 5 0 8 0.00 0.0 0 6.4 15 250 M M 2 24 290
25 85 53 69 1 0 4 0.00 0.0 0 5.1 15 50 M M 0 23 70
26 86 60 73 5 0 8 0.00 0.0 0 5.1 13 120 M M 2 29 210
27 88 67 78 10 0 13 0.00 0.0 0 7.9 16 160 M M 2 23 110
28 88 66 77 9 0 12 0.00 0.0 0 7.8 17 130 M M 3 25 130
================================================================================
SM 2256 1708 34 202 2.98 0.0 223.4 M 108
================================================================================
AV 80.6 61.0 8.0 FASTST M M 4 MAX(MPH)
MISC ----> 28 310 39 310
================================================================================
NOTES:
# LAST OF SEVERAL OCCURRENCES
COLUMN 17 PEAK WIND IN M.P.H.
PRELIMINARY LOCAL CLIMATOLOGICAL DATA (WS FORM: F-6) , PAGE 2
STATION: FORT MYERS
MONTH: FEBRUARY
YEAR: 2021
LATITUDE: 26 34 N
LONGITUDE: 81 52 W
[TEMPERATURE DATA] [PRECIPITATION DATA] SYMBOLS USED IN COLUMN 16
AVERAGE MONTHLY: 70.8 TOTAL FOR MONTH: 2.98 1 = FOG OR MIST
DPTR FM NORMAL: 4.2 DPTR FM NORMAL: 0.83 2 = FOG REDUCING VISIBILITY
HIGHEST: 88 ON 28,27 GRTST 24HR 2.15 ON 14-14 TO 1/4 MILE OR LESS
LOWEST: 41 ON 4 3 = THUNDER
SNOW, ICE PELLETS, HAIL 4 = ICE PELLETS
TOTAL MONTH: 0.0 INCH 5 = HAIL
GRTST 24HR 0.0 6 = FREEZING RAIN OR DRIZZLE
GRTST DEPTH: 0 7 = DUSTSTORM OR SANDSTORM:
VSBY 1/2 MILE OR LESS
8 = SMOKE OR HAZE
[NO. OF DAYS WITH] [WEATHER - DAYS WITH] 9 = BLOWING SNOW
X = TORNADO
MAX 32 OR BELOW: 0 0.01 INCH OR MORE: 7
MAX 90 OR ABOVE: 0 0.10 INCH OR MORE: 4
MIN 32 OR BELOW: 0 0.50 INCH OR MORE: 1
MIN 0 OR BELOW: 0 1.00 INCH OR MORE: 1
[HDD (BASE 65) ]
TOTAL THIS MO. 34 CLEAR (SCALE 0-3) 15
DPTR FM NORMAL -25 PTCLDY (SCALE 4-7) 12
TOTAL FM JUL 1 186 CLOUDY (SCALE 8-10) 1
DPTR FM NORMAL -75
[CDD (BASE 65) ]
TOTAL THIS MO. 202
DPTR FM NORMAL 100 [PRESSURE DATA]
TOTAL FM JAN 1 272 HIGHEST SLP 30.29 ON 20
DPTR FM NORMAL 87 LOWEST SLP 29.84 ON 1
[REMARKS]
#FINAL-02-21#