000
CXUS53 KOAX 011000
CF6FNB
PRELIMINARY LOCAL CLIMATOLOGICAL DATA (WS FORM: F-6)
STATION: FALLS CITY NE
MONTH: JULY
YEAR: 2020
LATITUDE: 40 4 N
LONGITUDE: 95 35 W
TEMPERATURE IN F: :PCPN: SNOW: WIND :SUNSHINE: SKY :PK WND
================================================================================
1 2 3 4 5 6A 6B 7 8 9 10 11 12 13 14 15 16 17 18
12Z AVG MX 2MIN
DY MAX MIN AVG DEP HDD CDD WTR SNW DPTH SPD SPD DIR MIN PSBL S-S WX SPD DR
================================================================================
1 86 66 76 -1 0 11 1.45 M M 5.8 20 10 M M 3 13 34 20
2 87 68 78 1 0 13 0.00 M M 3.8 12 90 M M 2 12 16 100
3 88 72 80 3 0 15 0.00 M M 4.7 17 260 M M 2 24 260
4 87 69 78 1 0 13 0.00 M M 6.2 13 70 M M 1 1 18 70
5 88 71 80 3 0 15 0.00 M M 4.0 12 140 M M 2 1 18 130
6 89 68 79 2 0 14 0.00 M M 3.3 9 120 M M 0 18 13 110
7 91 70 81 3 0 16 0.00 M M 5.0 13 190 M M 0 18 18 200
8 91 73 82 4 0 17 0.00 M M 8.1 15 170 M M 0 23 150
9 85 67 76 -2 0 11 0.41 M M 11.5 39 310 M M 2 13 55 300
10 88 62 75 -3 0 10 0.00 M M 4.4 13 180 M M 0 1 19 180
11 89 65 77 -1 0 12 T M M 8.0 28 320 M M 1 3 40 330
12 84 60 72 -6 0 7 0.00 M M 5.9 12 70 M M 0 17 360
13 90 64 77 -1 0 12 0.00 M M 8.7 20 150 M M 0 1 27 150
14 90 68 79 1 0 14 0.00 M M 5.8 15 160 M M 2 18 21 350
15 81 68 75 -3 0 10 3.79 M M 6.8 22 160 M M 7 13 33 180
16 86 65 76 -2 0 11 0.00 M M 4.7 12 160 M M 5 12 16 170
17 92 69 81 3 0 16 0.00 M M 7.8 16 150 M M 1 1 22 170
18 94 77 86 8 0 21 T M M 10.8 24 200 M M 1 3 35 200
19 86 70 78 0 0 13 0.03 M M 6.2 23 290 M M 3 3 34 290
20 83 68 76 -2 0 11 1.85 M M 6.3 28 350 M M 4 13 46 310
21 82 69 76 -2 0 11 0.30 M M 2.9 22 190 M M 4 13 33 190
22 86 66 76 -2 0 11 0.00 M M 3.3 8 70 M M 1 1 10 80
23 91 70 81 3 0 16 0.00 M M 6.3 13 140 M M 0 17 140
24 93 72 83 5 0 18 0.00 M M 7.4 15 150 M M 1 1 22 170
25 93 73 83 5 0 18 0.00 M M 8.3 18 170 M M 0 26 170
26 92 70 81 3 0 16 1.56 M M 8.3 28 340 M M 3 13 43 340
27 84 69 77 -1 0 12 0.40 M M 3.4 10 60 M M 5 1 16 40
28 87 64 76 -1 0 11 0.00 M M 5.5 12 160 M M 2 M M
29 76 71 74 -3 0 9 0.79 M M M M M M M M 3 M M
30 78 70 74 -3 0 9 0.09 M M 7.4 16 60 M M M 23 70
31 81 66 74 -3 0 9 0.00 0.0 M M 10 10 M M M 17 10
================================================================================
SM 2698 2120 0 402 10.67 0.0 180.6 M 52
================================================================================
AV 87.0 68.4 6.2 FASTST M M 2 MAX(MPH)
MISC ----> # 39 310 # 55 300
================================================================================
NOTES:
# LAST OF SEVERAL OCCURRENCES
COLUMN 17 PEAK WIND IN M.P.H.
PRELIMINARY LOCAL CLIMATOLOGICAL DATA (WS FORM: F-6) , PAGE 2
STATION: FALLS CITY NE
MONTH: JULY
YEAR: 2020
LATITUDE: 40 4 N
LONGITUDE: 95 35 W
[TEMPERATURE DATA] [PRECIPITATION DATA] SYMBOLS USED IN COLUMN 16
AVERAGE MONTHLY: 77.7 TOTAL FOR MONTH: 10.67 1 = FOG OR MIST
DPTR FM NORMAL: 0.2 DPTR FM NORMAL: 5.63 2 = FOG REDUCING VISIBILITY
HIGHEST: 94 ON 18 GRTST 24HR 3.79 ON 15-15 TO 1/4 MILE OR LESS
LOWEST: 60 ON 12 3 = THUNDER
SNOW, ICE PELLETS, HAIL 4 = ICE PELLETS
TOTAL MONTH: 0.0 INCH 5 = HAIL
GRTST 24HR 0.0 6 = FREEZING RAIN OR DRIZZLE
GRTST DEPTH: M ON M 7 = DUSTSTORM OR SANDSTORM:
VSBY 1/2 MILE OR LESS
8 = SMOKE OR HAZE
[NO. OF DAYS WITH] [WEATHER - DAYS WITH] 9 = BLOWING SNOW
X = TORNADO
MAX 32 OR BELOW: 0 0.01 INCH OR MORE: 10
MAX 90 OR ABOVE: 10 0.10 INCH OR MORE: 8
MIN 32 OR BELOW: 0 0.50 INCH OR MORE: 5
MIN 0 OR BELOW: 0 1.00 INCH OR MORE: 4
[HDD (BASE 65) ]
TOTAL THIS MO. 0 CLEAR (SCALE 0-3) 22
DPTR FM NORMAL -1 PTCLDY (SCALE 4-7) 6
TOTAL FM JUL 1 0 CLOUDY (SCALE 8-10) 0
DPTR FM NORMAL -1
[CDD (BASE 65) ]
TOTAL THIS MO. 402
DPTR FM NORMAL 12 [PRESSURE DATA]
TOTAL FM JAN 1 819 HIGHEST SLP 30.16 ON 10
DPTR FM NORMAL 63 LOWEST SLP 29.65 ON 9
[REMARKS]
#FINAL-07-20#