000
CXUS52 KMLB 011250
CF6FPR
PRELIMINARY LOCAL CLIMATOLOGICAL DATA (WS FORM: F-6)
STATION: FORT PIERCE
MONTH: APRIL
YEAR: 2020
LATITUDE: 27 30 N
LONGITUDE: 80 22 W
TEMPERATURE IN F: :PCPN: SNOW: WIND :SUNSHINE: SKY :PK WND
================================================================================
1 2 3 4 5 6A 6B 7 8 9 10 11 12 13 14 15 16 17 18
12Z AVG MX 2MIN
DY MAX MIN AVG DEP HDD CDD WTR SNW DPTH SPD SPD DIR MIN PSBL S-S WX SPD DR
================================================================================
1 76 63 70 1 0 5 0.08 0.0 0 8.1 21 290 M M 1 1 30 290
2 76 51 64 -5 1 0 0.00 0.0 0 5.1 14 90 M M 1 20 100
3 79 50 65 -4 0 0 0.00 0.0 0 3.9 14 90 M M 0 1 19 90
4 82 54 68 -2 0 3 0.00 0.0 0 6.7 20 130 M M 0 24 110
5 74 62 68 -2 0 3 0.53 0.0 0 4.7 14 80 M M 7 1 20 30
6 75 67 71 1 0 6 0.29 0.0 0 7.6 21 100 M M 10 1 24 100
7 82 64 73 3 0 8 T 0.0 0 7.1 17 120 M M 3 8 26 130
8 91 67 79 9 0 14 0.00 0.0 0 7.1 16 290 M M 1 22 290
9 92 70 81 11 0 16 0.00 0.0 0 11.4 21 280 M M 3 27 310
10 90 68 79 9 0 14 0.02 0.0 0 9.2 20 270 M M 6 13 26 280
11 81 69 75 5 0 10 0.00 0.0 0 10.9 20 110 M M 7 23 100
12 87 77 82 11 0 17 0.00 0.0 0 19.0 30 140 M M 9 38 150
13 96 75 86 15 0 21 0.00 0.0 0 11.5 21 230 M M 5 8 29 240
14 92 74 83 12 0 18 T 0.0 0 9.9 24 130 M M 0 138 27 130
15 95 73 84 13 0 19 0.00 0.0 0 9.3 24 270 M M 2 8 32 280
16 77 68 73 2 0 8 0.24 0.0 0 6.5 16 10 M M 8 1 25 350
17 82 71 77 6 0 12 0.16 0.0 0 12.4 21 100 M M 10 13 25 100
18 87 68 78 6 0 13 0.29 0.0 0 6.8 23 320 M M 4 13 34 320
19 89 65 77 5 0 12 T 0.0 0 6.2 18 200 M M 1 1 25 200
20 90 72 81 9 0 16 0.40 0.0 0 10.6 29 270 M M 3 13 40 280
21 86 65 76 4 0 11 T 0.0 0 4.8 14 280 M M 3 17 340
22 84 59 72 0 0 7 0.00 0.0 0 6.3 12 110 M M 0 17 10
23 88 73 81 9 0 16 0.00 0.0 0 13.8 31 130 M M 2 37 130
24 83 69 76 4 0 11 0.73 0.0 0 8.0 21 300 M M 6 138 26 330
25 88 70 79 7 0 14 0.29 0.0 0 5.9 22 180 M M 5 3 32 180
26 78 71 75 2 0 10 0.08 0.0 0 5.8 15 260 M M 3 138 21 260
27 76 57 67 -6 0 2 0.00 0.0 0 5.5 14 50 M M 1 20 30
28 81 56 69 -4 0 4 0.00 0.0 0 7.5 17 90 M M 2 27 100
29 85 69 77 4 0 12 0.00 0.0 0 13.1 24 130 M M 2 33 120
30 81 62 72 -1 0 7 0.23 0.0 0 7.4 17 220 M M 5 13 24 220
================================================================================
SM 2523 1979 1 309 3.34 0.0 252.1 M 110
================================================================================
AV 84.1 66.0 8.4 FASTST M M 4 MAX(MPH)
MISC ----> 31 130 40 280
================================================================================
NOTES:
# LAST OF SEVERAL OCCURRENCES
COLUMN 17 PEAK WIND IN M.P.H.
PRELIMINARY LOCAL CLIMATOLOGICAL DATA (WS FORM: F-6) , PAGE 2
STATION: FORT PIERCE
MONTH: APRIL
YEAR: 2020
LATITUDE: 27 30 N
LONGITUDE: 80 22 W
[TEMPERATURE DATA] [PRECIPITATION DATA] SYMBOLS USED IN COLUMN 16
AVERAGE MONTHLY: 75.0 TOTAL FOR MONTH: 3.34 1 = FOG OR MIST
DPTR FM NORMAL: 3.9 DPTR FM NORMAL: 0.68 2 = FOG REDUCING VISIBILITY
HIGHEST: 96 ON 13 GRTST 24HR 1.02 ON 24-25 TO 1/4 MILE OR LESS
LOWEST: 50 ON 3 3 = THUNDER
SNOW, ICE PELLETS, HAIL 4 = ICE PELLETS
TOTAL MONTH: 0.0 INCH 5 = HAIL
GRTST 24HR 0.0 6 = FREEZING RAIN OR DRIZZLE
GRTST DEPTH: 0 7 = DUSTSTORM OR SANDSTORM:
VSBY 1/2 MILE OR LESS
8 = SMOKE OR HAZE
[NO. OF DAYS WITH] [WEATHER - DAYS WITH] 9 = BLOWING SNOW
X = TORNADO
MAX 32 OR BELOW: 0 0.01 INCH OR MORE: 12
MAX 90 OR ABOVE: 7 0.10 INCH OR MORE: 9
MIN 32 OR BELOW: 0 0.50 INCH OR MORE: 2
MIN 0 OR BELOW: 0 1.00 INCH OR MORE: 0
[HDD (BASE 65) ]
TOTAL THIS MO. 1 CLEAR (SCALE 0-3) 17
DPTR FM NORMAL -12 PTCLDY (SCALE 4-7) 9
TOTAL FM JUL 1 248 CLOUDY (SCALE 8-10) 4
DPTR FM NORMAL -193
[CDD (BASE 65) ]
TOTAL THIS MO. 309
DPTR FM NORMAL 111 [PRESSURE DATA]
TOTAL FM JAN 1 800 HIGHEST SLP 30.19 ON 28
DPTR FM NORMAL 357 LOWEST SLP 29.68 ON 1
[REMARKS]
#FINAL-04-20#