000
CXUS52 KMLB 011615
CLMFPR
CLIMATE REPORT
NATIONAL WEATHER SERVICE MELBOURNE FL
1215 PM EDT SAT JUL 01 2023
...................................
...THE FORT PIERCE CLIMATE SUMMARY FOR THE MONTH OF JUNE 2023...
CLIMATE NORMAL PERIOD 1991 TO 2020
CLIMATE RECORD PERIOD 1901 TO 2023
WEATHER OBSERVED NORMAL DEPART LAST YEAR`S
VALUE DATE(S) VALUE FROM VALUE
NORMAL
..............................................................
TEMPERATURE (F)
MONTHLY RECORD
WARMEST 82.8 2010
COOLEST 76.6 1904
DAILY RECORD
HIGH 101 06/28/1950
LOW 56 06/01/1984
JUNE 2023
HIGHEST 94 06/19 97
06/27
06/28
LOWEST 65 06/06 64
AVG. MAXIMUM 89.4 88.5 0.9 87.9
AVG. MINIMUM 71.5 71.3 0.2 71.8
MEAN 80.4 79.9 0.5 79.9
DAYS MAX >= 90 16 13.0 3.0 9
DAYS MAX <= 32 0 0.0 0.0 0
DAYS MIN <= 32 0 0.0 0.0 0
DAYS MIN <= 0 0 0.0 0.0 0
PRECIPITATION (INCHES)
MONTHLY RECORD
MAXIMUM 15.84 1968
MINIMUM 0.69 1924
DAILY RECORD
MAXIMUM 5.45 06/12/1901
JUNE 2023
TOTALS 7.71 6.69 1.02 13.87
DAYS >= .01 21 13
DAYS >= .10 13 9
DAYS >= .50 8 8
DAYS >= 1.00 3 6
GREATEST
24 HR. TOTAL 1.97 06/19 TO 06/20
SNOWFALL (INCHES)
TOTALS 0.0 MM MM 0.0
SINCE 7/1 0.0 MM MM MM
DAYS >= TRACE 0 0
DEGREE DAYS
HEATING TOTAL 0 0 0 0
SINCE 7/1 176 417 -241 MM
COOLING TOTAL 472 447 25 454
SINCE 1/1 1614 1270 344 MM
..............................................................
WIND (MPH)
AVERAGE WIND SPEED 6.2
HIGHEST WIND SPEED/DIRECTION 33/280 DATE 06/18
HIGHEST GUST SPEED/DIRECTION 49/270 DATE 06/18
SKY COVER
POSSIBLE SUNSHINE (PERCENT) MM
AVERAGE SKY COVER 0.21
NUMBER OF DAYS FAIR 28
NUMBER OF DAYS PC 2
NUMBER OF DAYS CLOUDY 0
AVERAGE RH (PERCENT) 78
WEATHER CONDITIONS. NUMBER OF DAYS WITH
THUNDERSTORM 23 MIXED PRECIP 0
HEAVY RAIN 11 RAIN 10
LIGHT RAIN 24 LT FREEZING RAIN 0
HAIL 0 LIGHT SNOW 0
SLEET 0 FOG 17
FOG W/VIS <= 1/4 MILE 3 HAZE 5
- INDICATES NEGATIVE NUMBERS.
R INDICATES RECORD WAS SET OR TIED.
MM INDICATES DATA IS MISSING.
T INDICATES TRACE AMOUNT.
$$