000
CXUS52 KMLB 011208
CLMFPR
CLIMATE REPORT
NATIONAL WEATHER SERVICE MELBOURNE FL
808 AM EDT MON MAY 01 2023
...................................
...THE FORT PIERCE CLIMATE SUMMARY FOR THE MONTH OF APRIL 2023...
CLIMATE NORMAL PERIOD 1991 TO 2020
CLIMATE RECORD PERIOD 1901 TO 2023
WEATHER OBSERVED NORMAL DEPART LAST YEAR`S
VALUE DATE(S) VALUE FROM VALUE
NORMAL
..............................................................
TEMPERATURE (F)
MONTHLY RECORD
HOTTEST 77.1 1947
COLDEST 66.3 1987
DAILY RECORD
HIGH 97 04/30/1971
LOW 33 04/05/1987
APRIL 2023
HIGHEST 92 04/01 90
LOWEST 57 04/19 44
AVG. MAXIMUM 84.4 81.9 2.5 82.1
AVG. MINIMUM 66.7 61.1 5.6 64.6
MEAN 75.6 71.5 4.1 73.3
DAYS MAX >= 90 4 1.9 2.1 1
DAYS MAX <= 32 0 0.0 0.0 0
DAYS MIN <= 32 0 0.0 0.0 0
DAYS MIN <= 0 0 0.0 0.0 0
PRECIPITATION (INCHES)
MONTHLY RECORD
MAXIMUM 11.16 1931
MINIMUM 0.00 1903
DAILY RECORD
MAXIMUM 5.92 4/17/1933
APRIL 2023
TOTALS 10.29 3.03 7.26 3.19
DAYS >= .01 19 7
DAYS >= .10 13 5
DAYS >= .50 5 3
DAYS >= 1.00 3 2
GREATEST
24 HR. TOTAL 2.77 04/15 TO 04/16
SNOWFALL (INCHES)
TOTALS 0.0 MM MM 0.0
SINCE 7/1 0.0 MM MM MM
DAYS >= TRACE 0 0
DEGREE DAYS
HEATING TOTAL 0 12 -12 7
SINCE 7/1 176 415 -239 MM
COOLING TOTAL 324 207 117 263
SINCE 1/1 813 476 337 MM
..............................................................
WIND (MPH)
AVERAGE WIND SPEED 9.2
HIGHEST WIND SPEED/DIRECTION 35/120 DATE 04/27
HIGHEST GUST SPEED/DIRECTION 55/360 DATE 04/26
SKY COVER
POSSIBLE SUNSHINE (PERCENT) MM
AVERAGE SKY COVER 0.39
NUMBER OF DAYS FAIR 16
NUMBER OF DAYS PC 11
NUMBER OF DAYS CLOUDY 3
AVERAGE RH (PERCENT) 74
WEATHER CONDITIONS. NUMBER OF DAYS WITH
THUNDERSTORM 11 MIXED PRECIP 0
HEAVY RAIN 9 RAIN 11
LIGHT RAIN 22 LT FREEZING RAIN 0
HAIL 0 LIGHT SNOW 0
SLEET 0 FOG 21
FOG W/VIS <= 1/4 MILE 3 HAZE 4
- INDICATES NEGATIVE NUMBERS.
R INDICATES RECORD WAS SET OR TIED.
MM INDICATES DATA IS MISSING.
T INDICATES TRACE AMOUNT.
$$