170
CXUS54 KTSA 011207
CF6FSM
PRELIMINARY LOCAL CLIMATOLOGICAL DATA (WS FORM: F-6)
STATION: FORT SMITH ARKANSAS
MONTH: FEBRUARY
YEAR: 2021
LATITUDE: 35 19 N
LONGITUDE: 94 22 W
TEMPERATURE IN F: :PCPN: SNOW: WIND :SUNSHINE: SKY :PK WND
================================================================================
1 2 3 4 5 6A 6B 7 8 9 10 11 12 13 14 15 16 17 18
12Z AVG MX 2MIN
DY MAX MIN AVG DEP HDD CDD WTR SNW DPTH SPD SPD DIR MIN PSBL S-S WX SPD DR
================================================================================
1 52 30 41 0 24 0 0.00 0.0 0 7.1 17 330 M M 2 22 300
2 57 30 44 3 21 0 0.00 0.0 0 4.5 10 40 M M 0 14 50
3 61 31 46 5 19 0 0.00 0.0 0 8.9 16 110 M M 0 23 140
4 61 34 48 6 17 0 0.00 0.0 0 10.4 33 290 M M 5 43 320
5 56 23 40 -2 25 0 0.00 0.0 0 3.0 12 280 M M 0 16 270
6 47 36 42 0 23 0 0.28 0.0 0 6.5 21 160 M M 9 1 28 170
7 42 34 38 -4 27 0 0.00 0.0 0 7.0 17 80 M M 10 1 21 80
8 39 32 36 -6 29 0 0.01 0.0 0 11.0 18 80 M M 10 1 27 100
9 39 30 35 -8 30 0 0.01 0.0 0 8.4 14 260 M M 10 16 17 250
10 33 29 31 -12 34 0 0.04 T 0 7.3 12 330 M M 10 16 16 350
11 30 26 28 -15 37 0 0.00 0.0 0 7.1 12 330 M M 10 1 15 360
12 29 24 27 -16 38 0 0.00 0.0 0 8.9 15 10 M M 10 18 40
13 28 19 24 -20 41 0 0.00 0.0 0 10.9 17 350 M M 7 23 330
14 19 10 15 -29 50 0 0.22 2.0 0 11.3 17 10 M M 10 18 21 10
15 11 -1 5 -39 60 0 0.19 2.0 3 11.3 17 350 M M 9 18 23 290
16 20 -8 6 -38 59 0 0.08 1.0 4 5.9 15 70 M M 3 1 19 90
17 24 16 20 -25 45 0 0.15 1.0 6 7.1 16 80 M M 10 1 19 80
18 34 16 25 -20 40 0 0.00 0.0 6 8.3 15 330 M M 3 22 320
19 39 7 23 -22 42 0 0.00 0.0 4 2.0 10 300 M M 0 1 13 300
20 47 13 30 -16 35 0 0.00 0.0 1 5.8 13 80 M M 0 20 110
21 53 33 43 -3 22 0 0.00 0.0 0 9.0 21 230 M M 6 29 250
22 65 30 48 2 17 0 0.00 0.0 0 6.9 21 270 M M 0 26 260
23 76 32 54 7 11 0 0.00 0.0 0 5.9 22 210 M M 0 32 220
24 72 47 60 13 5 0 0.00 0.0 0 8.8 22 360 M M 3 29 340
25 55 38 47 0 18 0 0.02 0.0 0 9.2 17 80 M M 3 22 80
26 47 42 45 -3 20 0 0.03 0.0 0 7.2 17 110 M M 10 1 23 110
27 57 41 49 1 16 0 0.18 0.0 0 8.3 18 100 M M 9 123 24 110
28 63 47 55 7 10 0 0.11 0.0 0 6.3 16 260 M M 8 13 21 270
================================================================================
SM 1256 741 815 0 1.32 6.0 214.3 M 157
================================================================================
AV 44.9 26.5 7.7 FASTST M M 6 MAX(MPH)
MISC ----> 33 290 43 320
================================================================================
NOTES:
# LAST OF SEVERAL OCCURRENCES
COLUMN 17 PEAK WIND IN M.P.H.
PRELIMINARY LOCAL CLIMATOLOGICAL DATA (WS FORM: F-6) , PAGE 2
STATION: FORT SMITH ARKANSAS
MONTH: FEBRUARY
YEAR: 2021
LATITUDE: 35 19 N
LONGITUDE: 94 22 W
[TEMPERATURE DATA] [PRECIPITATION DATA] SYMBOLS USED IN COLUMN 16
AVERAGE MONTHLY: 35.7 TOTAL FOR MONTH: 1.32 1 = FOG OR MIST
DPTR FM NORMAL: -8.5 DPTR FM NORMAL: -1.44 2 = FOG REDUCING VISIBILITY
HIGHEST: 76 ON 23 GRTST 24HR 0.37 ON 14-15 TO 1/4 MILE OR LESS
LOWEST: -8 ON 16 3 = THUNDER
SNOW, ICE PELLETS, HAIL 4 = ICE PELLETS
TOTAL MONTH: 6.0 INCHES 5 = HAIL
GRTST 24HR 2.0 ON 14-14 6 = FREEZING RAIN OR DRIZZLE
GRTST DEPTH: 6 ON 18,17 7 = DUSTSTORM OR SANDSTORM:
VSBY 1/2 MILE OR LESS
8 = SMOKE OR HAZE
[NO. OF DAYS WITH] [WEATHER - DAYS WITH] 9 = BLOWING SNOW
X = TORNADO
MAX 32 OR BELOW: 7 0.01 INCH OR MORE: 12
MAX 90 OR ABOVE: 0 0.10 INCH OR MORE: 6
MIN 32 OR BELOW: 19 0.50 INCH OR MORE: 0
MIN 0 OR BELOW: 2 1.00 INCH OR MORE: 0
[HDD (BASE 65) ]
TOTAL THIS MO. 815 CLEAR (SCALE 0-3) 10
DPTR FM NORMAL 233 PTCLDY (SCALE 4-7) 6
TOTAL FM JUL 1 2682 CLOUDY (SCALE 8-10) 12
DPTR FM NORMAL 9
[CDD (BASE 65) ]
TOTAL THIS MO. 0
DPTR FM NORMAL -1 [PRESSURE DATA]
TOTAL FM JAN 1 0 HIGHEST SLP 30.54 ON 19
DPTR FM NORMAL 0 LOWEST SLP 29.58 ON 4
[REMARKS]
#FINAL-02-21#