000
CXUS56 KSGX 041221
CF6FUL
PRELIMINARY LOCAL CLIMATOLOGICAL DATA (WS FORM: F-6)
STATION: FULLERTON AIRPORT CA
MONTH: DECEMBER
YEAR: 2021
LATITUDE: 33 52 N
LONGITUDE: 117 58 W
TEMPERATURE IN F: :PCPN: SNOW: WIND :SUNSHINE: SKY :PK WND
================================================================================
1 2 3 4 5 6A 6B 7 8 9 10 11 12 13 14 15 16 17 18
12Z AVG MX 2MIN
DY MAX MIN AVG DEP HDD CDD WTR SNW DPTH SPD SPD DIR MIN PSBL S-S WX SPD DR
================================================================================
1 75 49 62 4 3 0 0.00 M M 1.3 8 210 M M 4 128 10 190
2 62 54 58 0 7 0 0.00 M M 1.7 8 210 M M 8 128 11 200
3 66 52 59 1 6 0 0.00 M M 2.3 8 280 M M 7 18 11 290
4 66 51 59 1 6 0 0.00 M M 2.1 8 190 M M 6 18 10 200
5 63 49 56 -2 9 0 0.00 M M 1.0 6 80 M M 6 128 8 60
6 67 45 56 -1 9 0 0.00 M M 3.0 9 200 M M 4 18 12 220
7 67 52 60 3 5 0 0.01 M M 2.5 9 80 M M 7 18 10 80
8 69 49 59 2 6 0 0.00 M M 2.4 10 220 M M 2 18 15 220
9 60 46 53 -4 12 0 0.01 M M 3.1 10 250 M M 7 8 17 230
10 64 43 54 -3 11 0 0.00 M M 3.2 12 80 M M 0 18 14 120
11 69 43 56 -1 9 0 0.00 M M 3.7 12 80 M M 0 8 14 80
12 67 40 54 -3 11 0 0.00 M M 2.3 9 190 M M 0 12 190
13 60 44 52 -5 13 0 0.02 M M 3.8 10 150 M M 7 8 13 120
14 59 M M M M M 1.15 M M 7.4 23 160 M M 8 18 32 150
15 59 M M M M M 0.00 M M 1.7 10 180 M M 0 8 13 170
16 60 38 49 -7 16 0 0.06 M M 3.1 8 80 M M 4 1 10 220
17 69 45 57 1 8 0 T M M 1.3 7 300 M M 2 18 11 320
18 71 38 55 -1 10 0 0.00 M M 1.2 9 200 M M 0 8 10 200
19 66 39 53 -3 12 0 0.00 M M 2.3 8 220 M M 0 18 11 210
20 67 39 53 -3 12 0 0.00 M M 0.4 6 80 M M 1 18 7 280
21 69 48 59 3 6 0 0.00 M M 1.3 7 280 M M 2 8 8 290
22 68 45 57 1 8 0 T M M 1.2 6 230 M M 2 8 8 230
23 59 54 57 1 8 0 1.33 M M 7.1 16 110 M M 10 18 23 120
24 62 52 57 1 8 0 0.51 M M 3.9 13 200 M M 8 13 22 250
25 59 49 54 -2 11 0 0.25 M M 3.3 10 140 M M 9 1 16 150
26 60 45 53 -4 12 0 0.07 M M 3.3 14 280 M M 3 18 21 280
27 57 42 50 -7 15 0 0.13 M M 4.6 16 220 M M 6 18 22 220
28 56 44 50 -7 15 0 0.00 M M 3.8 14 200 M M 6 1 19 220
29 56 43 50 -7 15 0 0.53 M M 6.6 13 120 M M 7 1 19 110
30 57 49 53 -4 12 0 0.85 M M 6.3 13 80 M M 8 1 20 120
31 62 45 54 -3 11 0 0.00 M M 3.3 10 230 M M 3 1 14 260
================================================================================
SM 1971 1332 286 0 4.92 M 94.5 M 137
================================================================================
AV 63.6 45.9 3.0 FASTST M M 4 MAX(MPH)
MISC ----> 23 160 32 150
================================================================================
NOTES:
# LAST OF SEVERAL OCCURRENCES
COLUMN 17 PEAK WIND IN M.P.H.
PRELIMINARY LOCAL CLIMATOLOGICAL DATA (WS FORM: F-6) , PAGE 2
STATION: FULLERTON AIRPORT CA
MONTH: DECEMBER
YEAR: 2021
LATITUDE: 33 52 N
LONGITUDE: 117 58 W
[TEMPERATURE DATA] [PRECIPITATION DATA] SYMBOLS USED IN COLUMN 16
AVERAGE MONTHLY: 54.8 TOTAL FOR MONTH: 4.92 1 = FOG OR MIST
DPTR FM NORMAL: -2.1 DPTR FM NORMAL: 3.06 2 = FOG REDUCING VISIBILITY
HIGHEST: 75 ON 1 GRTST 24HR 1.81 ON 23-24 TO 1/4 MILE OR LESS
LOWEST: 38 ON 16,18 3 = THUNDER
SNOW, ICE PELLETS, HAIL 4 = ICE PELLETS
TOTAL MONTH: M 5 = HAIL
GRTST 24HR M ON M 6 = FREEZING RAIN OR DRIZZLE
GRTST DEPTH: M ON M 7 = DUSTSTORM OR SANDSTORM:
VSBY 1/2 MILE OR LESS
8 = SMOKE OR HAZE
[NO. OF DAYS WITH] [WEATHER - DAYS WITH] 9 = BLOWING SNOW
X = TORNADO
MAX 32 OR BELOW: 0 0.01 INCH OR MORE: 12
MAX 90 OR ABOVE: 0 0.10 INCH OR MORE: 7
MIN 32 OR BELOW: 0 0.50 INCH OR MORE: 5
MIN 0 OR BELOW: 0 1.00 INCH OR MORE: 2
[HDD (BASE 65) ]
TOTAL THIS MO. 286 CLEAR (SCALE 0-3) 12
DPTR FM NORMAL 32 PTCLDY (SCALE 4-7) 16
TOTAL FM JUL 1 326 CLOUDY (SCALE 8-10) 3
DPTR FM NORMAL -56
[CDD (BASE 65) ]
TOTAL THIS MO. 0
DPTR FM NORMAL -2 [PRESSURE DATA]
TOTAL FM JAN 1 1653 HIGHEST SLP 30.26 ON 15
DPTR FM NORMAL 145 LOWEST SLP 29.69 ON 31
[REMARKS]
#FINAL-12-21#