000
CXUS51 KCAR 010700
CF6FVE
PRELIMINARY LOCAL CLIMATOLOGICAL DATA (WS FORM: F-6)
STATION: FRENCHVILLE ME
MONTH: OCTOBER
YEAR: 2020
LATITUDE: 47 16 N
LONGITUDE: 68 19 W
TEMPERATURE IN F: :PCPN: SNOW: WIND :SUNSHINE: SKY :PK WND
================================================================================
1 2 3 4 5 6A 6B 7 8 9 10 11 12 13 14 15 16 17 18
12Z AVG MX 2MIN
DY MAX MIN AVG DEP HDD CDD WTR SNW DPTH SPD SPD DIR MIN PSBL S-S WX SPD DR
================================================================================
1 63 46 55 8 10 0 T M M 7.2 17 230 M M 4 27 220
2 52 46 49 2 16 0 0.78 M M 3.5 13 320 M M 7 1 17 330
3 53 40 47 0 18 0 T M M 6.9 15 330 M M 9 18 340
4 49 32 41 -5 24 0 T M M 4.9 9 210 M M 4 12 190
5 59 35 47 1 18 0 T M M 5.5 12 170 M M 7 17 180
6 60 44 52 7 13 0 0.00 M M 10.8 21 190 M M 7 29 180
7 54 49 52 7 13 0 0.37 M M 8.7 17 170 M M 10 1 25 170
8 50 34 42 -3 23 0 0.04 M M 21.3 35 290 M M 7 1 49 320
9 47 32 40 -4 25 0 T M M 15.4 30 300 M M 1 45 300
10 65 39 52 8 13 0 0.62 M M 9.4 30 330 M M 10 13 41 330
11 43 29 36 -8 29 0 T M M 13.9 30 320 M M 6 41 320
12 50 24 37 -6 28 0 0.00 M M 4.4 8 130 M M 0 11 120
13 53 29 41 -2 24 0 0.43 M M 9.8 21 150 M M 3 1 27 140
14 51 42 47 5 18 0 1.03 M M 9.0 22 300 M M 8 12 28 310
15 57 38 48 6 17 0 0.00 M M 11.5 22 150 M M 0 1 29 150
16 54 47 51 9 14 0 0.64 M M 4.8 14 160 M M 10 12 19 180
17 47 33 40 -2 25 0 0.84 M M 16.2 33 330 M M 9 1 44 330
18 53 32 43 2 22 0 0.00 M M 8.7 15 170 M M 0 20 170
19 52 39 46 5 19 0 0.30 M M 7.4 14 160 M M 7 1 18 150
20 55 34 45 5 20 0 0.20 M M 10.8 23 330 M M 9 12 33 330
21 49 28 39 -1 26 0 0.25 M M 8.3 21 160 M M 7 12 26 160
22 54 40 47 7 18 0 0.00 M M 5.8 15 270 M M 6 20 260
23 52 37 45 6 20 0 0.07 M M 11.0 18 160 M M 9 1 25 150
24 53 34 44 5 21 0 0.12 M M 15.7 24 320 M M 8 1 35 170
25 38 27 33 -6 32 0 0.00 M M 9.8 23 330 M M 5 30 330
26 33 25 29 -9 36 0 0.32 M M 6.8 16 130 M M 7 16 20 140
27 34 23 29 -9 36 0 0.03 M M 10.4 20 330 M M 9 1 27 330
28 32 23 28 -10 37 0 T M M 7.4 14 160 M M 9 18 150
29 34 23 29 -8 36 0 T M M 10.7 20 330 M M 7 1 26 330
30 32 18 25 -12 40 0 0.00 M M 11.4 20 330 M M 0 24 330
31 36 15 26 -11 39 0 0.00 M M 7.3 15 260 M M 0 20 260
================================================================================
SM 1514 1037 730 0 6.04 M 294.7 M 185
================================================================================
AV 48.8 33.5 9.5 FASTST M M 6 MAX(MPH)
MISC ----> 35 290 49 320
================================================================================
NOTES:
# LAST OF SEVERAL OCCURRENCES
COLUMN 17 PEAK WIND IN M.P.H.
PRELIMINARY LOCAL CLIMATOLOGICAL DATA (WS FORM: F-6) , PAGE 2
STATION: FRENCHVILLE ME
MONTH: OCTOBER
YEAR: 2020
LATITUDE: 47 16 N
LONGITUDE: 68 19 W
[TEMPERATURE DATA] [PRECIPITATION DATA] SYMBOLS USED IN COLUMN 16
AVERAGE MONTHLY: 41.1 TOTAL FOR MONTH: 6.04 1 = FOG OR MIST
DPTR FM NORMAL: -0.8 DPTR FM NORMAL: 3.50 2 = FOG REDUCING VISIBILITY
HIGHEST: 65 ON 10 GRTST 24HR 1.46 ON 13-14 TO 1/4 MILE OR LESS
LOWEST: 15 ON 31 3 = THUNDER
SNOW, ICE PELLETS, HAIL 4 = ICE PELLETS
TOTAL MONTH: M 5 = HAIL
GRTST 24HR M ON M 6 = FREEZING RAIN OR DRIZZLE
GRTST DEPTH: M ON M 7 = DUSTSTORM OR SANDSTORM:
VSBY 1/2 MILE OR LESS
8 = SMOKE OR HAZE
[NO. OF DAYS WITH] [WEATHER - DAYS WITH] 9 = BLOWING SNOW
X = TORNADO
MAX 32 OR BELOW: 2 0.01 INCH OR MORE: 15
MAX 90 OR ABOVE: 0 0.10 INCH OR MORE: 12
MIN 32 OR BELOW: 14 0.50 INCH OR MORE: 5
MIN 0 OR BELOW: 0 1.00 INCH OR MORE: 1
[HDD (BASE 65) ]
TOTAL THIS MO. 730 CLEAR (SCALE 0-3) 7
DPTR FM NORMAL 14 PTCLDY (SCALE 4-7) 13
TOTAL FM JUL 1 1151 CLOUDY (SCALE 8-10) 11
DPTR FM NORMAL -109
[CDD (BASE 65) ]
TOTAL THIS MO. 0
DPTR FM NORMAL 0 [PRESSURE DATA]
TOTAL FM JAN 1 375 HIGHEST SLP 30.53 ON 18
DPTR FM NORMAL 241 LOWEST SLP 29.15 ON 8
[REMARKS]
#FINAL-10-20#