000
CXUS53 KIWX 010810
CF6FWA
PRELIMINARY LOCAL CLIMATOLOGICAL DATA (WS FORM: F-6)
STATION: FORT WAYNE
MONTH: OCTOBER
YEAR: 2021
LATITUDE: 41 0 N
LONGITUDE: 85 12 W
TEMPERATURE IN F: :PCPN: SNOW: WIND :SUNSHINE: SKY :PK WND
================================================================================
1 2 3 4 5 6A 6B 7 8 9 10 11 12 13 14 15 16 17 18
12Z AVG MX 2MIN
DY MAX MIN AVG DEP HDD CDD WTR SNW DPTH SPD SPD DIR MIN PSBL S-S WX SPD DR
================================================================================
1 80 47 64 5 1 0 0.00 0.0 0 4.1 10 180 M M 3 15 180
2 73 51 62 3 3 0 0.02 0.0 0 5.9 15 210 M M 9 18 21 210
3 77 60 69 11 0 4 0.81 0.0 0 6.5 14 140 M M 9 13 19 140
4 76 62 69 11 0 4 0.19 0.0 0 5.0 14 280 M M 9 1 18 310
5 77 63 70 12 0 5 T 0.0 0 8.7 18 70 M M 8 1 26 60
6 72 62 67 10 0 2 0.02 0.0 0 11.1 17 70 M M 10 1 23 100
7 77 63 70 13 0 5 0.27 0.0 0 5.8 13 70 M M 8 13 16 70
8 77 59 68 12 0 3 0.21 0.0 0 3.6 13 170 M M 8 13 17 170
9 80 55 68 12 0 3 0.00 0.0 0 5.1 13 170 M M 6 1 17 140
10 84 66 75 19 0 10 0.09 0.0 0 11.3 20 200 M M 8 13 26 200
11 82 64 73 18 0 8 0.02 0.0 0 12.4 26 170 M M 8 34 160
12 71 54 63 8 2 0 T 0.0 0 10.3 23 230 M M 8 1 32 230
13 77 48 63 9 2 0 0.01 0.0 0 5.8 15 210 M M 7 12 20 200
14 81 63 72 18 0 7 0.58 0.0 0 7.6 20 220 M M 8 13 27 220
15 63 54 59 5 6 0 1.96 0.0 0 5.8 14 300 M M 10 1 23 330
16 58 47 53 0 12 0 0.10 0.0 0 10.7 21 280 M M 7 1 31 280
17 65 42 54 1 11 0 0.00 0.0 0 9.5 22 290 M M 1 27 290
18 70 39 55 3 10 0 0.00 0.0 0 5.3 14 280 M M 0 23 290
19 72 44 58 6 7 0 0.00 0.0 0 6.5 15 240 M M 3 20 240
20 73 44 59 7 6 0 T 0.0 0 8.6 20 210 M M 4 25 190
21 62 50 56 5 9 0 0.20 0.0 0 14.2 25 260 M M 9 13 36 280
22 53 42 48 -3 17 0 T 0.0 0 3.5 16 330 M M 9 22 330
23 59 39 49 -2 16 0 0.01 0.0 0 4.6 15 250 M M 7 1 19 260
24 53 38 46 -4 19 0 0.92 0.0 0 9.5 37 290 M M 9 1 56 290
25 53 46 50 0 15 0 1.08 0.0 0 12.0 24 80 M M 10 1 32 90
26 56 37 47 -2 18 0 0.00 0.0 0 6.9 14 330 M M 4 20 340
27 56 32 44 -5 21 0 0.00 0.0 0 5.6 18 100 M M 5 1 26 100
28 61 50 56 7 9 0 0.23 0.0 0 11.8 21 100 M M 10 1 30 90
29 59 53 56 8 9 0 0.55 0.0 0 7.5 16 30 M M 10 1 22 20
30 54 50 52 4 13 0 0.04 0.0 0 9.3 17 20 M M 10 1 24 30
31 60 41 51 4 14 0 0.00 0.0 0 9.2 21 280 M M 7 1 31 300
================================================================================
SM 2111 1565 220 51 7.31 0.0 243.7 M 224
================================================================================
AV 68.1 50.5 7.9 FASTST M M 7 MAX(MPH)
MISC ----> 37 290 56 290
================================================================================
NOTES:
# LAST OF SEVERAL OCCURRENCES
COLUMN 17 PEAK WIND IN M.P.H.
PRELIMINARY LOCAL CLIMATOLOGICAL DATA (WS FORM: F-6) , PAGE 2
STATION: FORT WAYNE
MONTH: OCTOBER
YEAR: 2021
LATITUDE: 41 0 N
LONGITUDE: 85 12 W
[TEMPERATURE DATA] [PRECIPITATION DATA] SYMBOLS USED IN COLUMN 16
AVERAGE MONTHLY: 59.3 TOTAL FOR MONTH: 7.31 1 = FOG OR MIST
DPTR FM NORMAL: 6.1 DPTR FM NORMAL: 4.36 2 = FOG REDUCING VISIBILITY
HIGHEST: 84 ON 10 GRTST 24HR 2.41 ON 14-15 TO 1/4 MILE OR LESS
LOWEST: 32 ON 27 3 = THUNDER
SNOW, ICE PELLETS, HAIL 4 = ICE PELLETS
TOTAL MONTH: 0.0 INCH 5 = HAIL
GRTST 24HR 0.0 6 = FREEZING RAIN OR DRIZZLE
GRTST DEPTH: 0 7 = DUSTSTORM OR SANDSTORM:
VSBY 1/2 MILE OR LESS
8 = SMOKE OR HAZE
[NO. OF DAYS WITH] [WEATHER - DAYS WITH] 9 = BLOWING SNOW
X = TORNADO
MAX 32 OR BELOW: 0 0.01 INCH OR MORE: 19
MAX 90 OR ABOVE: 0 0.10 INCH OR MORE: 12
MIN 32 OR BELOW: 1 0.50 INCH OR MORE: 6
MIN 0 OR BELOW: 0 1.00 INCH OR MORE: 2
[HDD (BASE 65) ]
TOTAL THIS MO. 220 CLEAR (SCALE 0-3) 3
DPTR FM NORMAL -156 PTCLDY (SCALE 4-7) 15
TOTAL FM JUL 1 263 CLOUDY (SCALE 8-10) 13
DPTR FM NORMAL -218
[CDD (BASE 65) ]
TOTAL THIS MO. 51
DPTR FM NORMAL 39 [PRESSURE DATA]
TOTAL FM JAN 1 1062 HIGHEST SLP 30.28 ON 6
DPTR FM NORMAL 213 LOWEST SLP 29.46 ON 29
[REMARKS]
#FINAL-10-21#