000
CXUS54 KTSA 021218
CF6FYV
PRELIMINARY LOCAL CLIMATOLOGICAL DATA (WS FORM: F-6)
STATION: FAYETTEVILLE ARKANSAS
MONTH: DECEMBER
YEAR: 2022
LATITUDE: 36 0 N
LONGITUDE: 94 10 W
TEMPERATURE IN F: :PCPN: SNOW: WIND :SUNSHINE: SKY :PK WND
================================================================================
1 2 3 4 5 6A 6B 7 8 9 10 11 12 13 14 15 16 17 18
12Z AVG MX 2MIN
DY MAX MIN AVG DEP HDD CDD WTR SNW DPTH SPD SPD DIR MIN PSBL S-S WX SPD DR
================================================================================
1 53 23 38 -4 27 0 0.00 0.0 0 7.3 20 170 M M 4 27 190
2 61 47 54 12 11 0 0.00 0.0 0 12.7 25 220 M M 10 18 36 210
3 61 30 46 4 19 0 T 0.0 0 4.8 24 330 M M 2 1 34 340
4 48 30 39 -2 26 0 0.04 0.0 0 3.7 13 200 M M 8 20 220
5 56 39 48 7 17 0 0.00 0.0 0 5.3 16 200 M M 9 1 25 200
6 68 49 59 18 6 0 0.00 0.0 0 5.9 16 240 M M 8 1 25 220
7 58 49 54 13 11 0 0.59 0.0 0 2.0 9 300 M M 10 138 12 300
8 67 55 61 21 4 0 1.01 0.0 0 4.2 12 200 M M 8 1 15 200
9 60 43 52 12 13 0 T 0.0 0 2.2 15 300 M M 4 128 19 300
10 58 47 53 13 12 0 0.85 0.0 0 4.6 21 310 M M 10 13 26 320
11 52 46 49 9 16 0 0.00 0.0 0 3.9 12 70 M M 10 17 40
12 55 50 53 14 12 0 T 0.0 0 6.2 15 150 M M 10 26 140
13 60 42 51 12 14 0 0.94 0.0 0 10.4 28 170 M M 8 13 39 160
14 49 32 41 2 24 0 T 0.0 0 5.8 20 270 M M 4 1 26 260
15 43 30 37 -2 28 0 0.00 0.0 0 11.5 21 280 M M 0 33 240
16 41 28 35 -3 30 0 0.00 0.0 0 10.3 22 250 M M 2 32 270
17 40 22 31 -7 34 0 0.00 0.0 0 8.1 21 290 M M 0 30 290
18 49 18 34 -4 31 0 0.00 0.0 0 1.6 13 250 M M 0 18 190
19 48 31 40 2 25 0 0.00 0.0 0 5.1 18 180 M M 7 27 170
20 50 30 40 2 25 0 0.00 0.0 0 3.2 13 350 M M 5 18 18 350
21 50 29 40 2 25 0 0.00 0.0 0 4.2 17 170 M M 5 18 24 180
22 40 -3 19 -19 46 0 0.01 0.8 0 13.1 26 320 M M 9 1689 38 330
23 14 -3 6 -31 59 0 0.00 0.0 1 11.6 21 300 M M 2 28 280
24 27 6 17 -20 48 0 0.00 0.0 0 4.1 10 300 M M 2 14 250
25 39 9 24 -13 41 0 0.00 0.0 0 4.5 16 200 M M 1 23 210
26 46 19 33 -4 32 0 T 0.0 0 9.8 23 310 M M 8 32 320
27 46 13 30 -7 35 0 0.00 0.0 0 6.3 18 190 M M 1 24 180
28 62 36 49 12 16 0 0.00 0.0 0 18.7 37 180 M M 0 51 180
29 71 54 63 26 2 0 0.00 0.0 0 13.5 25 190 M M 4 36 190
30 59 37 48 12 17 0 0.00 0.0 0 1.2 8 80 M M 1 12 80
31 65 35 50 14 15 0 0.00 0.0 0 7.0 22 180 M M 2 30 170
================================================================================
SM 1596 973 721 0 3.44 0.8 212.8 M 154
================================================================================
AV 51.5 31.4 6.9 FASTST M M 5 MAX(MPH)
MISC ----> 37 180 51 180
================================================================================
NOTES:
# LAST OF SEVERAL OCCURRENCES
COLUMN 17 PEAK WIND IN M.P.H.
PRELIMINARY LOCAL CLIMATOLOGICAL DATA (WS FORM: F-6) , PAGE 2
STATION: FAYETTEVILLE ARKANSAS
MONTH: DECEMBER
YEAR: 2022
LATITUDE: 36 0 N
LONGITUDE: 94 10 W
[TEMPERATURE DATA] [PRECIPITATION DATA] SYMBOLS USED IN COLUMN 16
AVERAGE MONTHLY: 41.4 TOTAL FOR MONTH: 3.44 1 = FOG OR MIST
DPTR FM NORMAL: 2.6 DPTR FM NORMAL: 0.37 2 = FOG REDUCING VISIBILITY
HIGHEST: 71 ON 29 GRTST 24HR 1.60 ON 7- 8 TO 1/4 MILE OR LESS
LOWEST: -3 ON 23,22 3 = THUNDER
SNOW, ICE PELLETS, HAIL 4 = ICE PELLETS
TOTAL MONTH: 0.8 INCH 5 = HAIL
GRTST 24HR 0.8 ON 22-22 6 = FREEZING RAIN OR DRIZZLE
GRTST DEPTH: 1 ON 23 7 = DUSTSTORM OR SANDSTORM:
VSBY 1/2 MILE OR LESS
8 = SMOKE OR HAZE
[NO. OF DAYS WITH] [WEATHER - DAYS WITH] 9 = BLOWING SNOW
X = TORNADO
MAX 32 OR BELOW: 2 0.01 INCH OR MORE: 6
MAX 90 OR ABOVE: 0 0.10 INCH OR MORE: 4
MIN 32 OR BELOW: 17 0.50 INCH OR MORE: 4
MIN 0 OR BELOW: 2 1.00 INCH OR MORE: 1
[HDD (BASE 65) ]
TOTAL THIS MO. 721 CLEAR (SCALE 0-3) 12
DPTR FM NORMAL -91 PTCLDY (SCALE 4-7) 11
TOTAL FM JUL 1 1471 CLOUDY (SCALE 8-10) 8
DPTR FM NORMAL -158
[CDD (BASE 65) ]
TOTAL THIS MO. 0
DPTR FM NORMAL 0 [PRESSURE DATA]
TOTAL FM JAN 1 1896 HIGHEST SLP 30.66 ON 23
DPTR FM NORMAL 544 LOWEST SLP 29.59 ON 13
[REMARKS]
#FINAL-12-22#