126
CXUS54 KTSA 011434
CF6FYV
PRELIMINARY LOCAL CLIMATOLOGICAL DATA (WS FORM: F-6)
STATION: FAYETTEVILLE ARKANSAS
MONTH: SEPTEMBER
YEAR: 2020
LATITUDE: 36 0 N
LONGITUDE: 94 10 W
TEMPERATURE IN F: :PCPN: SNOW: WIND :SUNSHINE: SKY :PK WND
================================================================================
1 2 3 4 5 6A 6B 7 8 9 10 11 12 13 14 15 16 17 18
12Z AVG MX 2MIN
DY MAX MIN AVG DEP HDD CDD WTR SNW DPTH SPD SPD DIR MIN PSBL S-S WX SPD DR
================================================================================
1 77 69 73 -1 0 8 1.20 0.0 0 4.7 20 150 M M 5 13 30 150
2 79 67 73 -1 0 8 0.01 0.0 0 2.2 8 70 M M 4 1 11 70
3 86 67 77 3 0 12 0.00 0.0 0 4.7 13 220 M M 5 1 17 220
4 91 68 80 7 0 15 T 0.0 0 2.2 15 290 M M 5 13 20 270
5 88 66 77 4 0 12 0.00 0.0 0 2.5 9 210 M M 3 12 15 280
6 87 66 77 5 0 12 0.00 0.0 0 6.0 17 190 M M 1 1 25 200
7 88 69 79 7 0 14 0.00 0.0 0 8.7 20 220 M M 0 29 230
8 87 66 77 5 0 12 0.00 0.0 0 5.9 18 170 M M 1 1 25 170
9 88 62 75 4 0 10 0.00 0.0 0 3.5 15 180 M M 2 1 20 160
10 78 64 71 0 0 6 0.18 0.0 0 4.5 13 180 M M 8 1 M M
11 79 63 71 1 0 6 T 0.0 0 2.8 9 280 M M 8 1 13 280
12 81 61 71 1 0 6 0.00 0.0 0 2.5 10 220 M M 6 12 13 270
13 81 61 71 1 0 6 0.00 0.0 0 2.6 10 360 M M 4 12 16 350
14 83 58 71 2 0 6 0.00 0.0 0 3.0 12 70 M M 0 17 50
15 86 55 71 2 0 6 0.00 0.0 0 1.5 9 320 M M 1 12 14 340
16 87 59 73 5 0 8 0.00 0.0 0 1.0 12 330 M M 2 1 16 340
17 85 54 70 2 0 5 0.00 0.0 0 2.7 14 340 M M 2 1 19 330
18 79 54 67 -1 0 2 0.00 0.0 0 2.6 12 60 M M 0 1 19 70
19 78 48 63 -4 2 0 0.00 0.0 0 2.1 13 80 M M 0 12 17 80
20 79 43 61 -6 4 0 0.00 0.0 0 3.4 13 150 M M 1 18 19 160
21 81 48 65 -1 0 0 0.02 0.0 0 3.3 12 100 M M 5 12 17 100
22 67 60 64 -2 1 0 0.33 0.0 0 2.9 9 90 M M 8 1 13 90
23 73 53 63 -2 2 0 0.00 0.0 0 3.7 14 100 M M 6 1 20 90
24 82 56 69 4 0 4 0.00 0.0 0 2.5 8 340 M M 4 1 13 340
25 77 52 65 0 0 0 0.00 0.0 0 5.7 15 190 M M 3 12 21 160
26 82 58 70 6 0 5 0.00 0.0 0 8.6 17 180 M M 0 22 180
27 84 55 70 6 0 5 0.74 0.0 0 6.7 17 320 M M 5 13 32 340
28 69 45 57 -6 8 0 0.01 0.0 0 8.3 22 330 M M 5 1 30 340
29 72 40 56 -7 9 0 0.00 0.0 0 7.1 18 300 M M 0 30 320
30 85 46 66 3 0 1 0.00 0.0 0 6.7 16 330 M M 0 22 320
================================================================================
SM 2439 1733 26 169 2.49 0.0 124.6 M 94
================================================================================
AV 81.3 57.8 4.2 FASTST M M 3 MAX(MPH)
MISC ----> 22 330 32 340
================================================================================
NOTES:
# LAST OF SEVERAL OCCURRENCES
COLUMN 17 PEAK WIND IN M.P.H.
PRELIMINARY LOCAL CLIMATOLOGICAL DATA (WS FORM: F-6) , PAGE 2
STATION: FAYETTEVILLE ARKANSAS
MONTH: SEPTEMBER
YEAR: 2020
LATITUDE: 36 0 N
LONGITUDE: 94 10 W
[TEMPERATURE DATA] [PRECIPITATION DATA] SYMBOLS USED IN COLUMN 16
AVERAGE MONTHLY: 69.5 TOTAL FOR MONTH: 2.49 1 = FOG OR MIST
DPTR FM NORMAL: 1.0 DPTR FM NORMAL: -2.33 2 = FOG REDUCING VISIBILITY
HIGHEST: 91 ON 4 GRTST 24HR 1.20 ON 1- 1 TO 1/4 MILE OR LESS
LOWEST: 40 ON 29 3 = THUNDER
SNOW, ICE PELLETS, HAIL 4 = ICE PELLETS
TOTAL MONTH: 0.0 INCH 5 = HAIL
GRTST 24HR 0.0 6 = FREEZING RAIN OR DRIZZLE
GRTST DEPTH: 0 7 = DUSTSTORM OR SANDSTORM:
VSBY 1/2 MILE OR LESS
8 = SMOKE OR HAZE
[NO. OF DAYS WITH] [WEATHER - DAYS WITH] 9 = BLOWING SNOW
X = TORNADO
MAX 32 OR BELOW: 0 0.01 INCH OR MORE: 7
MAX 90 OR ABOVE: 1 0.10 INCH OR MORE: 4
MIN 32 OR BELOW: 0 0.50 INCH OR MORE: 2
MIN 0 OR BELOW: 0 1.00 INCH OR MORE: 1
[HDD (BASE 65) ]
TOTAL THIS MO. 26 CLEAR (SCALE 0-3) 15
DPTR FM NORMAL -25 PTCLDY (SCALE 4-7) 14
TOTAL FM JUL 1 26 CLOUDY (SCALE 8-10) 1
DPTR FM NORMAL -24
[CDD (BASE 65) ]
TOTAL THIS MO. 169
DPTR FM NORMAL 11 [PRESSURE DATA]
TOTAL FM JAN 1 1417 HIGHEST SLP 30.31 ON 5
DPTR FM NORMAL 134 LOWEST SLP 29.71 ON 27
[REMARKS]
#FINAL-09-20#