951
CXUS53 KUNR 010945
CF6GCC
PRELIMINARY LOCAL CLIMATOLOGICAL DATA (WS FORM: F-6)
STATION: GILLETTE AIRPORT WY
MONTH: APRIL
YEAR: 2020
LATITUDE: 44 20 N
LONGITUDE: 105 32 W
TEMPERATURE IN F: :PCPN: SNOW: WIND :SUNSHINE: SKY :PK WND
================================================================================
1 2 3 4 5 6A 6B 7 8 9 10 11 12 13 14 15 16 17 18
12Z AVG MX 2MIN
DY MAX MIN AVG DEP HDD CDD WTR SNW DPTH SPD SPD DIR MIN PSBL S-S WX SPD DR
================================================================================
1 39 11 25 -13 40 0 0.06 M M 16.3 29 320 M M 8 1 36 330
2 14 1 8 -31 57 0 0.28 M M 11.2 18 350 M M 9 128 22 350
3 35 -6 15 -24 50 0 0.00 M M 12.1 25 180 M M 0 32 180
4 51 22 37 -2 28 0 0.00 M M 10.4 22 170 M M 0 27 170
5 67 32 50 10 15 0 0.00 M M 14.2 29 220 M M 1 42 210
6 69 34 52 12 13 0 0.00 M M 17.0 37 240 M M 1 46 230
7 68 34 51 11 14 0 0.00 M M 11.5 25 270 M M 1 45 280
8 49 23 36 -4 29 0 0.00 M M 11.9 26 340 M M 3 36 300
9 49 24 37 -3 28 0 0.00 M M 9.2 23 170 M M 0 30 160
10 66 26 46 5 19 0 0.00 M M 8.2 22 170 M M 2 28 170
11 45 20 33 -8 32 0 0.26 M M 13.2 29 360 M M 10 12 37 20
12 21 5 13 -28 52 0 0.09 M M 12.7 22 360 M M 8 18 27 360
13 23 3 13 -29 52 0 T M M 13.1 28 320 M M 6 18 36 300
14 34 5 20 -22 45 0 0.01 M M 12.4 24 300 M M 7 18 31 310
15 37 24 31 -11 34 0 0.01 M M 13.7 28 330 M M 9 1 36 350
16 34 20 27 -16 38 0 0.05 M M 6.7 18 340 M M 8 18 22 360
17 58 19 39 -4 26 0 0.00 M M 8.5 16 230 M M 0 22 230
18 57 32 45 2 20 0 T M M 8.4 23 20 M M 4 30 10
19 53 30 42 -2 23 0 0.03 M M 8.1 22 310 M M 7 1 30 320
20 61 32 47 3 18 0 0.00 M M 12.4 24 340 M M 4 32 330
21 68 34 51 7 14 0 0.00 M M 9.9 23 200 M M 0 29 210
22 66 36 51 6 14 0 0.00 M M 9.6 20 310 M M 1 27 310
23 62 35 49 4 16 0 0.05 M M 12.3 36 330 M M 5 13 44 340
24 54 33 44 -1 21 0 0.23 M M 10.2 25 300 M M 7 3 37 290
25 62 32 47 1 18 0 0.00 M M 7.5 21 180 M M 2 30 170
26 69 38 54 8 11 0 0.00 M M 6.4 20 340 M M 0 26 340
27 73 38 56 10 9 0 T M M 11.9 29 330 M M 3 37 330
28 60 29 45 -2 20 0 0.01 M M 19.3 39 300 M M 3 54 330
29 74 26 50 3 15 0 0.00 M M 6.3 15 170 M M 0 22 180
30 78 45 62 14 3 0 0.11 M M 9.1 32 250 M M 0 13 46 280
================================================================================
SM 1596 737 774 0 1.19 M 333.7 M 109
================================================================================
AV 53.2 24.6 11.1 FASTST M M 4 MAX(MPH)
MISC ----> # 39 300 # 54 330
================================================================================
NOTES:
# LAST OF SEVERAL OCCURRENCES
COLUMN 17 PEAK WIND IN M.P.H.
PRELIMINARY LOCAL CLIMATOLOGICAL DATA (WS FORM: F-6) , PAGE 2
STATION: GILLETTE AIRPORT WY
MONTH: APRIL
YEAR: 2020
LATITUDE: 44 20 N
LONGITUDE: 105 32 W
[TEMPERATURE DATA] [PRECIPITATION DATA] SYMBOLS USED IN COLUMN 16
AVERAGE MONTHLY: 38.9 TOTAL FOR MONTH: 1.19 1 = FOG OR MIST
DPTR FM NORMAL: -3.8 DPTR FM NORMAL: -0.28 2 = FOG REDUCING VISIBILITY
HIGHEST: 78 ON 30 GRTST 24HR 0.28 ON 2- 2 TO 1/4 MILE OR LESS
LOWEST: -6 ON 3 3 = THUNDER
SNOW, ICE PELLETS, HAIL 4 = ICE PELLETS
TOTAL MONTH: M 5 = HAIL
GRTST 24HR M ON M 6 = FREEZING RAIN OR DRIZZLE
GRTST DEPTH: M ON M 7 = DUSTSTORM OR SANDSTORM:
VSBY 1/2 MILE OR LESS
8 = SMOKE OR HAZE
[NO. OF DAYS WITH] [WEATHER - DAYS WITH] 9 = BLOWING SNOW
X = TORNADO
MAX 32 OR BELOW: 3 0.01 INCH OR MORE: 12
MAX 90 OR ABOVE: 0 0.10 INCH OR MORE: 4
MIN 32 OR BELOW: 21 0.50 INCH OR MORE: 0
MIN 0 OR BELOW: 1 1.00 INCH OR MORE: 0
[HDD (BASE 65) ]
TOTAL THIS MO. 774 CLEAR (SCALE 0-3) 17
DPTR FM NORMAL 105 PTCLDY (SCALE 4-7) 9
TOTAL FM JUL 1 7016 CLOUDY (SCALE 8-10) 4
DPTR FM NORMAL 0
[CDD (BASE 65) ]
TOTAL THIS MO. 0
DPTR FM NORMAL 0 [PRESSURE DATA]
TOTAL FM JAN 1 0 HIGHEST SLP 30.41 ON 2
DPTR FM NORMAL 0 LOWEST SLP 29.53 ON 6
[REMARKS]
#FINAL-04-20#