000
CXUS53 KDDC 011614
CLMGCK
CLIMATE REPORT
NATIONAL WEATHER SERVICE DODGE CITY, KANSAS
1014 AM CST THU FEB 01 2024
...................................
...THE GARDEN CITY REGIONAL ARPT KS CLIMATE SUMMARY FOR THE MONTH OF JANUARY 2024...
CLIMATE NORMAL PERIOD 1991 TO 2020
CLIMATE RECORD PERIOD 1948 TO 2024
WEATHER OBSERVED NORMAL DEPART LAST YEAR`S
VALUE DATE(S) VALUE FROM VALUE DATE(S)
NORMAL
................................................................
TEMPERATURE (F)
RECORD
HIGH 79 01/27/2015
01/31/1989
01/12/1953
LOW -19 01/14/1979
HIGHEST 66 01/31 MM MM 66 01/15
LOWEST -14 01/16 MM MM -1 01/31
AVG. MAXIMUM 36.7 44.8 -8.1 42.7
AVG. MINIMUM 15.2 17.6 -2.4 16.7
MEAN 26.0 31.2 -5.2 29.7
DAYS MAX >= 90 0 0.0 0.0 0
DAYS MAX <= 32 10 7.1 2.9 6
DAYS MIN <= 32 31 30.3 0.7 31
DAYS MIN <= 0 4 1.3 2.7 1
PRECIPITATION (INCHES)
RECORD
MAXIMUM 1.43 1999
MINIMUM 0.00 1986
TOTALS 0.76 0.30 0.46 0.37
DAYS >= .01 2 2.9 -0.9 2
DAYS >= .10 1 1.1 -0.1 1
DAYS >= .50 1 0.1 0.9 0
DAYS >= 1.00 0 0.0 0.0 0
GREATEST
24 HR. TOTAL 0.75 01/08 TO 01/08 0.35 01/21 TO 01/21
DEGREE DAYS
HEATING TOTAL 1202 1048 154 1084
SINCE 7/1 3026 3146 -120 3213
COOLING TOTAL 0 0 0 0
SINCE 1/1 0 0 0 0
................................................................
WIND (MPH)
AVERAGE WIND SPEED 10.8
RESULTANT WIND SPEED/DIRECTION 2/320
HIGHEST WIND SPEED/DIRECTION 53/360 DATE 01/08
HIGHEST GUST SPEED/DIRECTION 67/360 DATE 01/08
SKY COVER
POSSIBLE SUNSHINE (PERCENT) MM
AVERAGE SKY COVER 0.30
NUMBER OF DAYS FAIR 19
NUMBER OF DAYS PC 7
NUMBER OF DAYS CLOUDY 5
AVERAGE RH (PERCENT) 74
WEATHER CONDITIONS. NUMBER OF DAYS WITH
THUNDERSTORM 0 MIXED PRECIP 0
HEAVY RAIN 0 RAIN 0
LIGHT RAIN 1 FREEZING RAIN 0
LT FREEZING RAIN 1 HAIL 0
HEAVY SNOW 0 SNOW 3
LIGHT SNOW 6 SLEET 0
FOG 15 FOG W/VIS <= 1/4 MILE 7
HAZE 3
- INDICATES NEGATIVE NUMBERS.
R INDICATES RECORD WAS SET OR TIED.
MM INDICATES DATA IS MISSING.
T INDICATES TRACE AMOUNT.
$$