000
CXUS54 KMAF 011823
CF6GDP
PRELIMINARY LOCAL CLIMATOLOGICAL DATA (WS FORM: F-6)
STATION: GUADALUPE PASS
MONTH: MAY
YEAR: 2021
LATITUDE: 31 49 N
LONGITUDE: 104 48 W
TEMPERATURE IN F: :PCPN: SNOW: WIND :SUNSHINE: SKY :PK WND
================================================================================
1 2 3 4 5 6A 6B 7 8 9 10 11 12 13 14 15 16 17 18
12Z AVG MX 2MIN
DY MAX MIN AVG DEP HDD CDD WTR SNW DPTH SPD SPD DIR MIN PSBL S-S WX SPD DR
================================================================================
1 75 49 62 -2 3 0 0.00 M M 15.2 28 250 M M 0 33 250
2 83 57 70 5 0 5 0.00 M M 35.4 56 250 M M 2 8 67 260
3 76 48 62 -3 3 0 0.00 M M 31.5 49 250 M M 0 60 250
4 66 41 54 -11 11 0 0.00 M M 20.9 40 70 M M 1 43 70
5 86 54 70 4 0 5 0.00 M M 12.3 25 50 M M 0 32 90
6 76 62 69 3 0 4 0.00 M M 20.5 36 70 M M 0 8 43 70
7 90 63 77 11 0 12 0.00 M M 14.3 38 220 M M 0 8 50 250
8 84 61 73 6 0 8 0.00 M M 29.8 55 240 M M 0 8 67 230
9 84 60 72 5 0 7 0.00 M M 21.7 40 240 M M 0 49 230
10 84 58 71 4 0 6 0.00 M M 21.9 41 230 M M 0 49 240
11 81 50 66 -2 0 1 T M M 21.6 46 50 M M 2 128 50 70
12 58 44 51 -17 14 0 0.01 M M 35.2 51 50 M M 7 12 53 50
13 66 46 56 -12 9 0 T M M 28.8 33 60 M M 5 128 39 50
14 88 58 73 4 0 8 0.04 M M 17.0 40 40 M M 4 43 40
15 83 57 70 1 0 5 0.12 M M 19.2 47 230 M M 1 62 230
16 85 54 70 0 0 5 0.00 M M 18.2 39 240 M M 0 1 46 230
17 82 60 71 1 0 6 0.00 M M 23.2 47 240 M M 0 8 55 240
18 79 56 68 -2 0 3 0.00 M M 16.7 37 50 M M 1 8 42 50
19 80 57 69 -2 0 4 T M M 16.2 35 60 M M 3 38 40
20 89 60 75 4 0 10 0.00 M M 15.1 37 240 M M 0 45 240
21 88 65 77 5 0 12 0.00 M M 16.3 35 50 M M 0 36 230
22 79 60 70 -2 0 5 0.00 M M 29.8 45 50 M M 2 18 52 100
23 90 58 74 1 0 9 0.00 M M 18.3 38 50 M M 1 18 45 90
24 89 61 75 2 0 10 0.00 M M 20.6 33 50 M M 0 39 250
25 91 61 76 3 0 11 0.00 M M 15.8 31 240 M M 0 40 230
26 92 66 79 5 0 14 0.03 M M 15.1 37 240 M M 1 46 260
27 91 67 79 5 0 14 0.00 M M 9.0 21 230 M M 0 28 240
28 94 58 76 1 0 11 0.00 M M 17.5 46 70 M M 0 18 50 50
29 83 58 71 -4 0 6 0.00 M M 24.2 46 50 M M 1 50 50
30 75 59 67 -8 0 2 0.26 M M 25.6 46 50 M M 5 128 51 40
31 76 57 67 -9 0 2 0.00 M M 27.6 45 70 M M 6 128 50 70
================================================================================
SM 2543 1765 40 185 0.46 M 654.5 M 42
================================================================================
AV 82.0 56.9 21.1 FASTST M M 1 MAX(MPH)
MISC ----> 56 250 # 67 260
================================================================================
NOTES:
# LAST OF SEVERAL OCCURRENCES
COLUMN 17 PEAK WIND IN M.P.H.
PRELIMINARY LOCAL CLIMATOLOGICAL DATA (WS FORM: F-6) , PAGE 2
STATION: GUADALUPE PASS
MONTH: MAY
YEAR: 2021
LATITUDE: 31 49 N
LONGITUDE: 104 48 W
[TEMPERATURE DATA] [PRECIPITATION DATA] SYMBOLS USED IN COLUMN 16
AVERAGE MONTHLY: 69.5 TOTAL FOR MONTH: 0.46 1 = FOG OR MIST
DPTR FM NORMAL: -0.4 DPTR FM NORMAL: -0.06 2 = FOG REDUCING VISIBILITY
HIGHEST: 94 ON 28 GRTST 24HR 0.26 ON 30-30 TO 1/4 MILE OR LESS
LOWEST: 41 ON 4 3 = THUNDER
SNOW, ICE PELLETS, HAIL 4 = ICE PELLETS
TOTAL MONTH: M 5 = HAIL
GRTST 24HR M ON M 6 = FREEZING RAIN OR DRIZZLE
GRTST DEPTH: M ON M 7 = DUSTSTORM OR SANDSTORM:
VSBY 1/2 MILE OR LESS
8 = SMOKE OR HAZE
[NO. OF DAYS WITH] [WEATHER - DAYS WITH] 9 = BLOWING SNOW
X = TORNADO
MAX 32 OR BELOW: 0 0.01 INCH OR MORE: 5
MAX 90 OR ABOVE: 6 0.10 INCH OR MORE: 2
MIN 32 OR BELOW: 0 0.50 INCH OR MORE: 0
MIN 0 OR BELOW: 0 1.00 INCH OR MORE: 0
[HDD (BASE 65) ]
TOTAL THIS MO. 40 CLEAR (SCALE 0-3) 26
DPTR FM NORMAL -6 PTCLDY (SCALE 4-7) 5
TOTAL FM JUL 1 2709 CLOUDY (SCALE 8-10) 0
DPTR FM NORMAL -299
[CDD (BASE 65) ]
TOTAL THIS MO. 185
DPTR FM NORMAL -12 [PRESSURE DATA]
TOTAL FM JAN 1 202 HIGHEST SLP 30.27 ON 13
DPTR FM NORMAL -55 LOWEST SLP 29.39 ON 2
[REMARKS]
#FINAL-05-21#