000
CXUS53 KIND 010700
CF6GEZ
PRELIMINARY LOCAL CLIMATOLOGICAL DATA (WS FORM: F-6)
STATION: SHELBYVILLE IN
MONTH: NOVEMBER
YEAR: 2020
LATITUDE: 39 35 N
LONGITUDE: 85 48 W
TEMPERATURE IN F: :PCPN: SNOW: WIND :SUNSHINE: SKY :PK WND
================================================================================
1 2 3 4 5 6A 6B 7 8 9 10 11 12 13 14 15 16 17 18
12Z AVG MX 2MIN
DY MAX MIN AVG DEP HDD CDD WTR SNW DPTH SPD SPD DIR MIN PSBL S-S WX SPD DR
================================================================================
1 56 34 45 -4 20 0 0.00 M M 17.3 35 290 M M 3 48 280
2 51 26 39 -10 26 0 0.00 M M 8.3 16 250 M M 0 23 230
3 68 34 51 2 14 0 0.00 M M 7.8 14 230 M M 0 20 220
4 75 47 61 13 4 0 0.00 M M 12.1 20 190 M M 0 26 190
5 70 50 60 12 5 0 0.00 M M 9.2 18 180 M M 0 24 190
6 73 43 58 10 7 0 0.00 M M 7.2 15 180 M M 0 20 180
7 75 39 57 10 8 0 0.00 M M 5.6 13 180 M M 0 17 190
8 82 47 65 18 0 0 0.00 M M 5.9 13 150 M M 2 20 200
9 80 51 66 19 0 1 0.00 M M 8.2 18 200 M M 4 23 180
10 79 63 71 25 0 6 0.14 M M 14.1 25 190 M M 8 18 34 190
11 69 33 51 5 14 0 0.01 M M 8.5 24 280 M M 6 34 270
12 56 30 43 -2 22 0 0.00 M M 5.7 16 80 M M 0 18 21 80
13 52 28 40 -5 25 0 0.00 M M 5.6 17 310 M M 2 22 320
14 54 24 39 -6 26 0 0.09 M M 7.4 15 120 M M 5 23 140
15 62 44 53 9 12 0 0.43 M M 19.3 37 250 M M 7 1 53 260
16 56 33 45 1 20 0 0.00 M M 11.5 22 260 M M 2 29 250
17 50 31 41 -2 24 0 0.00 M M 11.0 25 300 M M 1 34 290
18 51 30 41 -2 24 0 0.00 M M 8.3 18 190 M M 3 25 190
19 68 42 55 13 10 0 0.00 M M 17.3 29 200 M M 0 37 210
20 67 49 58 16 7 0 T M M 9.9 22 220 M M 6 29 210
21 56 46 51 9 14 0 0.15 M M 8.1 17 50 M M 10 22 60
22 46 39 43 2 22 0 1.26 M M 10.9 20 320 M M 10 18 25 70
23 49 37 43 3 22 0 0.00 M M 4.7 10 280 M M 4 18 15 260
24 51 39 45 5 20 0 0.01 M M 9.6 17 140 M M 6 22 150
25 59 44 52 12 13 0 1.16 M M 15.2 26 160 M M 10 1 34 170
26 54 49 52 13 13 0 0.00 M M 9.5 20 260 M M 10 21 270
27 53 41 47 8 18 0 0.00 M M 6.4 17 320 M M 9 22 320
28 49 31 40 2 25 0 0.00 M M 4.8 15 310 M M 1 18 19 310
29 54 28 41 3 24 0 T M M 4.9 12 180 M M 1 15 190
30 46 31 39 2 26 0 0.11 M M 17.9 29 340 M M 10 18 37 350
================================================================================
SM 1811 1163 465 7 3.36 M 292.2 M 120
================================================================================
AV 60.4 38.8 9.7 FASTST M M 4 MAX(MPH)
MISC ----> 37 250 53 260
================================================================================
NOTES:
# LAST OF SEVERAL OCCURRENCES
COLUMN 17 PEAK WIND IN M.P.H.
PRELIMINARY LOCAL CLIMATOLOGICAL DATA (WS FORM: F-6) , PAGE 2
STATION: SHELBYVILLE IN
MONTH: NOVEMBER
YEAR: 2020
LATITUDE: 39 35 N
LONGITUDE: 85 48 W
[TEMPERATURE DATA] [PRECIPITATION DATA] SYMBOLS USED IN COLUMN 16
AVERAGE MONTHLY: 49.6 TOTAL FOR MONTH: 3.36 1 = FOG OR MIST
DPTR FM NORMAL: 5.9 DPTR FM NORMAL: -0.37 2 = FOG REDUCING VISIBILITY
HIGHEST: 82 ON 8 GRTST 24HR 1.30 ON 21-22 TO 1/4 MILE OR LESS
LOWEST: 24 ON 14 3 = THUNDER
SNOW, ICE PELLETS, HAIL 4 = ICE PELLETS
TOTAL MONTH: M 5 = HAIL
GRTST 24HR M ON M 6 = FREEZING RAIN OR DRIZZLE
GRTST DEPTH: M ON M 7 = DUSTSTORM OR SANDSTORM:
VSBY 1/2 MILE OR LESS
8 = SMOKE OR HAZE
[NO. OF DAYS WITH] [WEATHER - DAYS WITH] 9 = BLOWING SNOW
X = TORNADO
MAX 32 OR BELOW: 0 0.01 INCH OR MORE: 9
MAX 90 OR ABOVE: 0 0.10 INCH OR MORE: 6
MIN 32 OR BELOW: 9 0.50 INCH OR MORE: 2
MIN 0 OR BELOW: 0 1.00 INCH OR MORE: 2
[HDD (BASE 65) ]
TOTAL THIS MO. 465 CLEAR (SCALE 0-3) 15
DPTR FM NORMAL -175 PTCLDY (SCALE 4-7) 9
TOTAL FM JUL 1 812 CLOUDY (SCALE 8-10) 6
DPTR FM NORMAL -262
[CDD (BASE 65) ]
TOTAL THIS MO. 7
DPTR FM NORMAL 7 [PRESSURE DATA]
TOTAL FM JAN 1 1342 HIGHEST SLP M ON M
DPTR FM NORMAL 429 LOWEST SLP 29.48 ON 15
[REMARKS]
#FINAL-11-20#