000
CXUS55 KALY 010810
CF6GFL
PRELIMINARY LOCAL CLIMATOLOGICAL DATA (WS FORM: F-6)
STATION: GLENS FALLS NY
MONTH: FEBRUARY
YEAR: 2021
LATITUDE: 43 20 N
LONGITUDE: 73 37 W
TEMPERATURE IN F: :PCPN: SNOW: WIND :SUNSHINE: SKY :PK WND
================================================================================
1 2 3 4 5 6A 6B 7 8 9 10 11 12 13 14 15 16 17 18
12Z AVG MX 2MIN
DY MAX MIN AVG DEP HDD CDD WTR SNW DPTH SPD SPD DIR MIN PSBL S-S WX SPD DR
================================================================================
1 28 -4 12 -6 53 0 T M M 8.3 18 20 M M 6 1 24 20
2 29 23 26 8 39 0 0.13 M M 9.1 18 350 M M 10 128 23 360
3 33 27 30 11 35 0 T M M 8.9 16 310 M M 10 8 21 320
4 40 11 26 7 39 0 0.00 M M 4.8 13 350 M M 4 16 320
5 40 10 25 6 40 0 0.07 M M 3.8 14 210 M M 6 1 18 220
6 34 10 22 3 43 0 0.00 M M 9.4 24 230 M M 5 36 240
7 28 1 15 -4 50 0 0.04 M M 2.5 17 280 M M 6 1 24 290
8 24 0 12 -8 53 0 0.00 M M 4.8 15 150 M M 2 18 18 150
9 23 10 17 -3 48 0 0.08 M M 0.3 6 140 M M 9 128 7 130
10 27 -4 12 -8 53 0 T M M 1.2 10 360 M M 6 128 13 360
11 27 10 19 -1 46 0 0.00 M M 5.6 18 360 M M 7 24 360
12 15 -9 3 -17 62 0 0.00 M M 2.0 9 70 M M 3 12 70
13 19 -1 9 -12 56 0 0.00 M M 4.8 10 40 M M 2 13 100
14 29 14 22 1 43 0 T M M 3.3 13 350 M M 8 8 15 350
15 24 16 20 -1 45 0 0.04 M M 3.4 8 340 M M 9 168 10 10
16 36 20 28 6 37 0 0.78 M M 8.3 23 290 M M 9 16 29 270
17 27 12 20 -2 45 0 0.00 M M 4.8 15 340 M M 2 19 350
18 26 15 21 -1 44 0 T M M 2.9 10 40 M M 7 1 13 40
19 30 20 25 3 40 0 0.07 M M 2.4 9 350 M M 10 18 11 350
20 31 8 20 -3 45 0 0.00 M M 6.0 18 340 M M 7 12 25 330
21 33 5 19 -4 46 0 0.00 M M 4.6 13 340 M M 2 16 320
22 31 6 19 -4 46 0 0.28 M M 3.1 20 180 M M 8 128 26 200
23 38 30 34 10 31 0 T M M 7.0 14 220 M M 10 18 19 220
24 47 33 40 16 25 0 T M M 8.1 16 230 M M 7 27 220
25 46 22 34 10 31 0 0.00 M M 11.6 24 290 M M 3 34 280
26 36 15 26 2 39 0 0.00 M M 3.3 10 110 M M 4 12 190
27 40 14 27 2 38 0 0.21 M M 3.7 12 170 M M 8 12 14 170
28 39 19 29 4 36 0 T M M 1.8 8 210 M M 5 12 12 210
================================================================================
SM 880 333 1208 0 1.70 M 139.8 M 175
================================================================================
AV 31.4 11.9 5.0 FASTST M M 6 MAX(MPH)
MISC ----> # 24 230 36 240
================================================================================
NOTES:
# LAST OF SEVERAL OCCURRENCES
COLUMN 17 PEAK WIND IN M.P.H.
PRELIMINARY LOCAL CLIMATOLOGICAL DATA (WS FORM: F-6) , PAGE 2
STATION: GLENS FALLS NY
MONTH: FEBRUARY
YEAR: 2021
LATITUDE: 43 20 N
LONGITUDE: 73 37 W
[TEMPERATURE DATA] [PRECIPITATION DATA] SYMBOLS USED IN COLUMN 16
AVERAGE MONTHLY: 21.7 TOTAL FOR MONTH: 1.70 1 = FOG OR MIST
DPTR FM NORMAL: 0.4 DPTR FM NORMAL: -0.38 2 = FOG REDUCING VISIBILITY
HIGHEST: 47 ON 24 GRTST 24HR 0.82 ON 15-16 TO 1/4 MILE OR LESS
LOWEST: -9 ON 12 3 = THUNDER
SNOW, ICE PELLETS, HAIL 4 = ICE PELLETS
TOTAL MONTH: M 5 = HAIL
GRTST 24HR M ON M 6 = FREEZING RAIN OR DRIZZLE
GRTST DEPTH: M ON M 7 = DUSTSTORM OR SANDSTORM:
VSBY 1/2 MILE OR LESS
8 = SMOKE OR HAZE
[NO. OF DAYS WITH] [WEATHER - DAYS WITH] 9 = BLOWING SNOW
X = TORNADO
MAX 32 OR BELOW: 16 0.01 INCH OR MORE: 9
MAX 90 OR ABOVE: 0 0.10 INCH OR MORE: 4
MIN 32 OR BELOW: 27 0.50 INCH OR MORE: 1
MIN 0 OR BELOW: 5 1.00 INCH OR MORE: 0
[HDD (BASE 65) ]
TOTAL THIS MO. 1208 CLEAR (SCALE 0-3) 6
DPTR FM NORMAL -16 PTCLDY (SCALE 4-7) 14
TOTAL FM JUL 1 5183 CLOUDY (SCALE 8-10) 8
DPTR FM NORMAL -437
[CDD (BASE 65) ]
TOTAL THIS MO. 0
DPTR FM NORMAL 0 [PRESSURE DATA]
TOTAL FM JAN 1 0 HIGHEST SLP 30.55 ON 18
DPTR FM NORMAL 0 LOWEST SLP 29.46 ON 3
[REMARKS]
#FINAL-02-21#