000
CXUS54 KFWD 010830
CF6GLE
PRELIMINARY LOCAL CLIMATOLOGICAL DATA (WS FORM: F-6)
STATION: GAINESVILLE
MONTH: FEBRUARY
YEAR: 2022
LATITUDE: 33 39 N
LONGITUDE: 97 12 W
TEMPERATURE IN F: :PCPN: SNOW: WIND :SUNSHINE: SKY :PK WND
================================================================================
1 2 3 4 5 6A 6B 7 8 9 10 11 12 13 14 15 16 17 18
12Z AVG MX 2MIN
DY MAX MIN AVG DEP HDD CDD WTR SNW DPTH SPD SPD DIR MIN PSBL S-S WX SPD DR
================================================================================
1 69 54 62 18 3 0 0.00 M M 11.1 17 190 M M 9 26 190
2 55 24 40 -4 25 0 0.37 M M 11.1 20 10 M M 9 1 24 10
3 24 17 21 -23 44 0 0.02 M M 7.5 9 330 M M 10 M M
4 33 18 26 -18 39 0 0.00 M M 7.0 13 310 M M 3 18 320
5 46 17 32 -12 33 0 0.00 M M 5.0 13 180 M M 0 18 180
6 53 25 39 -6 26 0 0.00 M M 5.1 9 320 M M 0 16 170
7 56 29 43 -2 22 0 0.00 M M 7.3 14 290 M M 0 18 350
8 67 27 47 2 18 0 0.00 M M 6.2 17 230 M M 0 25 220
9 68 32 50 5 15 0 0.00 M M 3.0 8 290 M M 0 10 290
10 68 35 52 7 13 0 0.00 M M 2.1 9 360 M M 0 M M
11 74 33 54 8 11 0 0.00 M M 7.7 22 30 M M 1 31 30
12 54 24 39 -7 26 0 0.00 M M 13.5 25 10 M M 5 32 10
13 62 23 43 -3 22 0 0.00 M M 5.0 13 320 M M 0 17 320
14 72 32 52 6 13 0 0.00 M M 6.6 17 220 M M 0 21 210
15 70 38 54 8 11 0 0.00 M M 13.9 28 180 M M 0 33 180
16 71 58 65 19 0 0 0.00 M M 19.4 30 190 M M 9 36 190
17 65 27 46 -1 19 0 0.42 M M 16.6 26 330 M M 10 35 310
18 52 19 36 -11 29 0 0.00 M M 2.8 10 360 M M 0 M M
19 64 28 46 -1 19 0 0.00 M M 3.4 12 170 M M 0 16 170
20 68 37 53 6 12 0 0.00 M M 11.1 23 190 M M 0 30 200
21 80 48 64 16 1 0 1.47 M M 11.3 20 190 M M 6 1 26 330
22 63 27 45 -3 20 0 0.23 M M 13.8 20 350 M M 4 26 320
23 27 19 23 -25 42 0 0.02 M M 12.4 21 20 M M 9 1 25 20
24 27 18 23 -25 42 0 0.00 M M 8.3 10 360 M M 10 1 16 320
25 36 18 27 -21 38 0 0.00 M M 8.0 14 10 M M 4 17 30
26 40 30 35 -14 30 0 M M M 5.3 9 60 M M 10 M M
27 57 25 41 -8 24 0 0.00 M M 7.3 12 350 M M 0 18 340
28 66 26 46 -3 19 0 0.00 M M 2.6 9 220 M M 0 M M
================================================================================
SM 1587 808 616 0 2.53 M 234.6 M 99
================================================================================
AV 56.7 28.9 8.4 FASTST M M 4 MAX(MPH)
MISC ----> 30 190 36 190
================================================================================
NOTES:
# LAST OF SEVERAL OCCURRENCES
COLUMN 17 PEAK WIND IN M.P.H.
PRELIMINARY LOCAL CLIMATOLOGICAL DATA (WS FORM: F-6) , PAGE 2
STATION: GAINESVILLE
MONTH: FEBRUARY
YEAR: 2022
LATITUDE: 33 39 N
LONGITUDE: 97 12 W
[TEMPERATURE DATA] [PRECIPITATION DATA] SYMBOLS USED IN COLUMN 16
AVERAGE MONTHLY: 42.8 TOTAL FOR MONTH: 2.53 1 = FOG OR MIST
DPTR FM NORMAL: -3.5 DPTR FM NORMAL: -0.17 2 = FOG REDUCING VISIBILITY
HIGHEST: 80 ON 21 GRTST 24HR 1.47 ON 21-21 TO 1/4 MILE OR LESS
LOWEST: 17 ON 5, 3 3 = THUNDER
SNOW, ICE PELLETS, HAIL 4 = ICE PELLETS
TOTAL MONTH: M 5 = HAIL
GRTST 24HR M ON M 6 = FREEZING RAIN OR DRIZZLE
GRTST DEPTH: M ON M 7 = DUSTSTORM OR SANDSTORM:
VSBY 1/2 MILE OR LESS
8 = SMOKE OR HAZE
[NO. OF DAYS WITH] [WEATHER - DAYS WITH] 9 = BLOWING SNOW
X = TORNADO
MAX 32 OR BELOW: 3 0.01 INCH OR MORE: 6
MAX 90 OR ABOVE: 0 0.10 INCH OR MORE: 4
MIN 32 OR BELOW: 21 0.50 INCH OR MORE: 1
MIN 0 OR BELOW: 0 1.00 INCH OR MORE: 1
[HDD (BASE 65) ]
TOTAL THIS MO. 616 CLEAR (SCALE 0-3) 15
DPTR FM NORMAL 90 PTCLDY (SCALE 4-7) 5
TOTAL FM JUL 1 2003 CLOUDY (SCALE 8-10) 8
DPTR FM NORMAL -371
[CDD (BASE 65) ]
TOTAL THIS MO. 0
DPTR FM NORMAL -2 [PRESSURE DATA]
TOTAL FM JAN 1 0 HIGHEST SLP M ON M
DPTR FM NORMAL 0 LOWEST SLP M ON M
[REMARKS]
#FINAL-02-22#