000
CXUS54 KJAN 011414
CF6GLH
PRELIMINARY LOCAL CLIMATOLOGICAL DATA (WS FORM: F-6)
STATION: GREENVILLE
MONTH: APRIL
YEAR: 2020
LATITUDE: 33 29 N
LONGITUDE: 90 59 W
TEMPERATURE IN F: :PCPN: SNOW: WIND :SUNSHINE: SKY :PK WND
================================================================================
1 2 3 4 5 6A 6B 7 8 9 10 11 12 13 14 15 16 17 18
12Z AVG MX 2MIN
DY MAX MIN AVG DEP HDD CDD WTR SNW DPTH SPD SPD DIR MIN PSBL S-S WX SPD DR
================================================================================
1 72 49 61 2 4 0 0.00 0.0 0 5.7 10 60 M M 0 14 60
2 75 55 65 6 0 0 0.00 0.0 0 7.1 15 150 M M 0 20 140
3 71 57 64 5 1 0 0.14 0.0 0 3.7 10 280 M M 3 1 14 300
4 68 57 63 3 2 0 T 0.0 0 4.6 14 350 M M 2 1 19 360
5 77 55 66 6 0 1 0.00 0.0 0 6.2 14 360 M M 2 1 18 360
6 79 58 69 9 0 4 T 0.0 0 4.5 12 200 M M 2 15 200
7 76 67 72 11 0 7 0.31 0.0 0 7.1 16 200 M M 7 13 21 200
8 80 69 75 14 0 10 0.04 0.0 0 10.2 18 240 M M 4 138 27 250
9 76 60 68 7 0 3 0.00 0.0 0 11.9 32 10 M M 1 18 43 350
10 62 46 54 -7 11 0 0.00 0.0 0 11.9 25 20 M M 0 35 30
11 75 45 60 -2 5 0 0.02 0.0 0 7.0 16 150 M M 2 3 21 130
12 74 57 66 4 0 1 1.76 0.0 0 12.2 40 290 M M 7 13 59 300
13 60 46 53 -9 12 0 T 0.0 0 12.7 24 320 M M 5 1 32 310
14 56 43 50 -13 15 0 0.00 0.0 0 13.2 24 350 M M 1 32 350
15 63 38 51 -12 14 0 0.00 0.0 0 4.9 12 30 M M 0 19 330
16 72 40 56 -7 9 0 0.00 0.0 0 7.0 15 170 M M 0 8 21 150
17 76 49 63 -1 2 0 0.30 0.0 0 9.3 30 310 M M 3 138 45 320
18 64 48 56 -8 9 0 0.07 0.0 0 9.2 21 10 M M 4 1 28 10
19 64 56 60 -4 5 0 0.75 0.0 0 8.1 30 350 M M 10 13 42 340
20 72 55 64 -1 1 0 0.00 0.0 0 7.0 14 320 M M 3 18 340
21 81 55 68 3 0 3 0.01 0.0 0 4.9 10 10 M M 0 3 14 20
22 74 61 68 3 0 3 0.92 0.0 0 16.0 39 160 M M 5 13 56 150
23 73 58 66 0 0 1 0.13 0.0 0 11.1 25 260 M M 5 1 33 250
24 79 54 67 1 0 2 0.17 0.0 0 6.2 28 180 M M 2 13 36 180
25 72 60 66 0 0 1 0.73 0.0 0 11.3 33 160 M M 5 13 44 160
26 74 52 63 -4 2 0 0.00 0.0 0 6.2 14 30 M M 1 19 340
27 76 59 68 1 0 3 0.00 0.0 0 7.5 16 150 M M 0 21 160
28 74 59 67 0 0 2 0.00 0.0 0 11.1 21 170 M M 4 3 27 180
29 75 57 66 -2 0 1 0.63 0.0 0 13.4 39 320 M M 6 13 51 320
30 74 54 64 -4 1 0 0.00 0.0 0 9.4 21 320 M M 0 29 290
================================================================================
SM 2164 1619 93 42 5.98 0.0 260.6 M 84
================================================================================
AV 72.1 54.0 8.7 FASTST M M 3 MAX(MPH)
MISC ----> # 40 290 # 59 300
================================================================================
NOTES:
# LAST OF SEVERAL OCCURRENCES
COLUMN 17 PEAK WIND IN M.P.H.
PRELIMINARY LOCAL CLIMATOLOGICAL DATA (WS FORM: F-6) , PAGE 2
STATION: GREENVILLE
MONTH: APRIL
YEAR: 2020
LATITUDE: 33 29 N
LONGITUDE: 90 59 W
[TEMPERATURE DATA] [PRECIPITATION DATA] SYMBOLS USED IN COLUMN 16
AVERAGE MONTHLY: 63.1 TOTAL FOR MONTH: 5.98 1 = FOG OR MIST
DPTR FM NORMAL: -0.2 DPTR FM NORMAL: 1.17 2 = FOG REDUCING VISIBILITY
HIGHEST: 81 ON 21 GRTST 24HR 1.76 ON 12-12 TO 1/4 MILE OR LESS
LOWEST: 38 ON 15 3 = THUNDER
SNOW, ICE PELLETS, HAIL 4 = ICE PELLETS
TOTAL MONTH: 0.0 INCH 5 = HAIL
GRTST 24HR 0.0 6 = FREEZING RAIN OR DRIZZLE
GRTST DEPTH: 0 7 = DUSTSTORM OR SANDSTORM:
VSBY 1/2 MILE OR LESS
8 = SMOKE OR HAZE
[NO. OF DAYS WITH] [WEATHER - DAYS WITH] 9 = BLOWING SNOW
X = TORNADO
MAX 32 OR BELOW: 0 0.01 INCH OR MORE: 14
MAX 90 OR ABOVE: 0 0.10 INCH OR MORE: 10
MIN 32 OR BELOW: 0 0.50 INCH OR MORE: 5
MIN 0 OR BELOW: 0 1.00 INCH OR MORE: 1
[HDD (BASE 65) ]
TOTAL THIS MO. 93 CLEAR (SCALE 0-3) 18
DPTR FM NORMAL -23 PTCLDY (SCALE 4-7) 11
TOTAL FM JUL 1 2225 CLOUDY (SCALE 8-10) 1
DPTR FM NORMAL -536
[CDD (BASE 65) ]
TOTAL THIS MO. 42
DPTR FM NORMAL -22 [PRESSURE DATA]
TOTAL FM JAN 1 93 HIGHEST SLP M ON M
DPTR FM NORMAL 7 LOWEST SLP 29.45 ON 12
[REMARKS]
#FINAL-04-20#