000
CXUS54 KJAN 011033
CLMGLH
CLIMATE REPORT
NATIONAL WEATHER SERVICE JACKSON MS
533 AM CDT SAT APR 01 2023
...................................
...THE GREENVILLE CLIMATE SUMMARY FOR THE MONTH OF MARCH 2023...
CLIMATE NORMAL PERIOD: 1991 TO 2020
CLIMATE RECORD PERIOD: 1903 TO 2023
WEATHER OBSERVED NORMAL DEPART LAST YEAR`S
VALUE DATE(S) VALUE FROM VALUE DATE(S)
NORMAL
................................................................
TEMPERATURE (F)
RECORD
HIGH 91 03/24/1929
LOW 15 03/03/1943
HIGHEST 82 03/01 MM MM 84 03/06
03/26
03/31
LOWEST 26 03/20 MM MM 28 03/12
03/13
AVG. MAXIMUM 69.1 66.0 3.1 69.1
AVG. MINIMUM 48.4 45.2 3.2 44.7
MEAN 58.7 55.6 3.1 56.9
DAYS MAX >= 90 0 0.0 0.0 0
DAYS MAX <= 32 0 0.1 -0.1 0
DAYS MIN <= 32 3 2.6 0.4 3
DAYS MIN <= 0 0 0.0 0.0 0
PRECIPITATION (INCHES)
RECORD
MAXIMUM 17.32 2016
MINIMUM 0.31 2007
TOTALS 4.93 4.71 0.22 5.86
DAILY AVG. 0.16 0.15 0.01 0.19
DAYS >= .01 13 10.4 2.6 10
DAYS >= .10 9 6.9 2.1 7
DAYS >= .50 6 3.0 3.0 3
DAYS >= 1.00 0 1.1 -1.1 2
GREATEST
24 HR. TOTAL 1.14 03/08 TO 03/09 2.21
SNOWFALL (INCHES)
TOTALS 0.0
DEGREE DAYS
HEATING TOTAL 227 311 -84 265
SINCE 7/1 1856 2499 -643 MM
COOLING TOTAL 42 20 22 20
SINCE 1/1 91 27 64 MM
................................................................
WIND (MPH)
AVERAGE WIND SPEED 10.3
HIGHEST WIND SPEED/DIRECTION 44/230 DATE 03/24
HIGHEST GUST SPEED/DIRECTION 60/240 DATE 03/24
SKY COVER
POSSIBLE SUNSHINE (PERCENT) MM
AVERAGE SKY COVER 0.36
NUMBER OF DAYS FAIR 15
NUMBER OF DAYS PC 12
NUMBER OF DAYS CLOUDY 4
AVERAGE RH (PERCENT) 69
WEATHER CONDITIONS. NUMBER OF DAYS WITH
THUNDERSTORM 9 MIXED PRECIP 0
HEAVY RAIN 7 RAIN 8
LIGHT RAIN 14 FREEZING RAIN 0
LT FREEZING RAIN 0 HAIL 0
HEAVY SNOW 0 SNOW 0
LIGHT SNOW 0 SLEET 0
FOG 13 FOG W/VIS <= 1/4 MILE 1
HAZE 5
- INDICATES NEGATIVE NUMBERS.
R INDICATES RECORD WAS SET OR TIED.
MM INDICATES DATA IS MISSING.
T INDICATES TRACE AMOUNT.
$$