000
CXUS54 KHGX 011410
CF6GLS
PRELIMINARY LOCAL CLIMATOLOGICAL DATA (WS FORM: F-6)
STATION: GALVESTON
MONTH: JULY
YEAR: 2023
LATITUDE: 29 16 N
LONGITUDE: 94 52 W
TEMPERATURE IN F: :PCPN: SNOW: WIND :SUNSHINE: SKY :PK WND
================================================================================
1 2 3 4 5 6A 6B 7 8 9 10 11 12 13 14 15 16 17 18
12Z AVG MX 2MIN
DY MAX MIN AVG DEP HDD CDD WTR SNW DPTH SPD SPD DIR MIN PSBL S-S WX SPD DR
================================================================================
1 91 81 86 1 0 21 0.00 0.0 0 7.2 14 170 M M 1 20 160
2 94 83 89 4 0 24 0.00 0.0 0 7.4 14 170 M M 2 19 110
3 92 83 88 3 0 23 0.00 0.0 0 9.4 16 160 M M 1 21 170
4 93 83 88 3 0 23 T 0.0 0 12.2 18 170 M M 1 23 170
5 92 81 87 2 0 22 T 0.0 0 11.2 26 200 M M 2 34 200
6 88 77 83 -2 0 18 0.14 0.0 0 8.4 24 230 M M 2 13 32 230
7 89 76 83 -2 0 18 0.31 0.0 0 10.0 30 170 M M 3 13 39 140
8 91 81 86 1 0 21 0.00 0.0 0 10.2 18 200 M M 2 3 26 220
9 91 83 87 2 0 22 0.00 0.0 0 13.1 22 190 M M 2 8 27 200
10 91 82 87 2 0 22 0.00 0.0 0 12.7 20 170 M M 1 1 26 180
11 92 83 88 3 0 23 0.00 0.0 0 13.9 22 180 M M 1 30 180
12 92 83 88 3 0 23 0.00 0.0 0 15.5 20 180 M M 2 26 170
13 92 83 88 3 0 23 0.00 0.0 0 12.9 20 180 M M 3 8 25 190
14 93 83 88 3 0 23 0.00 0.0 0 12.5 17 170 M M 2 23 190
15 93 83 88 3 0 23 0.00 0.0 0 12.7 18 190 M M 1 23 180
16 92 81 87 1 0 22 0.00 0.0 0 10.6 17 200 M M 2 18 23 180
17 92 81 87 1 0 22 0.00 0.0 0 11.2 18 190 M M 1 1 27 130
18 92 82 87 1 0 22 0.00 0.0 0 11.9 20 180 M M 1 26 180
19 92 82 87 1 0 22 0.00 0.0 0 11.9 17 170 M M 1 23 200
20 92 81 87 1 0 22 0.00 0.0 0 10.0 17 160 M M 1 22 140
21 92 82 87 1 0 22 0.00 0.0 0 9.3 16 180 M M 2 21 170
22 93 74 84 -2 0 19 1.37 0.0 0 10.3 38 10 M M 2 13 50 10
23 92 77 85 -1 0 20 T 0.0 0 5.7 14 210 M M 1 3 21 130
24 91 82 87 1 0 22 0.06 0.0 0 6.5 16 170 M M 1 18 20 140
25 91 81 86 0 0 21 0.00 0.0 0 7.4 15 160 M M 1 20 160
26 91 80 86 0 0 21 0.02 0.0 0 9.0 22 150 M M 2 138 27 150
27 91 82 87 1 0 22 T 0.0 0 7.7 14 140 M M 2 19 140
28 92 82 87 1 0 22 0.09 0.0 0 8.2 16 170 M M 2 8 21 130
29 91 82 87 1 0 22 0.00 0.0 0 8.0 16 170 M M 2 21 170
30 92 81 87 1 0 22 0.00 0.0 0 7.2 14 170 M M 0 18 170
31 94 82 88 2 0 23 0.00 0.0 0 7.5 14 200 M M 0 17 180
================================================================================
SM 2844 2517 0 675 1.99 0.0 311.7 M 47
================================================================================
AV 91.7 81.2 10.1 FASTST M M 2 MAX(MPH)
MISC ----> 38 10 50 10
================================================================================
NOTES:
# LAST OF SEVERAL OCCURRENCES
COLUMN 17 PEAK WIND IN M.P.H.
PRELIMINARY LOCAL CLIMATOLOGICAL DATA (WS FORM: F-6) , PAGE 2
STATION: GALVESTON
MONTH: JULY
YEAR: 2023
LATITUDE: 29 16 N
LONGITUDE: 94 52 W
[TEMPERATURE DATA] [PRECIPITATION DATA] SYMBOLS USED IN COLUMN 16
AVERAGE MONTHLY: 86.5 TOTAL FOR MONTH: 1.99 1 = FOG OR MIST
DPTR FM NORMAL: 1.0 DPTR FM NORMAL: -1.42 2 = FOG REDUCING VISIBILITY
HIGHEST: 94 ON 31, 2 GRTST 24HR 1.37 ON 22-22 TO 1/4 MILE OR LESS
LOWEST: 74 ON 22 3 = THUNDER
SNOW, ICE PELLETS, HAIL 4 = ICE PELLETS
TOTAL MONTH: 0.0 INCH 5 = HAIL
GRTST 24HR 0.0 6 = FREEZING RAIN OR DRIZZLE
GRTST DEPTH: 0 7 = DUSTSTORM OR SANDSTORM:
VSBY 1/2 MILE OR LESS
8 = SMOKE OR HAZE
[NO. OF DAYS WITH] [WEATHER - DAYS WITH] 9 = BLOWING SNOW
X = TORNADO
MAX 32 OR BELOW: 0 0.01 INCH OR MORE: 6
MAX 90 OR ABOVE: 29 0.10 INCH OR MORE: 3
MIN 32 OR BELOW: 0 0.50 INCH OR MORE: 1
MIN 0 OR BELOW: 0 1.00 INCH OR MORE: 1
[HDD (BASE 65) ]
TOTAL THIS MO. 0 CLEAR (SCALE 0-3) 31
DPTR FM NORMAL 0 PTCLDY (SCALE 4-7) 0
TOTAL FM JUL 1 0 CLOUDY (SCALE 8-10) 0
DPTR FM NORMAL 0
[CDD (BASE 65) ]
TOTAL THIS MO. 675
DPTR FM NORMAL 39 [PRESSURE DATA]
TOTAL FM JAN 1 2148 HIGHEST SLP 30.17 ON 25
DPTR FM NORMAL 211 LOWEST SLP 29.87 ON 22
[REMARKS]
#FINAL-07-23#