000
CXUS54 KHGX 011410
CF6GLS
PRELIMINARY LOCAL CLIMATOLOGICAL DATA (WS FORM: F-6)
STATION: GALVESTON
MONTH: AUGUST
YEAR: 2022
LATITUDE: 29 16 N
LONGITUDE: 94 52 W
TEMPERATURE IN F: :PCPN: SNOW: WIND :SUNSHINE: SKY :PK WND
================================================================================
1 2 3 4 5 6A 6B 7 8 9 10 11 12 13 14 15 16 17 18
12Z AVG MX 2MIN
DY MAX MIN AVG DEP HDD CDD WTR SNW DPTH SPD SPD DIR MIN PSBL S-S WX SPD DR
================================================================================
1 93 80 87 1 0 22 0.26 0.0 0 13.7 25 160 M M 1 31 150
2 95 86 91 5 0 26 0.00 0.0 0 15.5 22 180 M M 2 28 220
3 95 86 91 5 0 26 0.00 0.0 0 15.0 21 180 M M 3 27 180
4 95 86 91 5 0 26 0.00 0.0 0 13.2 18 180 M M 2 24 180
5 91 78 85 -1 0 20 0.50 0.0 0 5.8 24 170 M M 5 3 29 170
6 91 80 86 0 0 21 0.58 0.0 0 10.4 17 150 M M 3 13 29 240
7 94 84 89 3 0 24 0.01 0.0 0 10.4 16 140 M M 2 22 120
8 93 83 88 2 0 23 0.02 0.0 0 9.8 16 150 M M 2 22 150
9 94 85 90 4 0 25 0.00 0.0 0 9.9 15 160 M M 2 19 170
10 95 80 88 2 0 23 0.28 0.0 0 7.0 31 360 M M 3 3 41 10
11 94 82 88 2 0 23 0.00 0.0 0 9.2 15 120 M M 3 21 110
12 91 79 85 -1 0 20 0.54 0.0 0 8.6 18 350 M M 3 138 23 340
13 92 82 87 1 0 22 0.05 0.0 0 11.9 21 80 M M 5 29 70
14 91 80 86 0 0 21 0.49 0.0 0 10.4 23 200 M M 3 33 200
15 93 83 88 2 0 23 0.00 0.0 0 9.8 16 160 M M 2 20 160
16 93 83 88 2 0 23 0.00 0.0 0 9.3 14 170 M M 1 8 18 210
17 94 84 89 3 0 24 T 0.0 0 9.7 17 200 M M 1 23 200
18 95 77 86 0 0 21 0.55 0.0 0 8.0 20 190 M M 2 3 25 30
19 86 78 82 -4 0 17 0.96 0.0 0 6.9 16 170 M M 2 3 22 150
20 92 83 88 2 0 23 0.14 0.0 0 13.0 22 140 M M 2 28 140
21 92 85 89 3 0 24 0.00 0.0 0 13.9 20 180 M M 2 28 180
22 93 81 87 1 0 22 0.23 0.0 0 15.0 28 220 M M 2 8 40 220
23 93 80 87 1 0 22 T 0.0 0 10.4 22 190 M M 4 38 34 240
24 87 77 82 -4 0 17 0.51 0.0 0 5.3 26 230 M M 7 1 39 230
25 86 81 84 -1 0 19 0.34 0.0 0 4.4 17 180 M M 4 3 21 180
26 92 78 85 0 0 20 0.36 0.0 0 8.4 20 200 M M 4 13 24 210
27 89 80 85 0 0 20 0.55 0.0 0 8.1 20 190 M M 3 3 25 190
28 91 84 88 3 0 23 T 0.0 0 12.1 22 150 M M 3 28 140
29 88 79 84 -1 0 19 1.03 0.0 0 11.6 30 180 M M 5 1 41 190
30 91 83 87 2 0 22 0.00 0.0 0 7.7 14 150 M M 2 19 140
31 91 82 87 2 0 22 0.00 0.0 0 7.2 15 110 M M 1 18 90
================================================================================
SM 2850 2529 0 683 7.40 0.0 311.6 M 86
================================================================================
AV 91.9 81.6 10.1 FASTST M M 3 MAX(MPH)
MISC ----> 31 360 # 41 10
================================================================================
NOTES:
# LAST OF SEVERAL OCCURRENCES
COLUMN 17 PEAK WIND IN M.P.H.
PRELIMINARY LOCAL CLIMATOLOGICAL DATA (WS FORM: F-6) , PAGE 2
STATION: GALVESTON
MONTH: AUGUST
YEAR: 2022
LATITUDE: 29 16 N
LONGITUDE: 94 52 W
[TEMPERATURE DATA] [PRECIPITATION DATA] SYMBOLS USED IN COLUMN 16
AVERAGE MONTHLY: 86.8 TOTAL FOR MONTH: 7.40 1 = FOG OR MIST
DPTR FM NORMAL: 0.9 DPTR FM NORMAL: 2.69 2 = FOG REDUCING VISIBILITY
HIGHEST: 95 ON 10, 4 GRTST 24HR 1.51 ON 18-19 TO 1/4 MILE OR LESS
LOWEST: 77 ON 24,18 3 = THUNDER
SNOW, ICE PELLETS, HAIL 4 = ICE PELLETS
TOTAL MONTH: 0.0 INCH 5 = HAIL
GRTST 24HR 0.0 6 = FREEZING RAIN OR DRIZZLE
GRTST DEPTH: 0 7 = DUSTSTORM OR SANDSTORM:
VSBY 1/2 MILE OR LESS
8 = SMOKE OR HAZE
[NO. OF DAYS WITH] [WEATHER - DAYS WITH] 9 = BLOWING SNOW
X = TORNADO
MAX 32 OR BELOW: 0 0.01 INCH OR MORE: 18
MAX 90 OR ABOVE: 26 0.10 INCH OR MORE: 15
MIN 32 OR BELOW: 0 0.50 INCH OR MORE: 8
MIN 0 OR BELOW: 0 1.00 INCH OR MORE: 1
[HDD (BASE 65) ]
TOTAL THIS MO. 0 CLEAR (SCALE 0-3) 21
DPTR FM NORMAL 0 PTCLDY (SCALE 4-7) 10
TOTAL FM JUL 1 0 CLOUDY (SCALE 8-10) 0
DPTR FM NORMAL 0
[CDD (BASE 65) ]
TOTAL THIS MO. 683
DPTR FM NORMAL 35 [PRESSURE DATA]
TOTAL FM JAN 1 3132 HIGHEST SLP 30.14 ON 7
DPTR FM NORMAL 547 LOWEST SLP 29.82 ON 23
[REMARKS]
#FINAL-08-22#