000
CXUS54 KHGX 011410
CF6GLS
PRELIMINARY LOCAL CLIMATOLOGICAL DATA (WS FORM: F-6)
STATION: GALVESTON
MONTH: APRIL
YEAR: 2022
LATITUDE: 29 16 N
LONGITUDE: 94 52 W
TEMPERATURE IN F: :PCPN: SNOW: WIND :SUNSHINE: SKY :PK WND
================================================================================
1 2 3 4 5 6A 6B 7 8 9 10 11 12 13 14 15 16 17 18
12Z AVG MX 2MIN
DY MAX MIN AVG DEP HDD CDD WTR SNW DPTH SPD SPD DIR MIN PSBL S-S WX SPD DR
================================================================================
1 77 63 70 1 0 5 0.00 0.0 0 13.0 20 100 M M 0 27 50
2 78 68 73 4 0 8 T 0.0 0 8.8 15 120 M M 6 18 20 130
3 77 64 71 2 0 6 0.00 0.0 0 11.1 17 130 M M 1 24 130
4 76 70 73 4 0 8 0.11 0.0 0 12.6 18 110 M M 9 18 24 120
5 79 72 76 6 0 11 0.00 0.0 0 10.9 17 190 M M 10 18 23 190
6 88 72 80 10 0 15 0.00 0.0 0 15.6 32 340 M M 5 128 43 340
7 79 63 71 1 0 6 0.00 0.0 0 18.2 29 350 M M 1 39 10
8 79 58 69 -1 0 4 0.00 0.0 0 11.6 23 310 M M 1 8 33 260
9 78 57 68 -2 0 3 0.00 0.0 0 9.5 21 180 M M 0 29 180
10 81 71 76 6 0 11 0.00 0.0 0 17.6 25 160 M M 6 32 160
11 81 72 77 6 0 12 T 0.0 0 13.0 22 120 M M 9 31 100
12 79 73 76 5 0 11 0.03 0.0 0 16.1 38 170 M M 9 138 62 180
13 82 72 77 6 0 12 0.07 0.0 0 12.9 24 30 M M 10 18 34 30
14 80 68 74 3 0 9 0.00 0.0 0 17.1 28 60 M M 1 38 60
15 81 72 77 6 0 12 T 0.0 0 12.6 21 150 M M 10 18 27 150
16 83 74 79 7 0 14 0.00 0.0 0 11.3 17 170 M M 6 18 25 160
17 84 75 80 8 0 15 0.00 0.0 0 10.4 20 170 M M 6 18 25 190
18 83 70 77 5 0 12 0.00 0.0 0 13.7 21 360 M M 3 27 10
19 79 66 73 1 0 8 0.00 0.0 0 18.5 25 120 M M 6 33 120
20 83 73 78 6 0 13 T 0.0 0 16.1 24 150 M M 8 8 31 140
21 83 74 79 6 0 14 0.00 0.0 0 15.7 21 120 M M 8 8 27 110
22 83 73 78 5 0 13 0.00 0.0 0 17.3 24 130 M M 6 18 32 140
23 83 74 79 6 0 14 0.00 0.0 0 17.8 25 130 M M 7 33 140
24 85 74 80 7 0 15 0.00 0.0 0 16.4 21 130 M M 9 28 130
25 85 68 77 4 0 12 1.80 0.0 0 11.1 31 20 M M 7 13 41 20
26 79 68 74 0 0 9 0.00 0.0 0 11.7 24 20 M M 7 30 10
27 78 70 74 0 0 9 0.00 0.0 0 11.3 17 80 M M 1 24 120
28 81 72 77 3 0 12 0.00 0.0 0 13.5 21 150 M M 2 26 150
29 83 74 79 5 0 14 0.00 0.0 0 16.3 21 150 M M 4 27 150
30 85 77 81 7 0 16 0.00 0.0 0 13.6 21 160 M M 6 25 150
================================================================================
SM 2432 2097 0 323 2.01 0.0 415.3 M 164
================================================================================
AV 81.1 69.9 13.8 FASTST M M 5 MAX(MPH)
MISC ----> 38 170 62 180
================================================================================
NOTES:
# LAST OF SEVERAL OCCURRENCES
COLUMN 17 PEAK WIND IN M.P.H.
PRELIMINARY LOCAL CLIMATOLOGICAL DATA (WS FORM: F-6) , PAGE 2
STATION: GALVESTON
MONTH: APRIL
YEAR: 2022
LATITUDE: 29 16 N
LONGITUDE: 94 52 W
[TEMPERATURE DATA] [PRECIPITATION DATA] SYMBOLS USED IN COLUMN 16
AVERAGE MONTHLY: 75.5 TOTAL FOR MONTH: 2.01 1 = FOG OR MIST
DPTR FM NORMAL: 4.0 DPTR FM NORMAL: -0.05 2 = FOG REDUCING VISIBILITY
HIGHEST: 88 ON 6 GRTST 24HR 1.80 ON 25-25 TO 1/4 MILE OR LESS
LOWEST: 57 ON 9 3 = THUNDER
SNOW, ICE PELLETS, HAIL 4 = ICE PELLETS
TOTAL MONTH: 0.0 INCH 5 = HAIL
GRTST 24HR 0.0 6 = FREEZING RAIN OR DRIZZLE
GRTST DEPTH: 0 7 = DUSTSTORM OR SANDSTORM:
VSBY 1/2 MILE OR LESS
8 = SMOKE OR HAZE
[NO. OF DAYS WITH] [WEATHER - DAYS WITH] 9 = BLOWING SNOW
X = TORNADO
MAX 32 OR BELOW: 0 0.01 INCH OR MORE: 4
MAX 90 OR ABOVE: 0 0.10 INCH OR MORE: 2
MIN 32 OR BELOW: 0 0.50 INCH OR MORE: 1
MIN 0 OR BELOW: 0 1.00 INCH OR MORE: 1
[HDD (BASE 65) ]
TOTAL THIS MO. 0 CLEAR (SCALE 0-3) 9
DPTR FM NORMAL -12 PTCLDY (SCALE 4-7) 14
TOTAL FM JUL 1 684 CLOUDY (SCALE 8-10) 7
DPTR FM NORMAL -203
[CDD (BASE 65) ]
TOTAL THIS MO. 323
DPTR FM NORMAL 116 [PRESSURE DATA]
TOTAL FM JAN 1 461 HIGHEST SLP 30.27 ON 26
DPTR FM NORMAL 133 LOWEST SLP 29.60 ON 6
[REMARKS]
#FINAL-04-22#