000
CXUS52 KJAX 120156
CF6GNV
PRELIMINARY LOCAL CLIMATOLOGICAL DATA (WS FORM: F-6)
STATION: GAINESVILLE
MONTH: FEBRUARY
YEAR: 2023
LATITUDE: 29 40 N
LONGITUDE: 82 16 W
TEMPERATURE IN F: :PCPN: SNOW: WIND :SUNSHINE: SKY :PK WND
================================================================================
1 2 3 4 5 6A 6B 7 8 9 10 11 12 13 14 15 16 17 18
12Z AVG MX 2MIN
DY MAX MIN AVG DEP HDD CDD WTR SNW DPTH SPD SPD DIR MIN PSBL S-S WX SPD DR
================================================================================
1 79 54 67 11 0 2 0.00 0.0 0 2.7 13 300 M M 4 12 17 300
2 81 55 68 12 0 3 0.00 0.0 0 5.6 17 230 M M 5 12 25 240
3 70 41 56 -1 9 0 0.56 0.0 0 8.1 21 360 M M 7 1 29 350
4 69 40 55 -2 10 0 0.00 0.0 0 10.2 22 40 M M 1 43 40
5 77 51 64 7 1 0 0.00 0.0 0 4.8 12 360 M M 5 1 16 10
6 75 45 60 3 5 0 0.00 0.0 0 3.7 15 10 M M 0 21 50
7 76 41 59 2 6 0 0.00 0.0 0 4.3 15 120 M M 0 8 20 120
8 79 50 65 8 0 0 0.00 0.0 0 4.6 13 150 M M 0 1 18 120
9 85 50 68 10 0 3 T 0.0 0 3.7 15 160 M M 4 1 22 180
10 83 64 74 16 0 9 0.01 0.0 0 5.8 18 240 M M 7 1 26 240
11 70 60 65 7 0 0 1.77 0.0 0 8.9 28 240 M M 10 13 44 230
12 61 48 55 -3 10 0 0.06 0.0 0 12.4 25 260 M M 9 1 42 240
13 71 41 56 -2 9 0 0.00 0.0 0 6.6 14 270 M M 0 19 290
14 77 38 58 0 7 0 0.00 0.0 0 2.6 13 110 M M 0 19 130
15 81 46 64 5 1 0 0.00 0.0 0 3.7 16 170 M M 1 24 160
16 84 56 70 11 0 5 0.00 0.0 0 4.7 17 160 M M 2 1 25 160
17 85 54 70 11 0 5 0.06 0.0 0 10.1 26 240 M M 4 1 36 220
18 64 40 52 -7 13 0 0.00 0.0 0 10.1 21 40 M M 0 32 40
19 80 42 61 2 4 0 0.00 0.0 0 4.0 15 280 M M 2 21 270
20 80 48 64 5 1 0 0.00 0.0 0 7.3 20 230 M M 2 12 30 220
21 83 63 73 14 0 8 0.00 0.0 0 10.8 20 240 M M 4 27 240
22 87 62 75 15 0 10 0.00 0.0 0 6.8 18 180 M M 4 1 26 170
23 87 56 72 12 0 7 0.00 0.0 0 6.0 20 230 M M 2 12 25 220
24 87 68 78 18 0 13 0.00 0.0 0 4.1 10 270 M M 4 1 17 230
25 87 59 73 13 0 8 0.00 0.0 0 5.2 16 270 M M 2 1 26 260
26 85 60 73 13 0 8 0.00 0.0 0 6.0 15 250 M M 3 1 19 260
27 83 60 72 12 0 7 0.00 0.0 0 11.0 24 240 M M 6 33 260
28 86 71 79 19 0 14 0.00 0.0 0 12.8 23 230 M M 6 32 240
================================================================================
SM 2212 1463 76 102 2.46 0.0 186.6 M 94
================================================================================
AV 79.0 52.3 6.7 FASTST M M 3 MAX(MPH)
MISC ----> 28 240 44 230
================================================================================
NOTES:
# LAST OF SEVERAL OCCURRENCES
COLUMN 17 PEAK WIND IN M.P.H.
PRELIMINARY LOCAL CLIMATOLOGICAL DATA (WS FORM: F-6) , PAGE 2
STATION: GAINESVILLE
MONTH: FEBRUARY
YEAR: 2023
LATITUDE: 29 40 N
LONGITUDE: 82 16 W
[TEMPERATURE DATA] [PRECIPITATION DATA] SYMBOLS USED IN COLUMN 16
AVERAGE MONTHLY: 65.6 TOTAL FOR MONTH: 2.46 1 = FOG OR MIST
DPTR FM NORMAL: 7.2 DPTR FM NORMAL: -0.21 2 = FOG REDUCING VISIBILITY
HIGHEST: 87 ON 25,24 GRTST 24HR 1.77 ON 11-11 TO 1/4 MILE OR LESS
LOWEST: 38 ON 14 3 = THUNDER
SNOW, ICE PELLETS, HAIL 4 = ICE PELLETS
TOTAL MONTH: 0.0 INCH 5 = HAIL
GRTST 24HR 0.0 6 = FREEZING RAIN OR DRIZZLE
GRTST DEPTH: 0 7 = DUSTSTORM OR SANDSTORM:
VSBY 1/2 MILE OR LESS
8 = SMOKE OR HAZE
[NO. OF DAYS WITH] [WEATHER - DAYS WITH] 9 = BLOWING SNOW
X = TORNADO
MAX 32 OR BELOW: 0 0.01 INCH OR MORE: 5
MAX 90 OR ABOVE: 0 0.10 INCH OR MORE: 2
MIN 32 OR BELOW: 0 0.50 INCH OR MORE: 2
MIN 0 OR BELOW: 0 1.00 INCH OR MORE: 1
[HDD (BASE 65) ]
TOTAL THIS MO. 76 CLEAR (SCALE 0-3) 14
DPTR FM NORMAL -137 PTCLDY (SCALE 4-7) 12
TOTAL FM JUL 1 663 CLOUDY (SCALE 8-10) 2
DPTR FM NORMAL -306
[CDD (BASE 65) ]
TOTAL THIS MO. 102
DPTR FM NORMAL 74 [PRESSURE DATA]
TOTAL FM JAN 1 142 HIGHEST SLP 30.48 ON 4
DPTR FM NORMAL 96 LOWEST SLP 29.85 ON 12
[REMARKS]
#FINAL-02-23#