000
CXUS52 KJAX 010800
CF6GNV
PRELIMINARY LOCAL CLIMATOLOGICAL DATA (WS FORM: F-6)
STATION: GAINESVILLE
MONTH: MARCH
YEAR: 2022
LATITUDE: 29 40 N
LONGITUDE: 82 16 W
TEMPERATURE IN F: :PCPN: SNOW: WIND :SUNSHINE: SKY :PK WND
================================================================================
1 2 3 4 5 6A 6B 7 8 9 10 11 12 13 14 15 16 17 18
12Z AVG MX 2MIN
DY MAX MIN AVG DEP HDD CDD WTR SNW DPTH SPD SPD DIR MIN PSBL S-S WX SPD DR
================================================================================
1 75 46 61 0 4 0 0.00 0.0 0 5.7 14 10 M M 5 20 10
2 79 39 59 -2 6 0 0.00 0.0 0 2.3 9 250 M M 0 8 14 360
3 83 41 62 1 3 0 0.00 0.0 0 2.6 12 250 M M 0 17 250
4 85 46 66 5 0 1 0.00 0.0 0 4.7 13 130 M M 0 1 19 130
5 84 58 71 10 0 6 0.00 0.0 0 8.1 18 100 M M 4 1 27 150
6 87 57 72 11 0 7 0.00 0.0 0 8.1 18 130 M M 0 26 120
7 87 60 74 13 0 9 T 0.0 0 6.8 18 250 M M 2 1 25 180
8 87 63 75 13 0 10 0.06 0.0 0 5.0 20 160 M M 7 1 26 160
9 85 65 75 13 0 10 0.85 0.0 0 8.2 22 240 M M 8 13 28 240
10 71 62 67 5 0 2 1.23 0.0 0 4.6 22 330 M M 7 13 33 340
11 69 60 65 3 0 0 3.90 0.0 0 2.9 15 260 M M 9 123 21 190
12 73 40 57 -5 8 0 1.16 0.0 0 13.1 36 220 M M 5 13 58 230
13 60 33 47 -15 18 0 0.00 0.0 0 7.8 16 40 M M 0 24 360
14 75 44 60 -2 5 0 0.00 0.0 0 7.6 17 100 M M 3 25 50
15 70 57 64 1 1 0 1.39 0.0 0 8.9 25 110 M M 8 1 37 120
16 79 61 70 7 0 5 0.03 0.0 0 8.2 20 120 M M 6 1 26 140
17 80 54 67 4 0 2 0.00 0.0 0 5.1 14 240 M M 2 12 20 270
18 87 54 71 8 0 6 0.00 0.0 0 6.6 23 240 M M 5 12 32 240
19 85 61 73 10 0 8 0.04 0.0 0 9.8 20 240 M M 1 1 28 230
20 75 47 61 -2 4 0 0.17 0.0 0 5.3 16 340 M M 2 13 22 350
21 79 42 61 -2 4 0 0.00 0.0 0 6.2 17 110 M M 0 26 50
22 83 52 68 4 0 3 0.00 0.0 0 7.5 20 140 M M 3 27 130
23 80 67 74 10 0 9 0.28 0.0 0 7.9 15 160 M M 6 13 20 160
24 70 59 65 1 0 0 1.94 0.0 0 4.3 13 320 M M 10 13 19 240
25 75 51 63 -1 2 0 0.03 0.0 0 8.7 28 270 M M 3 1 38 270
26 76 48 62 -2 3 0 0.00 0.0 0 9.7 24 270 M M 0 34 340
27 78 48 63 -2 2 0 0.00 0.0 0 9.1 20 270 M M 0 26 260
28 83 55 69 4 0 4 0.00 0.0 0 9.0 17 270 M M 2 12 25 280
29 85 57 71 6 0 6 0.00 0.0 0 4.1 9 20 M M 2 12 16 30
30 87 58 73 8 0 8 0.00 0.0 0 9.3 21 140 M M 0 1 29 150
31 78 65 72 7 0 7 1.51 0.0 0 11.6 33 270 M M 4 13 46 280
================================================================================
SM 2450 1650 60 103 12.59 0.0 218.8 M 104
================================================================================
AV 79.0 53.2 7.1 FASTST M M 3 MAX(MPH)
MISC ----> 36 220 58 230
================================================================================
NOTES:
# LAST OF SEVERAL OCCURRENCES
COLUMN 17 PEAK WIND IN M.P.H.
PRELIMINARY LOCAL CLIMATOLOGICAL DATA (WS FORM: F-6) , PAGE 2
STATION: GAINESVILLE
MONTH: MARCH
YEAR: 2022
LATITUDE: 29 40 N
LONGITUDE: 82 16 W
[TEMPERATURE DATA] [PRECIPITATION DATA] SYMBOLS USED IN COLUMN 16
AVERAGE MONTHLY: 66.1 TOTAL FOR MONTH: 12.59 1 = FOG OR MIST
DPTR FM NORMAL: 3.4 DPTR FM NORMAL: 9.10 2 = FOG REDUCING VISIBILITY
HIGHEST: 87 ON 30, 8 GRTST 24HR 4.95 ON 11-12 TO 1/4 MILE OR LESS
LOWEST: 33 ON 13 3 = THUNDER
SNOW, ICE PELLETS, HAIL 4 = ICE PELLETS
TOTAL MONTH: 0.0 INCH 5 = HAIL
GRTST 24HR 0.0 6 = FREEZING RAIN OR DRIZZLE
GRTST DEPTH: 0 7 = DUSTSTORM OR SANDSTORM:
VSBY 1/2 MILE OR LESS
8 = SMOKE OR HAZE
[NO. OF DAYS WITH] [WEATHER - DAYS WITH] 9 = BLOWING SNOW
X = TORNADO
MAX 32 OR BELOW: 0 0.01 INCH OR MORE: 13
MAX 90 OR ABOVE: 0 0.10 INCH OR MORE: 9
MIN 32 OR BELOW: 0 0.50 INCH OR MORE: 7
MIN 0 OR BELOW: 0 1.00 INCH OR MORE: 6
[HDD (BASE 65) ]
TOTAL THIS MO. 60 CLEAR (SCALE 0-3) 18
DPTR FM NORMAL -72 PTCLDY (SCALE 4-7) 10
TOTAL FM JUL 1 869 CLOUDY (SCALE 8-10) 3
DPTR FM NORMAL -232
[CDD (BASE 65) ]
TOTAL THIS MO. 103
DPTR FM NORMAL 41 [PRESSURE DATA]
TOTAL FM JAN 1 183 HIGHEST SLP 30.50 ON 13
DPTR FM NORMAL 77 LOWEST SLP 29.69 ON 12
[REMARKS]
#FINAL-03-22#