000
CXUS53 KGRB 010752
CLMGRB
CLIMATE REPORT
NATIONAL WEATHER SERVICE GREEN BAY
252 AM CDT WED NOV 01 2023
...................................
...THE GREEN BAY WI CLIMATE SUMMARY FOR THE MONTH OF OCTOBER 2023...
CLIMATE NORMAL PERIOD: 1991 TO 2020
CLIMATE RECORD PERIOD: 1886 TO 2023
WEATHER OBSERVED NORMAL DEPART LAST YEAR`S
VALUE DATE(S) VALUE FROM VALUE DATE(S)
NORMAL
................................................................
TEMPERATURE (F)
RECORD
HIGH 88 10/06/1963
LOW 8 10/25/1887
HIGHEST 88R 10/01 77 11 81 10/11
LOWEST 26 10/30 24 2 30 10/27
10/31
AVG. MAXIMUM 60.8 58.0 2.8 62.9
AVG. MINIMUM 41.4 39.5 1.9 39.3
MEAN 51.1 48.7 2.4 51.1
DAYS MAX >= 90 0 0.0 0.0 0
DAYS MAX <= 32 0 0.0 0.0 0
DAYS MIN <= 32 3 7.7 -4.7 3
DAYS MIN <= 0 0 0.0 0.0 0
PRECIPITATION (INCHES)
RECORD
MAXIMUM 5.40 1886
MINIMUM T 1952
TOTALS 3.65 2.67 0.98 1.55
DAYS >= .01 13 10.4 2.6 9
DAYS >= .10 5 5.8 -0.8 3
DAYS >= .50 3 1.6 1.4 1
DAYS >= 1.00 1 0.6 0.4 0
GREATEST
24 HR. TOTAL 1.30 10/24 TO 10/25
SNOWFALL (INCHES)
RECORDS
TOTAL 10.3 1887
TOTALS 0.7 0.3 0.4 0.1
SINCE 7/1 0.7 0.3 0.4 MM
SNOWDEPTH AVG. 0 0
DAYS >= 1.0 0 0.2 -0.2 0
GREATEST
SNOW DEPTH 0 0 MM
24 HR TOTAL MM
DEGREE DAYS
HEATING TOTAL 451 507 -56 423
SINCE 7/1 555 718 -163 MM
COOLING TOTAL 29 4 25 2
SINCE 1/1 624 508 116 MM
................................................................
WIND (MPH)
AVERAGE WIND SPEED 8.2
HIGHEST WIND SPEED/DIRECTION 26/020 DATE 10/14
HIGHEST GUST SPEED/DIRECTION 38/020 DATE 10/14
SKY COVER
POSSIBLE SUNSHINE (PERCENT) MM
AVERAGE SKY COVER 0.53
NUMBER OF DAYS FAIR 10
NUMBER OF DAYS PC 10
NUMBER OF DAYS CLOUDY 11
AVERAGE RH (PERCENT) 72
WEATHER CONDITIONS. NUMBER OF DAYS WITH
THUNDERSTORM 2 MIXED PRECIP 0
HEAVY RAIN 2 RAIN 4
LIGHT RAIN 15 FREEZING RAIN 0
LT FREEZING RAIN 0 HAIL 0
HEAVY SNOW 0 SNOW 0
LIGHT SNOW 1 SLEET 0
FOG 14 FOG W/VIS <= 1/4 MILE 0
HAZE 5
- INDICATES NEGATIVE NUMBERS.
R INDICATES RECORD WAS SET OR TIED.
MM INDICATES DATA IS MISSING.
T INDICATES TRACE AMOUNT.
$$