000
CXUS53 KGID 010830
CF6GRI
PRELIMINARY LOCAL CLIMATOLOGICAL DATA (WS FORM: F-6)
STATION: GRAND ISLAND NE
MONTH: AUGUST
YEAR: 2022
LATITUDE: 40 58 N
LONGITUDE: 98 19 W
TEMPERATURE IN F: :PCPN: SNOW: WIND :SUNSHINE: SKY :PK WND
================================================================================
1 2 3 4 5 6A 6B 7 8 9 10 11 12 13 14 15 16 17 18
12Z AVG MX 2MIN
DY MAX MIN AVG DEP HDD CDD WTR SNW DPTH SPD SPD DIR MIN PSBL S-S WX SPD DR
================================================================================
1 96 70 83 6 0 18 0.00 0.0 0 7.1 16 180 M M 0 1 21 190
2 97 70 84 7 0 19 0.00 0.0 0 9.9 18 300 M M 0 28 280
3 93 67 80 4 0 15 T 0.0 0 8.1 20 360 M M 0 3 26 350
4 89 61 75 -1 0 10 0.00 0.0 0 7.8 17 170 M M 0 23 160
5 95 70 83 7 0 18 0.00 0.0 0 12.6 18 140 M M 0 29 140
6 96 75 86 10 0 21 T 0.0 0 9.1 18 30 M M 2 1 26 30
7 82 65 74 -2 0 9 0.01 0.0 0 10.7 24 320 M M 7 18 32 310
8 81 58 70 -6 0 5 0.00 0.0 0 7.1 18 10 M M 2 23 10
9 89 58 74 -2 0 9 0.00 0.0 0 6.4 13 160 M M 0 18 150
10 94 63 79 3 0 14 0.00 0.0 0 7.4 15 170 M M 1 20 160
11 93 67 80 4 0 15 0.00 0.0 0 10.3 16 210 M M 0 22 220
12 96 67 82 6 0 17 0.00 0.0 0 13.1 20 180 M M 0 27 170
13 91 66 79 4 0 14 0.00 0.0 0 8.8 17 320 M M 1 25 210
14 88 67 78 3 0 13 T 0.0 0 10.5 17 90 M M 1 1 24 100
15 73 64 69 -6 0 4 0.05 0.0 0 10.4 21 80 M M 8 3 28 80
16 68 60 64 -11 1 0 0.03 0.0 0 7.8 18 70 M M 10 1 25 70
17 82 56 69 -6 0 4 0.00 0.0 0 4.5 10 110 M M 2 128 15 80
18 90 58 74 0 0 9 0.01 0.0 0 8.4 18 260 M M 1 13 25 210
19 88 62 75 1 0 10 0.00 0.0 0 5.9 17 330 M M 2 23 310
20 83 59 71 -3 0 6 0.00 0.0 0 7.4 15 330 M M 3 20 330
21 85 55 70 -4 0 5 0.00 0.0 0 3.9 10 110 M M 0 8 16 140
22 87 57 72 -2 0 7 0.00 0.0 0 4.9 14 140 M M 0 1 19 170
23 91 59 75 1 0 10 0.00 0.0 0 8.1 17 220 M M 0 22 210
24 93 63 78 5 0 13 0.00 0.0 0 7.3 17 190 M M 1 24 190
25 89 67 78 5 0 13 T 0.0 0 7.6 18 320 M M 1 22 320
26 93 65 79 6 0 14 0.00 0.0 0 11.0 17 140 M M 0 26 160
27 79 67 73 0 0 8 0.35 0.0 0 12.2 26 170 M M 3 3 37 190
28 96 67 82 10 0 17 0.00 0.0 0 11.3 20 180 M M 0 26 170
29 88 63 76 4 0 11 T 0.0 0 7.1 16 30 M M 0 22 40
30 88 57 73 1 0 8 0.00 0.0 0 4.8 10 140 M M 0 13 80
31 97 59 78 6 0 13 0.00 0.0 0 8.6 24 360 M M 0 3 33 20
================================================================================
SM 2750 1962 1 349 0.45 0.0 260.1 M 45
================================================================================
AV 88.7 63.3 8.4 FASTST M M 1 MAX(MPH)
MISC ----> 26 170 37 190
================================================================================
NOTES:
# LAST OF SEVERAL OCCURRENCES
COLUMN 17 PEAK WIND IN M.P.H.
PRELIMINARY LOCAL CLIMATOLOGICAL DATA (WS FORM: F-6) , PAGE 2
STATION: GRAND ISLAND NE
MONTH: AUGUST
YEAR: 2022
LATITUDE: 40 58 N
LONGITUDE: 98 19 W
[TEMPERATURE DATA] [PRECIPITATION DATA] SYMBOLS USED IN COLUMN 16
AVERAGE MONTHLY: 76.0 TOTAL FOR MONTH: 0.45 1 = FOG OR MIST
DPTR FM NORMAL: 1.4 DPTR FM NORMAL: -2.75 2 = FOG REDUCING VISIBILITY
HIGHEST: 97 ON 31, 2 GRTST 24HR 0.35 ON 27-27 TO 1/4 MILE OR LESS
LOWEST: 55 ON 21 3 = THUNDER
SNOW, ICE PELLETS, HAIL 4 = ICE PELLETS
TOTAL MONTH: 0.0 INCH 5 = HAIL
GRTST 24HR 0.0 6 = FREEZING RAIN OR DRIZZLE
GRTST DEPTH: 0 7 = DUSTSTORM OR SANDSTORM:
VSBY 1/2 MILE OR LESS
8 = SMOKE OR HAZE
[NO. OF DAYS WITH] [WEATHER - DAYS WITH] 9 = BLOWING SNOW
X = TORNADO
MAX 32 OR BELOW: 0 0.01 INCH OR MORE: 5
MAX 90 OR ABOVE: 15 0.10 INCH OR MORE: 1
MIN 32 OR BELOW: 0 0.50 INCH OR MORE: 0
MIN 0 OR BELOW: 0 1.00 INCH OR MORE: 0
[HDD (BASE 65) ]
TOTAL THIS MO. 1 CLEAR (SCALE 0-3) 28
DPTR FM NORMAL -3 PTCLDY (SCALE 4-7) 2
TOTAL FM JUL 1 1 CLOUDY (SCALE 8-10) 1
DPTR FM NORMAL -1
[CDD (BASE 65) ]
TOTAL THIS MO. 349
DPTR FM NORMAL 45 [PRESSURE DATA]
TOTAL FM JAN 1 1212 HIGHEST SLP 30.22 ON 30
DPTR FM NORMAL 204 LOWEST SLP 29.60 ON 28
[REMARKS]
#FINAL-08-22#