000
CXUS53 KGID 010831
CF6GRI
PRELIMINARY LOCAL CLIMATOLOGICAL DATA (WS FORM: F-6)
STATION: GRAND ISLAND NE
MONTH: MAY
YEAR: 2022
LATITUDE: 40 58 N
LONGITUDE: 98 19 W
TEMPERATURE IN F: :PCPN: SNOW: WIND :SUNSHINE: SKY :PK WND
================================================================================
1 2 3 4 5 6A 6B 7 8 9 10 11 12 13 14 15 16 17 18
12Z AVG MX 2MIN
DY MAX MIN AVG DEP HDD CDD WTR SNW DPTH SPD SPD DIR MIN PSBL S-S WX SPD DR
================================================================================
1 67 40 54 -2 11 0 0.00 0.0 0 12.2 24 320 M M 0 30 320
2 49 34 42 -14 23 0 1.31 1.2 0 13.0 25 60 M M 10 1 34 50
3 51 39 45 -12 20 0 0.00 0.0 0 8.9 16 360 M M 9 1 20 30
4 51 45 48 -9 17 0 0.06 0.0 0 7.7 14 100 M M 10 18 19 90
5 55 47 51 -6 14 0 0.15 0.0 0 8.2 16 20 M M 10 18 21 20
6 68 50 59 1 6 0 0.00 0.0 0 9.2 17 160 M M 7 128 24 130
7 78 53 66 8 0 1 0.00 0.0 0 20.1 31 150 M M 3 43 160
8 73 57 65 6 0 0 0.06 0.0 0 10.8 23 140 M M 8 1 37 130
9 84 63 74 15 0 9 0.00 0.0 0 15.0 31 170 M M 3 18 45 150
10 77 59 68 9 0 3 0.00 0.0 0 12.8 24 40 M M 6 33 10
11 90 59 75 15 0 10 0.06 0.0 0 13.8 28 180 M M 2 8 39 180
12 91 60 76 16 0 11 T 0.0 0 17.5 37 300 M M 1 3 56 170
13 80 49 65 4 0 0 0.00 0.0 0 6.1 16 250 M M 0 25 250
14 82 51 67 6 0 2 0.00 0.0 0 10.1 24 250 M M 1 3 32 280
15 74 54 64 2 1 0 0.02 0.0 0 8.1 21 340 M M 4 3 29 350
16 84 51 68 6 0 3 0.00 0.0 0 10.4 20 190 M M 0 27 170
17 86 63 75 13 0 10 0.21 0.0 0 10.9 24 170 M M 2 13 34 160
18 87 57 72 9 0 7 0.00 0.0 0 6.8 12 170 M M 0 1 18 350
19 96 54 75 12 0 10 0.00 0.0 0 16.1 36 350 M M 0 46 350
20 70 50 60 -4 5 0 0.00 0.0 0 16.6 26 360 M M 9 37 360
21 61 41 51 -13 14 0 0.00 0.0 0 11.0 21 320 M M 6 29 290
22 71 35 53 -11 12 0 0.00 0.0 0 6.3 17 130 M M 1 24 140
23 64 51 58 -7 7 0 0.02 0.0 0 8.1 21 150 M M 6 30 160
24 58 49 54 -11 11 0 0.50 0.0 0 12.7 23 40 M M 10 1 32 50
25 55 49 52 -14 13 0 0.06 0.0 0 18.4 28 360 M M 9 1 36 360
26 77 49 63 -3 2 0 0.00 0.0 0 12.0 24 350 M M 4 31 340
27 89 52 71 5 0 6 0.00 0.0 0 10.1 22 160 M M 0 30 150
28 87 63 75 8 0 10 0.00 0.0 0 13.8 23 150 M M 0 35 150
29 86 70 78 11 0 13 0.00 0.0 0 12.2 32 160 M M 0 49 160
30 85 62 74 6 0 9 T 0.0 0 21.3 43 240 M M 4 3 58 220
31 77 51 64 -4 1 0 0.00 0.0 0 10.0 20 360 M M 2 28 290
================================================================================
SM 2303 1607 157 104 2.45 1.2 370.2 M 127
================================================================================
AV 74.3 51.8 11.9 FASTST M M 4 MAX(MPH)
MISC ----> 43 240 58 220
================================================================================
NOTES:
# LAST OF SEVERAL OCCURRENCES
COLUMN 17 PEAK WIND IN M.P.H.
PRELIMINARY LOCAL CLIMATOLOGICAL DATA (WS FORM: F-6) , PAGE 2
STATION: GRAND ISLAND NE
MONTH: MAY
YEAR: 2022
LATITUDE: 40 58 N
LONGITUDE: 98 19 W
[TEMPERATURE DATA] [PRECIPITATION DATA] SYMBOLS USED IN COLUMN 16
AVERAGE MONTHLY: 63.1 TOTAL FOR MONTH: 2.45 1 = FOG OR MIST
DPTR FM NORMAL: 1.1 DPTR FM NORMAL: -2.25 2 = FOG REDUCING VISIBILITY
HIGHEST: 96 ON 19 GRTST 24HR 1.31 ON 2- 2 TO 1/4 MILE OR LESS
LOWEST: 34 ON 2 3 = THUNDER
SNOW, ICE PELLETS, HAIL 4 = ICE PELLETS
TOTAL MONTH: 1.2 INCHES 5 = HAIL
GRTST 24HR 1.2 ON 2- 2 6 = FREEZING RAIN OR DRIZZLE
GRTST DEPTH: 0 7 = DUSTSTORM OR SANDSTORM:
VSBY 1/2 MILE OR LESS
8 = SMOKE OR HAZE
[NO. OF DAYS WITH] [WEATHER - DAYS WITH] 9 = BLOWING SNOW
X = TORNADO
MAX 32 OR BELOW: 0 0.01 INCH OR MORE: 10
MAX 90 OR ABOVE: 3 0.10 INCH OR MORE: 4
MIN 32 OR BELOW: 0 0.50 INCH OR MORE: 2
MIN 0 OR BELOW: 0 1.00 INCH OR MORE: 1
[HDD (BASE 65) ]
TOTAL THIS MO. 157 CLEAR (SCALE 0-3) 16
DPTR FM NORMAL -10 PTCLDY (SCALE 4-7) 8
TOTAL FM JUL 1 5291 CLOUDY (SCALE 8-10) 7
DPTR FM NORMAL -617
[CDD (BASE 65) ]
TOTAL THIS MO. 104
DPTR FM NORMAL 32 [PRESSURE DATA]
TOTAL FM JAN 1 123 HIGHEST SLP 30.46 ON 22
DPTR FM NORMAL 40 LOWEST SLP 29.18 ON 9
[REMARKS]
#FINAL-05-22#