000
CXUS53 KGRR 011017
CF6GRR
PRELIMINARY LOCAL CLIMATOLOGICAL DATA (WS FORM: F-6)
STATION: GRAND RAPIDS
MONTH: FEBRUARY
YEAR: 2020
LATITUDE: 42 52 N
LONGITUDE: 85 31 W
TEMPERATURE IN F: :PCPN: SNOW: WIND :SUNSHINE: SKY :PK WND
================================================================================
1 2 3 4 5 6A 6B 7 8 9 10 11 12 13 14 15 16 17 18
12Z AVG MX 2MIN
DY MAX MIN AVG DEP HDD CDD WTR SNW DPTH SPD SPD DIR MIN PSBL S-S WX SPD DR
================================================================================
1 35 32 34 10 31 0 0.08 0.3 T 9.7 18 250 0 0 10 158 24 240
2 50 33 42 17 23 0 T T T 16.1 30 270 580 97 6 18 44 270
3 51 28 40 15 25 0 0.00 0.0 T 7.8 17 50 489 81 5 18 22 50
4 37 26 32 7 33 0 T 0.0 0 11.7 18 40 67 11 10 25 40
5 28 18 23 -2 42 0 0.04 0.5 0 8.5 15 10 259 43 9 1 19 10
6 27 23 25 0 40 0 0.11 3.0 1 8.4 14 360 0 0 10 1 17 350
7 33 18 26 1 39 0 0.04 1.0 2 8.0 17 320 109 18 7 18 23 320
8 27 21 24 -1 41 0 0.11 1.7 2 6.8 15 90 36 6 10 128 18 90
9 35 21 28 2 37 0 0.29 3.6 2 10.8 20 170 0 0 8 1268 25 140
10 35 25 30 4 35 0 0.00 0.0 4 6.0 14 30 121 20 10 1 19 300
11 32 24 28 2 37 0 T T 3 10.9 24 270 0 0 9 34 280
12 33 19 26 0 39 0 0.03 0.3 2 9.2 20 250 200 32 9 18 23 250
13 30 10 20 -6 45 0 0.09 1.3 3 11.0 17 10 16 3 10 1 22 330
14 19 4 12 -14 53 0 T T 4 7.1 16 250 193 31 7 1 20 250
15 32 4 18 -9 47 0 0.05 0.4 3 13.4 22 210 7 1 7 1 30 190
16 36 23 30 3 35 0 0.00 0.0 3 8.7 18 250 565 89 6 22 250
17 33 16 25 -2 40 0 0.15 1.7 2 13.0 21 100 39 6 8 14 27 110
18 37 25 31 4 34 0 0.09 0.1 3 14.4 29 280 111 17 7 16 39 290
19 30 15 23 -5 42 0 0.00 0.0 2 11.5 24 300 633 98 3 34 300
20 24 12 18 -10 47 0 T T 2 7.1 16 270 508 79 5 22 300
21 31 12 22 -6 43 0 0.00 0.0 1 13.7 25 240 650 100 0 31 230
22 43 27 35 7 30 0 0.00 0.0 1 13.2 21 250 651 100 2 27 230
23 47 32 40 11 25 0 0.00 0.0 T 11.5 22 240 655 100 1 29 250
24 43 31 37 8 28 0 0.00 0.0 T 6.1 13 50 93 14 8 18 16 60
25 38 31 35 6 30 0 0.01 0.1 0 14.1 26 40 0 0 10 33 50
26 31 23 27 -2 38 0 0.11 1.9 1 13.0 22 320 0 0 10 18 30 300
27 24 20 22 -8 43 0 T T 1 16.3 22 290 0 0 9 40 280
28 27 20 24 -6 41 0 T T 1 15.2 26 270 278 41 9 36 260
29 33 21 27 -3 38 0 0.00 0.0 T 10.8 22 260 672 100 1 29 260
================================================================================
SM 981 614 1081 0 1.20 15.9 314.0 6932 206
================================================================================
AV 33.8 21.2 10.8 FASTST 239 37 7 MAX(MPH)
MISC ----> # 30 270 # 44 270
================================================================================
NOTES:
# LAST OF SEVERAL OCCURRENCES
COLUMN 17 PEAK WIND IN M.P.H.
PRELIMINARY LOCAL CLIMATOLOGICAL DATA (WS FORM: F-6) , PAGE 2
STATION: GRAND RAPIDS
MONTH: FEBRUARY
YEAR: 2020
LATITUDE: 42 52 N
LONGITUDE: 85 31 W
[TEMPERATURE DATA] [PRECIPITATION DATA] SYMBOLS USED IN COLUMN 16
AVERAGE MONTHLY: 27.5 TOTAL FOR MONTH: 1.20 1 = FOG OR MIST
DPTR FM NORMAL: 0.7 DPTR FM NORMAL: -0.59 2 = FOG REDUCING VISIBILITY
HIGHEST: 51 ON 3 GRTST 24HR 0.29 ON 9- 9 TO 1/4 MILE OR LESS
LOWEST: 4 ON 15,14 3 = THUNDER
SNOW, ICE PELLETS, HAIL 4 = ICE PELLETS
TOTAL MONTH: 15.9 INCHES 5 = HAIL
GRTST 24HR 3.6 ON 9- 9 6 = FREEZING RAIN OR DRIZZLE
GRTST DEPTH: 4 ON 14,10 7 = DUSTSTORM OR SANDSTORM:
VSBY 1/2 MILE OR LESS
8 = SMOKE OR HAZE
[NO. OF DAYS WITH] [WEATHER - DAYS WITH] 9 = BLOWING SNOW
X = TORNADO
MAX 32 OR BELOW: 13 0.01 INCH OR MORE: 13
MAX 90 OR ABOVE: 0 0.10 INCH OR MORE: 5
MIN 32 OR BELOW: 28 0.50 INCH OR MORE: 0
MIN 0 OR BELOW: 0 1.00 INCH OR MORE: 0
[HDD (BASE 65) ]
TOTAL THIS MO. 1081 CLEAR (SCALE 0-3) 5
DPTR FM NORMAL 11 PTCLDY (SCALE 4-7) 9
TOTAL FM JUL 1 4517 CLOUDY (SCALE 8-10) 15
DPTR FM NORMAL -295
[CDD (BASE 65) ]
TOTAL THIS MO. 0
DPTR FM NORMAL 0 [PRESSURE DATA]
TOTAL FM JAN 1 0 HIGHEST SLP 30.69 ON 20
DPTR FM NORMAL 0 LOWEST SLP 29.37 ON 2
[REMARKS]
#FINAL-02-20#