000
CXUS53 KIWX 010800
CF6GSH
PRELIMINARY LOCAL CLIMATOLOGICAL DATA (WS FORM: F-6)
STATION: GOSHEN
MONTH: FEBRUARY
YEAR: 2020
LATITUDE: 41 31 N
LONGITUDE: 85 47 W
TEMPERATURE IN F: :PCPN: SNOW: WIND :SUNSHINE: SKY :PK WND
================================================================================
1 2 3 4 5 6A 6B 7 8 9 10 11 12 13 14 15 16 17 18
12Z AVG MX 2MIN
DY MAX MIN AVG DEP HDD CDD WTR SNW DPTH SPD SPD DIR MIN PSBL S-S WX SPD DR
================================================================================
1 36 30 33 9 32 0 0.01 M 0 10.1 21 260 M M 10 18 29 270
2 55 33 44 19 21 0 0.00 0.0 0 15.1 30 260 M M 2 37 260
3 56 27 42 17 23 0 0.00 0.0 0 3.8 13 130 M M 1 1 18 120
4 39 33 36 11 29 0 0.00 0.0 0 11.5 21 30 M M 8 12 28 20
5 33 25 29 4 36 0 0.05 M M 11.6 18 20 M M 9 1 24 10
6 26 24 25 0 40 0 0.01 M M 10.8 18 20 M M 10 18 23 40
7 33 19 26 1 39 0 T M M 10.0 20 270 M M 6 1 24 280
8 33 23 28 2 37 0 T M M 5.7 12 270 M M 10 18 13 270
9 36 25 31 5 34 0 0.03 M M 11.5 25 190 M M 10 18 41 190
10 36 31 34 8 31 0 0.00 0.0 M 5.3 16 330 M M 10 128 20 310
11 36 25 31 5 34 0 0.00 0.0 0 9.0 22 280 M M 3 18 31 290
12 35 23 29 3 36 0 0.12 M 0 5.7 10 190 M M 4 18 13 180
13 32 15 24 -3 41 0 0.02 M 0 10.9 21 330 M M 10 18 28 290
14 15 1 8 -19 57 0 T M 0 7.8 12 210 M M 3 18 16 290
15 35 5 20 -7 45 0 T M 0 12.6 23 200 M M 7 68 32 200
16 37 21 29 2 36 0 0.00 0.0 0 5.6 12 260 M M 3 18 15 260
17 37 24 31 3 34 0 0.24 M 0 11.0 17 120 M M 8 18 27 120
18 39 24 32 4 33 0 T M M 11.8 24 290 M M 7 1 34 300
19 32 19 26 -2 39 0 0.00 0.0 0 10.1 21 330 M M 1 27 330
20 27 14 21 -7 44 0 0.00 0.0 0 8.3 16 360 M M 5 20 350
21 34 13 24 -5 41 0 0.00 0.0 0 11.5 21 220 M M 0 31 230
22 47 23 35 6 30 0 0.00 0.0 M 12.5 23 230 M M 0 31 220
23 53 31 42 13 23 0 0.00 0.0 0 12.2 20 220 M M 0 29 240
24 44 33 39 9 26 0 0.14 0.0 0 5.1 10 60 M M 5 18 16 50
25 38 31 35 5 30 0 0.14 M M 13.0 21 30 M M 9 1 30 30
26 31 26 29 -1 36 0 0.03 M M 14.9 24 320 M M 10 16 31 330
27 26 20 23 -8 42 0 T M M 12.5 21 300 M M 10 18 31 290
28 24 15 20 -11 45 0 T M M 12.1 22 290 M M 8 28 310
29 29 14 22 -9 43 0 0.00 0.0 M 10.2 18 250 M M 1 23 240
================================================================================
SM 1034 647 1037 0 0.79 0.0 292.2 M 170
================================================================================
AV 35.7 22.3 10.1 FASTST M M 6 MAX(MPH)
MISC ----> # 30 260 # 41 190
================================================================================
NOTES:
# LAST OF SEVERAL OCCURRENCES
COLUMN 17 PEAK WIND IN M.P.H.
PRELIMINARY LOCAL CLIMATOLOGICAL DATA (WS FORM: F-6) , PAGE 2
STATION: GOSHEN
MONTH: FEBRUARY
YEAR: 2020
LATITUDE: 41 31 N
LONGITUDE: 85 47 W
[TEMPERATURE DATA] [PRECIPITATION DATA] SYMBOLS USED IN COLUMN 16
AVERAGE MONTHLY: 29.0 TOTAL FOR MONTH: 0.79 1 = FOG OR MIST
DPTR FM NORMAL: 1.8 DPTR FM NORMAL: -1.09 2 = FOG REDUCING VISIBILITY
HIGHEST: 56 ON 3 GRTST 24HR 0.24 ON 17-17 TO 1/4 MILE OR LESS
LOWEST: 1 ON 14 3 = THUNDER
SNOW, ICE PELLETS, HAIL 4 = ICE PELLETS
TOTAL MONTH: 0.0 INCH 5 = HAIL
GRTST 24HR 0.0 6 = FREEZING RAIN OR DRIZZLE
GRTST DEPTH: 0 7 = DUSTSTORM OR SANDSTORM:
VSBY 1/2 MILE OR LESS
8 = SMOKE OR HAZE
[NO. OF DAYS WITH] [WEATHER - DAYS WITH] 9 = BLOWING SNOW
X = TORNADO
MAX 32 OR BELOW: 9 0.01 INCH OR MORE: 10
MAX 90 OR ABOVE: 0 0.10 INCH OR MORE: 4
MIN 32 OR BELOW: 26 0.50 INCH OR MORE: 0
MIN 0 OR BELOW: 0 1.00 INCH OR MORE: 0
[HDD (BASE 65) ]
TOTAL THIS MO. 1037 CLEAR (SCALE 0-3) 8
DPTR FM NORMAL -20 PTCLDY (SCALE 4-7) 11
TOTAL FM JUL 1 4297 CLOUDY (SCALE 8-10) 10
DPTR FM NORMAL -542
[CDD (BASE 65) ]
TOTAL THIS MO. 0
DPTR FM NORMAL 0 [PRESSURE DATA]
TOTAL FM JAN 1 0 HIGHEST SLP 30.68 ON 20
DPTR FM NORMAL 0 LOWEST SLP 29.46 ON 2
[REMARKS]
#FINAL-02-20#