000
CXGM50 PGUM 042205
CF6GSN
PRELIMINARY LOCAL CLIMATOLOGICAL DATA (WS FORM: F-6)
STATION: SAIPAN/ISLEY_(CGS) MP
MONTH: MAY
YEAR: 2023
LATITUDE: 15 7 N
LONGITUDE: 145-44 E
TEMPERATURE IN F: :PCPN: SNOW: WIND :SUNSHINE: SKY :PK WND
================================================================================
1 2 3 4 5 6A 6B 7 8 9 10 11 12 13 14 15 16 17 18
12Z AVG MX 2MIN
DY MAX MIN AVG DEP HDD CDD WTR SNW DPTH SPD SPD DIR MIN PSBL S-S WX SPD DR
================================================================================
1 90 79 85 2 0 20 T 0.0 0 17.4 24 80 M M 5 29 80
2 89 80 85 2 0 20 T 0.0 0 16.2 24 90 M M 4 29 80
3 89 78 84 1 0 19 0.01 0.0 0 14.0 21 70 M M 4 26 70
4 88 77 83 0 0 18 T 0.0 0 12.2 21 80 M M 4 25 70
5 88 75 82 -1 0 17 0.19 0.0 0 12.6 21 80 M M 6 26 90
6 88 78 83 0 0 18 0.01 0.0 0 15.0 22 80 M M 5 28 90
7 89 80 85 2 0 20 T 0.0 0 14.3 21 80 M M 6 25 90
8 89 79 84 1 0 19 T 0.0 0 10.5 17 80 M M 3 23 60
9 89 78 84 1 0 19 T 0.0 0 10.7 16 70 M M 3 22 80
10 89 78 84 1 0 19 0.28 0.0 0 9.2 16 160 M M 5 21 150
11 89 80 85 2 0 20 0.03 0.0 0 9.0 17 140 M M 5 22 110
12 92 79 86 3 0 21 0.11 0.0 0 6.9 13 130 M M 4 16 140
13 89 80 85 2 0 20 0.00 0.0 0 5.3 13 150 M M 2 16 160
14 90 79 85 2 0 20 0.00 0.0 0 7.4 16 100 M M 3 20 100
15 91 28 60 -23 5 0 0.00 0.0 0 8.2 14 140 M M 3 17 120
16 83 79 81 -2 0 16 0.10 0.0 0 9.5 16 90 M M 4 26 90
17 87 77 82 -1 0 17 0.00 0.0 0 11.4 21 80 M M 3 24 70
18 88 79 84 1 0 19 0.06 0.0 0 12.4 20 110 M M 3 24 90
19 92 80 86 3 0 21 0.01 0.0 0 14.0 21 90 M M 4 27 100
20 91 80 86 3 0 21 0.04 0.0 0 9.7 17 70 M M 3 22 90
21 91 79 85 2 0 20 0.02 0.0 0 11.3 16 80 M M 3 23 90
22 91 80 86 3 0 21 0.06 0.0 0 14.9 26 70 M M 5 38 80
23 88 77 83 0 0 18 0.75 0.0 0 17.2 32 90 M M 7 40 100
24 84 75 80 -3 0 15 0.80 0.0 0 26.8 38 100 M M 10 49 120
25 84 73 79 -4 0 14 1.33 0.0 0 25.7 32 120 M M 7 52 110
26 88 79 84 1 0 19 0.54 0.0 0 15.5 21 130 M M 5 28 130
27 88 81 85 2 0 20 0.37 0.0 0 14.8 18 110 M M 3 25 120
28 88 81 85 2 0 20 0.00 0.0 0 14.6 18 100 M M 4 29 90
29 88 81 85 2 0 20 0.00 0.0 0 15.9 22 90 M M 6 27 90
30 88 77 83 0 0 18 0.11 0.0 0 12.2 20 80 M M 5 24 90
31 84 75 80 -3 0 15 0.11 0.0 0 14.5 21 100 M M 4 24 100
================================================================================
SM 2742 2381 5 564 4.93 0.0 409.3 M 138
================================================================================
AV 88.5 76.8 13.2 FASTST M M 4 MAX(MPH)
MISC ----> 38 100 52 110
================================================================================
NOTES:
# LAST OF SEVERAL OCCURRENCES
COLUMN 17 PEAK WIND IN M.P.H.
PRELIMINARY LOCAL CLIMATOLOGICAL DATA (WS FORM: F-6) , PAGE 2
STATION: SAIPAN/ISLEY_(CGS) MP
MONTH: MAY
YEAR: 2023
LATITUDE: 15 7 N
LONGITUDE: 145-44 E
[TEMPERATURE DATA] [PRECIPITATION DATA] SYMBOLS USED IN COLUMN 16
AVERAGE MONTHLY: 82.6 TOTAL FOR MONTH: 4.93 1 = FOG OR MIST
DPTR FM NORMAL: -0.5 DPTR FM NORMAL: 1.81 2 = FOG REDUCING VISIBILITY
HIGHEST: 92 ON 19,12 GRTST 24HR 1.33 ON 25-25 TO 1/4 MILE OR LESS
LOWEST: 28 ON 15 3 = THUNDER
SNOW, ICE PELLETS, HAIL 4 = ICE PELLETS
TOTAL MONTH: 0.0 INCH 5 = HAIL
GRTST 24HR 0.0 6 = FREEZING RAIN OR DRIZZLE
GRTST DEPTH: 0 7 = DUSTSTORM OR SANDSTORM:
VSBY 1/2 MILE OR LESS
8 = SMOKE OR HAZE
[NO. OF DAYS WITH] [WEATHER - DAYS WITH] 9 = BLOWING SNOW
X = TORNADO
MAX 32 OR BELOW: 0 0.01 INCH OR MORE: 19
MAX 90 OR ABOVE: 8 0.10 INCH OR MORE: 11
MIN 32 OR BELOW: 1 0.50 INCH OR MORE: 4
MIN 0 OR BELOW: 0 1.00 INCH OR MORE: 1
[HDD (BASE 65) ]
TOTAL THIS MO. 5 CLEAR (SCALE 0-3) 6
DPTR FM NORMAL 5 PTCLDY (SCALE 4-7) 24
TOTAL FM JUL 1 5 CLOUDY (SCALE 8-10) 1
DPTR FM NORMAL 5
[CDD (BASE 65) ]
TOTAL THIS MO. 564
DPTR FM NORMAL 3 [PRESSURE DATA]
TOTAL FM JAN 1 2555 HIGHEST SLP 30.02 ON 1
DPTR FM NORMAL 176 LOWEST SLP 29.90 ON 1
[REMARKS]
#FINAL-05-23#