000
CXGM50 PGUM 012310
CF6GSN
PRELIMINARY LOCAL CLIMATOLOGICAL DATA (WS FORM: F-6)
STATION: SAIPAN/ISLEY_(CGS) MP
MONTH: JULY
YEAR: 2022
LATITUDE: 15 7 N
LONGITUDE: 145-44 E
TEMPERATURE IN F: :PCPN: SNOW: WIND :SUNSHINE: SKY :PK WND
================================================================================
1 2 3 4 5 6A 6B 7 8 9 10 11 12 13 14 15 16 17 18
12Z AVG MX 2MIN
DY MAX MIN AVG DEP HDD CDD WTR SNW DPTH SPD SPD DIR MIN PSBL S-S WX SPD DR
================================================================================
1 89 78 84 1 0 19 0.11 0.0 0 13.0 21 90 M M 2 26 80
2 89 77 83 0 0 18 0.39 0.0 0 12.2 23 80 M M 4 3 29 100
3 85 77 81 -2 0 16 0.19 0.0 0 11.3 22 100 M M 3 27 70
4 86 79 83 0 0 18 0.59 0.0 0 9.8 24 90 M M 4 34 70
5 88 79 84 1 0 19 0.01 0.0 0 9.8 16 60 M M 3 20 50
6 88 76 82 -1 0 17 0.86 0.0 0 10.5 24 120 M M 5 3 30 120
7 87 77 82 -1 0 17 0.19 0.0 0 7.6 15 130 M M 4 18 100
8 84 76 80 -3 0 15 0.29 0.0 0 2.7 13 190 M M 3 3 18 180
9 87 77 82 -1 0 17 0.02 0.0 0 5.8 17 210 M M 3 23 220
10 88 79 84 1 0 19 T 0.0 0 6.9 15 90 M M 2 18 90
11 88 80 84 1 0 19 0.04 0.0 0 11.4 21 130 M M 2 26 120
12 89 77 83 0 0 18 0.02 0.0 0 12.1 20 80 M M 3 24 90
13 88 77 83 0 0 18 0.14 0.0 0 12.0 22 70 M M 3 27 110
14 88 75 82 -1 0 17 0.53 0.0 0 7.6 18 100 M M 4 24 90
15 88 76 82 -1 0 17 T 0.0 0 10.1 17 100 M M 4 22 80
16 89 79 84 1 0 19 T 0.0 0 12.4 20 80 M M 3 26 80
17 88 76 82 -1 0 17 0.49 0.0 0 12.7 24 100 M M 4 30 110
18 88 78 83 0 0 18 0.07 0.0 0 11.1 17 80 M M 3 21 90
19 89 78 84 1 0 19 0.13 0.0 0 9.6 17 70 M M 3 22 80
20 88 78 83 0 0 18 0.03 0.0 0 6.5 16 90 M M 3 20 100
21 85 75 80 -3 0 15 0.30 0.0 0 7.3 21 250 M M 3 25 250
22 87 75 81 -2 0 16 0.90 0.0 0 9.6 22 160 M M 5 30 180
23 87 78 83 0 0 18 0.31 0.0 0 8.3 17 70 M M 2 24 60
24 88 78 83 0 0 18 0.46 0.0 0 7.9 20 100 M M 4 24 100
25 87 78 83 0 0 18 0.45 0.0 0 5.3 13 80 M M 5 17 40
26 81 75 78 -5 0 13 2.68 0.0 0 10.9 20 200 M M 9 30 130
27 83 77 80 -3 0 15 1.10 0.0 0 11.2 24 150 M M 7 31 140
28 86 77 82 0 0 17 1.79 0.0 0 10.4 17 130 M M 5 24 70
29 84 77 81 -1 0 16 0.24 0.0 0 7.4 21 150 M M 4 27 150
30 88 79 84 2 0 19 T 0.0 0 6.7 18 140 M M 2 24 140
31 86 79 83 1 0 18 T 0.0 0 9.1 17 80 M M 2 23 60
================================================================================
SM 2696 2397 0 538 12.33 0.0 289.2 M 113
================================================================================
AV 87.0 77.3 9.3 FASTST M M 4 MAX(MPH)
MISC ----> # 24 90 34 70
================================================================================
NOTES:
# LAST OF SEVERAL OCCURRENCES
COLUMN 17 PEAK WIND IN M.P.H.
PRELIMINARY LOCAL CLIMATOLOGICAL DATA (WS FORM: F-6) , PAGE 2
STATION: SAIPAN/ISLEY_(CGS) MP
MONTH: JULY
YEAR: 2022
LATITUDE: 15 7 N
LONGITUDE: 145-44 E
[TEMPERATURE DATA] [PRECIPITATION DATA] SYMBOLS USED IN COLUMN 16
AVERAGE MONTHLY: 82.1 TOTAL FOR MONTH: 12.33 1 = FOG OR MIST
DPTR FM NORMAL: -0.8 DPTR FM NORMAL: 4.90 2 = FOG REDUCING VISIBILITY
HIGHEST: 89 ON 12,16 GRTST 24HR 3.62 ON 26-27 TO 1/4 MILE OR LESS
LOWEST: 75 ON 26,14 3 = THUNDER
SNOW, ICE PELLETS, HAIL 4 = ICE PELLETS
TOTAL MONTH: 0.0 INCH 5 = HAIL
GRTST 24HR 0.0 6 = FREEZING RAIN OR DRIZZLE
GRTST DEPTH: 0 7 = DUSTSTORM OR SANDSTORM:
VSBY 1/2 MILE OR LESS
8 = SMOKE OR HAZE
[NO. OF DAYS WITH] [WEATHER - DAYS WITH] 9 = BLOWING SNOW
X = TORNADO
MAX 32 OR BELOW: 0 0.01 INCH OR MORE: 26
MAX 90 OR ABOVE: 0 0.10 INCH OR MORE: 20
MIN 32 OR BELOW: 0 0.50 INCH OR MORE: 7
MIN 0 OR BELOW: 0 1.00 INCH OR MORE: 3
[HDD (BASE 65) ]
TOTAL THIS MO. 0 CLEAR (SCALE 0-3) 14
DPTR FM NORMAL 0 PTCLDY (SCALE 4-7) 16
TOTAL FM JUL 1 0 CLOUDY (SCALE 8-10) 1
DPTR FM NORMAL 0
[CDD (BASE 65) ]
TOTAL THIS MO. 538
DPTR FM NORMAL -18 [PRESSURE DATA]
TOTAL FM JAN 1 3641 HIGHEST SLP 29.97 ON 1
DPTR FM NORMAL 152 LOWEST SLP 29.89 ON 1
[REMARKS]
#FINAL-07-22#