000
CXUS52 KRAH 010945
CF6GSO
PRELIMINARY LOCAL CLIMATOLOGICAL DATA (WS FORM: F-6)
STATION: GREENSBORO NC
MONTH: DECEMBER
YEAR: 2021
LATITUDE: 36 4 N
LONGITUDE: 79 57 W
TEMPERATURE IN F: :PCPN: SNOW: WIND :SUNSHINE: SKY :PK WND
================================================================================
1 2 3 4 5 6A 6B 7 8 9 10 11 12 13 14 15 16 17 18
12Z AVG MX 2MIN
DY MAX MIN AVG DEP HDD CDD WTR SNW DPTH SPD SPD DIR MIN PSBL S-S WX SPD DR
================================================================================
1 63 31 47 2 18 0 0.00 0.0 0 3.7 12 160 M M 6 14 150
2 69 42 56 11 9 0 0.00 0.0 0 9.4 21 250 M M 6 8 26 260
3 73 45 59 14 6 0 0.00 0.0 0 6.1 13 230 M M 2 15 210
4 72 44 58 13 7 0 0.00 0.0 0 3.3 12 310 M M 8 16 320
5 61 44 53 9 12 0 0.00 0.0 0 6.6 17 90 M M 8 22 80
6 69 50 60 16 5 0 0.00 0.0 0 12.7 26 230 M M 9 18 34 230
7 50 34 42 -2 23 0 0.00 0.0 0 5.8 13 30 M M 7 18 30
8 51 38 45 1 20 0 T 0.0 0 4.8 13 310 M M 6 19 300
9 44 31 38 -6 27 0 0.00 0.0 0 5.8 12 170 M M 6 15 130
10 57 41 49 6 16 0 T 0.0 0 6.7 12 260 M M 10 1 14 250
11 72 51 62 19 3 0 0.73 0.0 0 12.0 37 280 M M 10 123 49 290
12 52 33 43 0 22 0 0.00 0.0 0 5.7 15 320 M M 2 21 320
13 57 26 42 -1 23 0 0.00 0.0 0 4.4 13 270 M M 1 15 240
14 60 31 46 3 19 0 0.00 0.0 0 5.5 15 70 M M 1 19 50
15 57 31 44 2 21 0 0.00 0.0 0 3.2 8 60 M M 4 11 60
16 67 34 51 9 14 0 0.00 0.0 0 9.1 22 220 M M 6 25 230
17 69 50 60 18 5 0 0.00 0.0 0 5.6 15 240 M M 9 1 21 230
18 64 53 59 17 6 0 0.32 0.0 0 8.2 16 230 M M 10 12 23 220
19 63 34 49 7 16 0 0.49 0.0 0 8.2 18 30 M M 8 1 25 20
20 42 27 35 -7 30 0 0.00 0.0 0 5.1 16 60 M M 6 18 60
21 40 29 35 -7 30 0 T 0.0 0 3.6 10 50 M M 10 8 12 350
22 56 33 45 4 20 0 T 0.0 0 9.5 21 320 M M 4 28 300
23 51 26 39 -2 26 0 0.00 0.0 0 3.3 10 200 M M 3 15 200
24 61 35 48 7 17 0 0.00 0.0 0 10.6 20 230 M M 8 27 240
25 69 50 60 19 5 0 0.00 0.0 0 12.4 20 230 M M 4 26 220
26 72 48 60 19 5 0 0.00 0.0 0 4.8 15 310 M M 4 1 18 300
27 60 45 53 12 12 0 0.00 0.0 0 3.6 10 110 M M 8 15 130
28 71 47 59 18 6 0 0.00 0.0 0 8.7 22 240 M M 4 12 27 220
29 70 63 67 27 0 2 T 0.0 0 11.1 21 220 M M 9 18 30 220
30 65 61 63 23 2 0 0.06 0.0 0 6.6 14 250 M M 10 1 19 260
31 66 54 60 20 5 0 T 0.0 0 6.7 13 220 M M 9 12 17 230
================================================================================
SM 1893 1261 430 2 1.60 0.0 212.8 M 198
================================================================================
AV 61.1 40.7 6.9 FASTST M M 6 MAX(MPH)
MISC ----> 37 280 49 290
================================================================================
NOTES:
# LAST OF SEVERAL OCCURRENCES
COLUMN 17 PEAK WIND IN M.P.H.
PRELIMINARY LOCAL CLIMATOLOGICAL DATA (WS FORM: F-6) , PAGE 2
STATION: GREENSBORO NC
MONTH: DECEMBER
YEAR: 2021
LATITUDE: 36 4 N
LONGITUDE: 79 57 W
[TEMPERATURE DATA] [PRECIPITATION DATA] SYMBOLS USED IN COLUMN 16
AVERAGE MONTHLY: 50.9 TOTAL FOR MONTH: 1.60 1 = FOG OR MIST
DPTR FM NORMAL: 8.4 DPTR FM NORMAL: -1.57 2 = FOG REDUCING VISIBILITY
HIGHEST: 73 ON 3 GRTST 24HR 0.76 ON 18-19 TO 1/4 MILE OR LESS
LOWEST: 26 ON 23,13 3 = THUNDER
SNOW, ICE PELLETS, HAIL 4 = ICE PELLETS
TOTAL MONTH: 0.0 INCH 5 = HAIL
GRTST 24HR 0.0 6 = FREEZING RAIN OR DRIZZLE
GRTST DEPTH: 0 7 = DUSTSTORM OR SANDSTORM:
VSBY 1/2 MILE OR LESS
8 = SMOKE OR HAZE
[NO. OF DAYS WITH] [WEATHER - DAYS WITH] 9 = BLOWING SNOW
X = TORNADO
MAX 32 OR BELOW: 0 0.01 INCH OR MORE: 4
MAX 90 OR ABOVE: 0 0.10 INCH OR MORE: 3
MIN 32 OR BELOW: 8 0.50 INCH OR MORE: 1
MIN 0 OR BELOW: 0 1.00 INCH OR MORE: 0
[HDD (BASE 65) ]
TOTAL THIS MO. 430 CLEAR (SCALE 0-3) 5
DPTR FM NORMAL -269 PTCLDY (SCALE 4-7) 16
TOTAL FM JUL 1 1052 CLOUDY (SCALE 8-10) 10
DPTR FM NORMAL -317
[CDD (BASE 65) ]
TOTAL THIS MO. 2
DPTR FM NORMAL 1 [PRESSURE DATA]
TOTAL FM JAN 1 1546 HIGHEST SLP 30.56 ON 15
DPTR FM NORMAL -7 LOWEST SLP 29.71 ON 25
[REMARKS]
#FINAL-12-21#