000
CXUS52 KRAH 011003
CLMGSO
CLIMATE REPORT
NATIONAL WEATHER SERVICE RALEIGH NC
603 AM EDT SAT APR 01 2023
...................................
...THE GREENSBORO NC CLIMATE SUMMARY FOR THE MONTH OF MARCH 2023...
CLIMATE NORMAL PERIOD 1991 TO 2020
CLIMATE RECORD PERIOD 1903 TO 2023
WEATHER OBSERVED NORMAL DEPART LAST YEAR`S
VALUE DATE(S) VALUE FROM VALUE
NORMAL
..............................................................
TEMPERATURE (F)
RECORD
HIGH 93 03/30/1907
LOW 5 03/06/1960
HIGHEST 84 03/24 81
LOWEST 25 03/15 19
AVG. MAXIMUM 61.8 61.3 0.5 65.4
AVG. MINIMUM 41.4 39.3 2.1 42.0
MEAN 51.6 50.3 1.3 53.7
DAYS MAX >= 90 0 0
DAYS MAX <= 32 0 0
DAYS MIN <= 32 7 6
DAYS MIN <= 0 0 0
PRECIPITATION (INCHES)
RECORD
MAXIMUM 8.76 1975
TOTALS 2.82 3.72 -0.90 4.29
DAYS >= .01 12
DAYS >= .10 8
DAYS >= .50 2
DAYS >= 1.00 0
GREATEST
24 HR. TOTAL 0.85 03/02 TO 03/02
SNOWFALL (INCHES)
RECORDS
TOTAL 21.3 1960
SNOW DEPTH 14 03/10/1960
TOTALS T 0.9 -0.9 T
SINCE 7/1 T
SNOWDEPTH AVG. 0
DAYS >= TRACE 1
DAYS >= 1.0 0 0.3 -0.3 0
DEGREE DAYS
HEATING TOTAL 413 462 -49 355
SINCE 7/1 2861 3232 -371 3071
COOLING TOTAL 6 6 0 11
SINCE 1/1 13 7 6 210
..............................................................
WIND (MPH)
AVERAGE WIND SPEED 7.8
HIGHEST WIND SPEED/DIRECTION 35/190 DATE 03/03
HIGHEST GUST SPEED/DIRECTION 48/180 DATE 03/03
SKY COVER
POSSIBLE SUNSHINE (PERCENT) MM
AVERAGE SKY COVER 0.58
NUMBER OF DAYS FAIR 8
NUMBER OF DAYS PC 11
NUMBER OF DAYS CLOUDY 12
AVERAGE RH (PERCENT) 58
WEATHER CONDITIONS. NUMBER OF DAYS WITH
THUNDERSTORM 3 MIXED PRECIP 0
HEAVY RAIN 2 RAIN 6
LIGHT RAIN 12 FREEZING RAIN 0
LT FREEZING RAIN 1 HAIL 0
HEAVY SNOW 0 SNOW 0
LIGHT SNOW 1 SLEET 1
FOG 12 FOG W/VIS <= 1/4 MILE 1
HAZE 1
- INDICATES NEGATIVE NUMBERS.
R INDICATES RECORD WAS SET OR TIED.
MM INDICATES DATA IS MISSING.
T INDICATES TRACE AMOUNT.
&&
THERE WERE NO RECORDS IN MARCH 2023.
$$