000
CXUS52 KGSP 011125
CF6GSP
PRELIMINARY LOCAL CLIMATOLOGICAL DATA (WS FORM: F-6)
STATION: GREENVILLE-SPARTANBURG SC
MONTH: JUNE
YEAR: 2022
LATITUDE: 34 54 N
LONGITUDE: 82 13 W
TEMPERATURE IN F: :PCPN: SNOW: WIND :SUNSHINE: SKY :PK WND
================================================================================
1 2 3 4 5 6A 6B 7 8 9 10 11 12 13 14 15 16 17 18
12Z AVG MX 2MIN
DY MAX MIN AVG DEP HDD CDD WTR SNW DPTH SPD SPD DIR MIN PSBL S-S WX SPD DR
================================================================================
1 93 64 79 6 0 14 0.00 0.0 0 3.6 12 170 M M 0 14 290
2 92 68 80 7 0 15 0.00 0.0 0 4.5 18 220 M M 1 3 24 210
3 83 67 75 1 0 10 1.12 0.0 0 5.4 20 360 M M 4 13 29 340
4 81 60 71 -3 0 6 0.00 0.0 0 6.7 16 40 M M 1 1 22 30
5 82 57 70 -4 0 5 0.00 0.0 0 5.4 14 70 M M 1 17 70
6 82 58 70 -4 0 5 0.00 0.0 0 3.6 14 190 M M 4 18 130
7 82 66 74 0 0 9 T 0.0 0 6.4 14 200 M M 5 17 220
8 89 69 79 4 0 14 0.01 0.0 0 9.2 20 250 M M 3 26 240
9 89 64 77 2 0 12 T 0.0 0 6.5 14 10 M M 3 23 280
10 83 60 72 -3 0 7 0.00 0.0 0 3.9 12 60 M M 2 15 30
11 86 62 74 -2 0 9 0.00 0.0 0 2.6 8 150 M M 3 11 140
12 93 66 80 4 0 15 0.00 0.0 0 4.0 15 200 M M 2 20 210
13 97 70 84 8 0 19 0.00 0.0 0 1.8 9 160 M M 1 13 180
14 94 74 84 8 0 19 0.00 0.0 0 5.8 23 20 M M 0 30 10
15 98 73 86 10 0 21 T 0.0 0 4.5 13 70 M M 1 13 17 80
16 96 70 83 6 0 18 0.18 0.0 0 6.5 20 260 M M 1 3 34 310
17 96 70 83 6 0 18 0.44 0.0 0 6.3 24 350 M M 2 13 36 310
18 88 64 76 -1 0 11 0.00 0.0 0 6.5 15 310 M M 0 1 24 360
19 84 56 70 -7 0 5 0.00 0.0 0 4.3 10 60 M M 0 14 100
20 90 55 73 -5 0 8 0.00 0.0 0 3.5 8 90 M M 0 12 270
21 94 61 78 0 0 13 0.00 0.0 0 3.5 10 40 M M 0 14 20
22 98 63 81 3 0 16 0.00 0.0 0 4.3 14 10 M M 0 21 20
23 96 71 84 6 0 19 T 0.0 0 5.1 21 80 M M 1 26 80
24 89 68 79 1 0 14 0.00 0.0 0 6.2 13 60 M M 6 16 60
25 87 71 79 1 0 14 T 0.0 0 2.3 8 200 M M 5 11 200
26 89 68 79 1 0 14 T 0.0 0 5.0 14 210 M M 6 17 230
27 88 71 80 1 0 15 T 0.0 0 4.1 14 210 M M 3 3 17 170
28 83 66 75 -4 0 10 0.02 0.0 0 7.5 17 60 M M 8 21 70
29 86 67 77 -2 0 12 0.02 0.0 0 4.1 12 150 M M 5 1 15 160
30 90 68 79 0 0 14 0.00 0.0 0 3.0 12 100 M M 3 13 15 120
================================================================================
SM 2678 1967 0 381 1.79 0.0 146.1 M 71
================================================================================
AV 89.3 65.6 4.9 FASTST M M 2 MAX(MPH)
MISC ----> 24 350 36 310
================================================================================
NOTES:
# LAST OF SEVERAL OCCURRENCES
COLUMN 17 PEAK WIND IN M.P.H.
PRELIMINARY LOCAL CLIMATOLOGICAL DATA (WS FORM: F-6) , PAGE 2
STATION: GREENVILLE-SPARTANBURG SC
MONTH: JUNE
YEAR: 2022
LATITUDE: 34 54 N
LONGITUDE: 82 13 W
[TEMPERATURE DATA] [PRECIPITATION DATA] SYMBOLS USED IN COLUMN 16
AVERAGE MONTHLY: 77.4 TOTAL FOR MONTH: 1.79 1 = FOG OR MIST
DPTR FM NORMAL: 1.1 DPTR FM NORMAL: -2.11 2 = FOG REDUCING VISIBILITY
HIGHEST: 98 ON 22,15 GRTST 24HR 1.12 ON 3- 3 TO 1/4 MILE OR LESS
LOWEST: 55 ON 20 3 = THUNDER
SNOW, ICE PELLETS, HAIL 4 = ICE PELLETS
TOTAL MONTH: 0.0 INCH 5 = HAIL
GRTST 24HR 0.0 6 = FREEZING RAIN OR DRIZZLE
GRTST DEPTH: 0 7 = DUSTSTORM OR SANDSTORM:
VSBY 1/2 MILE OR LESS
8 = SMOKE OR HAZE
[NO. OF DAYS WITH] [WEATHER - DAYS WITH] 9 = BLOWING SNOW
X = TORNADO
MAX 32 OR BELOW: 0 0.01 INCH OR MORE: 6
MAX 90 OR ABOVE: 13 0.10 INCH OR MORE: 3
MIN 32 OR BELOW: 0 0.50 INCH OR MORE: 1
MIN 0 OR BELOW: 0 1.00 INCH OR MORE: 1
[HDD (BASE 65) ]
TOTAL THIS MO. 0 CLEAR (SCALE 0-3) 20
DPTR FM NORMAL -2 PTCLDY (SCALE 4-7) 10
TOTAL FM JUL 1 2697 CLOUDY (SCALE 8-10) 0
DPTR FM NORMAL -320
[CDD (BASE 65) ]
TOTAL THIS MO. 381
DPTR FM NORMAL 38 [PRESSURE DATA]
TOTAL FM JAN 1 626 HIGHEST SLP 30.27 ON 20
DPTR FM NORMAL 71 LOWEST SLP 29.76 ON 2
[REMARKS]
#FINAL-06-22#