000
CXUS52 KGSP 010817
CF6GSP
PRELIMINARY LOCAL CLIMATOLOGICAL DATA (WS FORM: F-6)
STATION: GREENVILLE-SPARTANBURG SC
MONTH: AUGUST
YEAR: 2020
LATITUDE: 34 54 N
LONGITUDE: 82 13 W
TEMPERATURE IN F: :PCPN: SNOW: WIND :SUNSHINE: SKY :PK WND
================================================================================
1 2 3 4 5 6A 6B 7 8 9 10 11 12 13 14 15 16 17 18
12Z AVG MX 2MIN
DY MAX MIN AVG DEP HDD CDD WTR SNW DPTH SPD SPD DIR MIN PSBL S-S WX SPD DR
================================================================================
1 91 72 82 2 0 17 0.00 0.0 0 8.4 18 210 M M 3 1 24 230
2 92 72 82 2 0 17 0.47 0.0 0 7.6 26 210 M M 2 138 32 180
3 87 68 78 -2 0 13 0.11 0.0 0 5.9 22 60 M M 6 13 27 360
4 89 64 77 -3 0 12 0.00 0.0 0 5.0 15 220 M M 1 1 19 190
5 92 69 81 1 0 16 0.01 0.0 0 4.6 15 130 M M 3 3 21 130
6 91 69 80 0 0 15 0.00 0.0 0 5.7 20 60 M M 5 1 25 60
7 87 68 78 -2 0 13 0.37 0.0 0 3.2 16 60 M M 7 13 18 60
8 92 68 80 1 0 15 T 0.0 0 3.5 14 190 M M 3 21 200
9 94 70 82 3 0 17 T 0.0 0 2.7 12 350 M M 2 18 360
10 91 69 80 1 0 15 0.01 0.0 0 3.9 20 270 M M 2 13 27 270
11 91 69 80 1 0 15 0.00 0.0 0 1.9 12 250 M M 1 1 14 240
12 92 70 81 2 0 16 0.04 0.0 0 3.7 21 90 M M 1 13 27 100
13 93 71 82 3 0 17 T 0.0 0 4.0 18 60 M M 2 3 23 60
14 90 70 80 1 0 15 0.01 0.0 0 3.9 12 160 M M 3 14 160
15 88 70 79 0 0 14 1.28 0.0 0 3.9 14 30 M M 7 123 17 30
16 86 67 77 -2 0 12 0.00 0.0 0 3.8 9 50 M M 5 12 120
17 88 68 78 -1 0 13 0.01 0.0 0 4.3 14 300 M M 4 3 20 290
18 88 63 76 -3 0 11 0.00 0.0 0 3.3 10 150 M M 0 15 140
19 89 67 78 -1 0 13 0.01 0.0 0 3.2 17 290 M M 3 3 24 300
20 85 66 76 -2 0 11 0.03 0.0 0 6.4 13 50 M M 3 1 16 80
21 78 69 74 -4 0 9 1.45 0.0 0 5.5 10 20 M M 10 1 14 20
22 86 69 78 0 0 13 0.04 0.0 0 5.6 16 190 M M 5 13 19 190
23 85 69 77 -1 0 12 0.02 0.0 0 5.8 15 180 M M 5 1 19 140
24 83 69 76 -2 0 11 0.03 0.0 0 3.2 9 190 M M 3 14 130
25 83 72 78 0 0 13 0.04 0.0 0 4.7 13 240 M M 5 17 240
26 92 71 82 4 0 17 0.00 0.0 0 3.6 12 210 M M 1 14 210
27 91 71 81 3 0 16 0.00 0.0 0 7.2 14 250 M M 1 1 18 260
28 90 74 82 5 0 17 T 0.0 0 9.1 17 190 M M 3 22 200
29 91 74 83 6 0 18 0.01 0.0 0 10.3 23 230 M M 5 1 29 220
30 90 70 80 3 0 15 0.00 0.0 0 4.5 13 270 M M 1 3 21 270
31 87 71 79 2 0 14 0.34 0.0 0 3.5 12 290 M M 5 13 18 310
================================================================================
SM 2752 2149 0 442 4.28 0.0 151.9 M 107
================================================================================
AV 88.8 69.3 4.9 FASTST M M 3 MAX(MPH)
MISC ----> 26 210 32 180
================================================================================
NOTES:
# LAST OF SEVERAL OCCURRENCES
COLUMN 17 PEAK WIND IN M.P.H.
PRELIMINARY LOCAL CLIMATOLOGICAL DATA (WS FORM: F-6) , PAGE 2
STATION: GREENVILLE-SPARTANBURG SC
MONTH: AUGUST
YEAR: 2020
LATITUDE: 34 54 N
LONGITUDE: 82 13 W
[TEMPERATURE DATA] [PRECIPITATION DATA] SYMBOLS USED IN COLUMN 16
AVERAGE MONTHLY: 79.0 TOTAL FOR MONTH: 4.28 1 = FOG OR MIST
DPTR FM NORMAL: 0.4 DPTR FM NORMAL: -0.20 2 = FOG REDUCING VISIBILITY
HIGHEST: 94 ON 9 GRTST 24HR 1.48 ON 20-21 TO 1/4 MILE OR LESS
LOWEST: 63 ON 18 3 = THUNDER
SNOW, ICE PELLETS, HAIL 4 = ICE PELLETS
TOTAL MONTH: 0.0 INCH 5 = HAIL
GRTST 24HR 0.0 6 = FREEZING RAIN OR DRIZZLE
GRTST DEPTH: 0 7 = DUSTSTORM OR SANDSTORM:
VSBY 1/2 MILE OR LESS
8 = SMOKE OR HAZE
[NO. OF DAYS WITH] [WEATHER - DAYS WITH] 9 = BLOWING SNOW
X = TORNADO
MAX 32 OR BELOW: 0 0.01 INCH OR MORE: 18
MAX 90 OR ABOVE: 16 0.10 INCH OR MORE: 6
MIN 32 OR BELOW: 0 0.50 INCH OR MORE: 2
MIN 0 OR BELOW: 0 1.00 INCH OR MORE: 2
[HDD (BASE 65) ]
TOTAL THIS MO. 0 CLEAR (SCALE 0-3) 17
DPTR FM NORMAL 0 PTCLDY (SCALE 4-7) 13
TOTAL FM JUL 1 0 CLOUDY (SCALE 8-10) 1
DPTR FM NORMAL 0
[CDD (BASE 65) ]
TOTAL THIS MO. 442
DPTR FM NORMAL 19 [PRESSURE DATA]
TOTAL FM JAN 1 1451 HIGHEST SLP 30.18 ON 24
DPTR FM NORMAL 16 LOWEST SLP 29.74 ON 29
[REMARKS]
#FINAL-08-20#