000
CXUS54 KAMA 010810
CF6GUY
PRELIMINARY LOCAL CLIMATOLOGICAL DATA (WS FORM: F-6)
STATION: GUYMON
MONTH: DECEMBER
YEAR: 2021
LATITUDE: 36 41 N
LONGITUDE: 101 30 W
TEMPERATURE IN F: :PCPN: SNOW: WIND :SUNSHINE: SKY :PK WND
================================================================================
1 2 3 4 5 6A 6B 7 8 9 10 11 12 13 14 15 16 17 18
12Z AVG MX 2MIN
DY MAX MIN AVG DEP HDD CDD WTR SNW DPTH SPD SPD DIR MIN PSBL S-S WX SPD DR
================================================================================
1 71 33 52 12 13 0 0.00 M M 7.6 16 310 M M 0 26 320
2 78 34 56 17 9 0 0.00 M M 6.1 14 210 M M 0 17 220
3 65 33 49 10 16 0 0.00 M M 11.3 24 20 M M 0 33 60
4 56 29 43 4 22 0 0.00 M M 6.4 13 210 M M 0 16 210
5 77 30 54 16 11 0 0.00 M M 11.3 41 30 M M 0 8 57 20
6 39 19 29 -9 36 0 0.00 M M 10.4 24 360 M M 0 36 10
7 58 29 44 6 21 0 0.00 M M 8.9 22 190 M M 0 31 190
8 63 23 43 5 22 0 0.00 M M 12.2 32 250 M M 0 47 250
9 71 32 52 15 13 0 0.00 M M 10.2 22 240 M M 0 31 190
10 69 29 49 12 16 0 0.00 M M 24.0 45 250 M M 2 69 240
11 49 15 32 -5 33 0 0.00 M M 10.5 21 220 M M 0 27 210
12 73 19 46 9 19 0 0.00 M M 10.8 26 220 M M 0 35 220
13 65 29 47 11 18 0 0.00 M M 6.6 13 270 M M 0 17 300
14 79 30 55 19 10 0 0.00 M M 12.7 33 220 M M 0 45 210
15 72 36 54 18 11 0 0.00 M M 14.1 53 250 M M 1 8 77 260
16 50 19 35 -1 30 0 0.00 M M 7.5 18 180 M M 0 8 26 160
17 54 24 39 3 26 0 0.00 M M 10.1 22 40 M M 0 29 60
18 39 14 27 -9 38 0 0.00 M M 9.6 21 10 M M 0 31 10
19 55 11 33 -3 32 0 0.00 M M 11.3 24 220 M M 0 29 210
20 61 13 37 2 28 0 0.00 M M 7.7 15 50 M M 0 19 50
21 66 17 42 7 23 0 0.00 M M 9.3 25 40 M M 0 31 30
22 70 18 44 9 21 0 0.00 M M 6.6 15 230 M M 0 20 220
23 66 32 49 14 16 0 0.00 M M 8.3 32 230 M M 0 44 230
24 76 50 63 28 2 0 0.00 M M 24.7 39 250 M M 0 55 240
25 69 42 56 21 9 0 0.00 M M 10.5 24 240 M M 0 32 250
26 75 43 59 24 6 0 0.00 M M 20.2 47 240 M M 0 63 220
27 49 29 39 4 26 0 0.00 M M 11.2 20 180 M M 0 31 180
28 59 31 45 10 20 0 0.00 M M 16.1 28 260 M M 0 38 250
29 50 18 34 -1 31 0 0.00 M M 6.1 14 80 M M 1 18 70
30 59 20 40 5 25 0 0.00 M M 17.1 30 240 M M 0 40 230
31 62 23 43 8 22 0 0.00 M M 19.4 35 240 M M 0 45 230
================================================================================
SM 1945 824 625 0 0.00 M 358.8 M 4
================================================================================
AV 62.7 26.6 11.6 FASTST M M 0 MAX(MPH)
MISC ----> 53 250 77 260
================================================================================
NOTES:
# LAST OF SEVERAL OCCURRENCES
COLUMN 17 PEAK WIND IN M.P.H.
PRELIMINARY LOCAL CLIMATOLOGICAL DATA (WS FORM: F-6) , PAGE 2
STATION: GUYMON
MONTH: DECEMBER
YEAR: 2021
LATITUDE: 36 41 N
LONGITUDE: 101 30 W
[TEMPERATURE DATA] [PRECIPITATION DATA] SYMBOLS USED IN COLUMN 16
AVERAGE MONTHLY: 44.7 TOTAL FOR MONTH: 0.00 1 = FOG OR MIST
DPTR FM NORMAL: 8.3 DPTR FM NORMAL: -0.69 2 = FOG REDUCING VISIBILITY
HIGHEST: 79 ON 14 GRTST 24HR 0.00 ON 1- 1 TO 1/4 MILE OR LESS
LOWEST: 11 ON 19 3 = THUNDER
SNOW, ICE PELLETS, HAIL 4 = ICE PELLETS
TOTAL MONTH: M 5 = HAIL
GRTST 24HR M ON M 6 = FREEZING RAIN OR DRIZZLE
GRTST DEPTH: M ON M 7 = DUSTSTORM OR SANDSTORM:
VSBY 1/2 MILE OR LESS
8 = SMOKE OR HAZE
[NO. OF DAYS WITH] [WEATHER - DAYS WITH] 9 = BLOWING SNOW
X = TORNADO
MAX 32 OR BELOW: 0 0.01 INCH OR MORE: 0
MAX 90 OR ABOVE: 0 0.10 INCH OR MORE: 0
MIN 32 OR BELOW: 24 0.50 INCH OR MORE: 0
MIN 0 OR BELOW: 0 1.00 INCH OR MORE: 0
[HDD (BASE 65) ]
TOTAL THIS MO. 625 CLEAR (SCALE 0-3) 31
DPTR FM NORMAL -260 PTCLDY (SCALE 4-7) 0
TOTAL FM JUL 1 1254 CLOUDY (SCALE 8-10) 0
DPTR FM NORMAL -504
[CDD (BASE 65) ]
TOTAL THIS MO. 0
DPTR FM NORMAL 0 [PRESSURE DATA]
TOTAL FM JAN 1 1784 HIGHEST SLP M ON M
DPTR FM NORMAL 145 LOWEST SLP 29.28 ON 10
[REMARKS]
#FINAL-12-21#