000
CXUS54 KAMA 010710
CF6GUY
PRELIMINARY LOCAL CLIMATOLOGICAL DATA (WS FORM: F-6)
STATION: GUYMON
MONTH: MARCH
YEAR: 2020
LATITUDE: 36 41 N
LONGITUDE: 101 30 W
TEMPERATURE IN F: :PCPN: SNOW: WIND :SUNSHINE: SKY :PK WND
================================================================================
1 2 3 4 5 6A 6B 7 8 9 10 11 12 13 14 15 16 17 18
12Z AVG MX 2MIN
DY MAX MIN AVG DEP HDD CDD WTR SNW DPTH SPD SPD DIR MIN PSBL S-S WX SPD DR
================================================================================
1 71 35 53 11 12 0 0.00 M M 10.2 18 60 M M 0 25 80
2 62 27 45 3 20 0 0.00 M M 9.0 20 200 M M 0 25 190
3 62 29 46 4 19 0 0.00 M M 7.9 23 340 M M 0 28 340
4 60 32 46 3 19 0 0.00 M M 9.7 18 190 M M 0 22 190
5 59 30 45 2 20 0 0.00 M M 11.5 25 20 M M 0 30 20
6 69 24 47 4 18 0 0.00 M M 14.6 32 200 M M 0 40 200
7 74 40 57 13 8 0 0.00 M M 20.8 33 210 M M 0 42 200
8 65 45 55 11 10 0 T M M 15.9 29 200 M M 2 37 190
9 66 44 55 11 10 0 0.00 M M 13.8 31 310 M M 1 39 300
10 80 38 59 15 6 0 0.00 M M 13.7 26 210 M M 0 31 200
11 73 39 56 11 9 0 0.00 M M 11.3 23 180 M M 1 32 190
12 71 46 59 14 6 0 0.00 M M 12.5 23 60 M M 0 29 70
13 46 34 40 -5 25 0 0.35 M M 12.9 21 110 M M 9 1 27 110
14 43 35 39 -7 26 0 0.00 M M 8.5 17 60 M M 10 1 21 70
15 43 35 39 -7 26 0 0.03 M M 9.9 15 150 M M 10 1 19 150
16 63 38 51 5 14 0 0.03 M M 11.3 20 50 M M 5 1 26 30
17 54 40 47 0 18 0 0.08 M M 11.4 24 180 M M 9 1 35 180
18 78 46 62 15 3 0 0.00 M M 12.7 28 220 M M 3 33 200
19 71 34 53 6 12 0 0.07 M M 28.3 46 220 M M 3 58 230
20 46 27 37 -11 28 0 0.00 M M 14.1 35 350 M M 5 43 350
21 57 30 44 -4 21 0 0.00 M M 13.3 22 180 M M 4 28 190
22 74 35 55 7 10 0 0.00 M M 11.7 25 220 M M 1 32 210
23 66 46 56 8 9 0 0.00 M M 8.9 17 140 M M 6 1 24 170
24 73 42 58 9 7 0 0.00 M M 7.3 15 330 M M 3 12 19 160
25 88 45 67 18 0 2 0.00 M M 14.7 30 230 M M 0 39 220
26 89 45 67 18 0 2 0.00 M M 17.3 40 220 M M 0 50 220
27 72 57 65 15 0 0 0.00 M M 21.8 36 200 M M 0 46 210
28 62 29 46 -4 19 0 0.00 M M 19.3 37 320 M M 0 48 340
29 66 29 48 -2 17 0 0.00 M M 10.8 20 190 M M 0 25 190
30 70 36 53 3 12 0 0.41 M M 10.6 26 130 M M 2 13 37 120
31 67 34 51 0 14 0 0.00 M M 10.6 22 150 M M 3 12 29 170
================================================================================
SM 2040 1146 418 4 0.97 M 406.3 M 77
================================================================================
AV 65.8 37.0 13.1 FASTST M M 2 MAX(MPH)
MISC ----> 46 220 58 230
================================================================================
NOTES:
# LAST OF SEVERAL OCCURRENCES
COLUMN 17 PEAK WIND IN M.P.H.
PRELIMINARY LOCAL CLIMATOLOGICAL DATA (WS FORM: F-6) , PAGE 2
STATION: GUYMON
MONTH: MARCH
YEAR: 2020
LATITUDE: 36 41 N
LONGITUDE: 101 30 W
[TEMPERATURE DATA] [PRECIPITATION DATA] SYMBOLS USED IN COLUMN 16
AVERAGE MONTHLY: 51.4 TOTAL FOR MONTH: 0.97 1 = FOG OR MIST
DPTR FM NORMAL: 5.1 DPTR FM NORMAL: -0.46 2 = FOG REDUCING VISIBILITY
HIGHEST: 89 ON 26 GRTST 24HR 0.41 ON 30-30 TO 1/4 MILE OR LESS
LOWEST: 24 ON 6 3 = THUNDER
SNOW, ICE PELLETS, HAIL 4 = ICE PELLETS
TOTAL MONTH: M 5 = HAIL
GRTST 24HR M ON M 6 = FREEZING RAIN OR DRIZZLE
GRTST DEPTH: M ON M 7 = DUSTSTORM OR SANDSTORM:
VSBY 1/2 MILE OR LESS
8 = SMOKE OR HAZE
[NO. OF DAYS WITH] [WEATHER - DAYS WITH] 9 = BLOWING SNOW
X = TORNADO
MAX 32 OR BELOW: 0 0.01 INCH OR MORE: 6
MAX 90 OR ABOVE: 0 0.10 INCH OR MORE: 2
MIN 32 OR BELOW: 9 0.50 INCH OR MORE: 0
MIN 0 OR BELOW: 0 1.00 INCH OR MORE: 0
[HDD (BASE 65) ]
TOTAL THIS MO. 418 CLEAR (SCALE 0-3) 23
DPTR FM NORMAL -163 PTCLDY (SCALE 4-7) 4
TOTAL FM JUL 1 3791 CLOUDY (SCALE 8-10) 4
DPTR FM NORMAL -257
[CDD (BASE 65) ]
TOTAL THIS MO. 4
DPTR FM NORMAL 2 [PRESSURE DATA]
TOTAL FM JAN 1 4 HIGHEST SLP M ON M
DPTR FM NORMAL 2 LOWEST SLP 29.40 ON 27
[REMARKS]
#FINAL-03-20#