000
CXUS52 KFFC 011110
CF6GVL
PRELIMINARY LOCAL CLIMATOLOGICAL DATA (WS FORM: F-6)
STATION: GAINESVILLE
MONTH: MARCH
YEAR: 2020
LATITUDE: 34 16 N
LONGITUDE: 83 50 W
TEMPERATURE IN F: :PCPN: SNOW: WIND :SUNSHINE: SKY :PK WND
================================================================================
1 2 3 4 5 6A 6B 7 8 9 10 11 12 13 14 15 16 17 18
12Z AVG MX 2MIN
DY MAX MIN AVG DEP HDD CDD WTR SNW DPTH SPD SPD DIR MIN PSBL S-S WX SPD DR
================================================================================
1 63 29 46 -3 19 0 0.00 0.0 0 3.3 14 260 M M 0 16 250
2 52 41 47 -2 18 0 0.49 M 0 3.5 8 190 M M 6 13 12 210
3 66 48 57 8 8 0 M M 0 6.4 21 320 M M 6 123 25 330
4 60 51 56 6 9 0 0.31 0.0 0 3.7 13 340 M M 10 1 23 340
5 51 41 46 -4 19 0 1.58 0.0 0 6.4 18 90 M M 9 12 24 100
6 53 37 45 -5 20 0 0.00 0.0 0 12.8 29 320 M M 2 12 38 320
7 59 30 45 -5 20 0 0.00 0.0 0 4.8 14 320 M M 0 18 320
8 59 35 47 -4 18 0 0.00 0.0 0 4.7 12 100 M M 0 15 130
9 65 38 52 1 13 0 0.00 0.0 0 3.5 13 140 M M 3 18 140
10 63 54 59 8 6 0 0.08 0.0 0 6.7 12 240 M M 7 1 17 240
11 70 55 63 12 2 0 0.02 0.0 0 7.2 18 250 M M 6 1 25 240
12 71 53 62 10 3 0 0.01 0.0 0 3.7 12 160 M M 7 12 15 210
13 71 60 66 14 0 1 0.02 0.0 0 7.9 14 260 M M 8 17 250
14 61 53 57 5 8 0 0.05 0.0 0 6.2 15 90 M M 7 1 18 90
15 65 53 59 7 6 0 0.02 0.0 0 7.1 16 90 M M 9 21 290
16 57 47 52 -1 13 0 T M 0 8.9 16 80 M M 10 1 22 80
17 66 47 57 4 8 0 0.14 0.0 0 4.3 10 230 M M 7 1 13 240
18 64 51 58 5 7 0 T 0.0 0 6.1 14 100 M M 7 12 19 130
19 79 59 69 16 0 4 0.00 0.0 0 4.5 16 240 M M 7 12 21 240
20 80 59 70 16 0 5 T 0.0 0 7.6 16 340 M M 2 20 240
21 73 52 63 9 2 0 0.03 0.0 0 9.4 20 250 M M 3 1 26 250
22 58 48 53 -1 12 0 T M 0 10.3 18 70 M M 8 1 24 90
23 53 48 51 -4 14 0 1.27 0.0 0 6.3 14 90 M M 10 1 19 90
24 56 51 54 -1 11 0 1.98 0.0 0 5.8 18 310 M M 10 123 22 310
25 71 52 62 7 3 0 0.12 0.0 0 8.6 16 310 M M 3 1 22 290
26 73 53 63 8 2 0 0.00 0.0 0 5.8 16 90 M M 3 20 70
27 85 53 69 13 0 4 0.00 0.0 0 5.1 17 230 M M 0 21 230
28 82 61 72 16 0 7 0.00 0.0 0 7.3 18 260 M M 2 1 24 250
29 77 64 71 15 0 6 T 0.0 0 9.9 20 250 M M 2 18 26 270
30 75 58 67 11 0 2 T 0.0 0 8.5 17 250 M M 1 8 23 330
31 61 47 54 -3 11 0 0.29 0.0 0 9.2 22 280 M M 7 1 29 100
================================================================================
SM 2039 1528 252 29 6.41 0.0 205.5 M 162
================================================================================
AV 65.8 49.3 6.6 FASTST M M 5 MAX(MPH)
MISC ----> # 29 320 # 38 320
================================================================================
NOTES:
# LAST OF SEVERAL OCCURRENCES
COLUMN 17 PEAK WIND IN M.P.H.
PRELIMINARY LOCAL CLIMATOLOGICAL DATA (WS FORM: F-6) , PAGE 2
STATION: GAINESVILLE
MONTH: MARCH
YEAR: 2020
LATITUDE: 34 16 N
LONGITUDE: 83 50 W
[TEMPERATURE DATA] [PRECIPITATION DATA] SYMBOLS USED IN COLUMN 16
AVERAGE MONTHLY: 57.5 TOTAL FOR MONTH: 6.41 1 = FOG OR MIST
DPTR FM NORMAL: 4.8 DPTR FM NORMAL: 0.99 2 = FOG REDUCING VISIBILITY
HIGHEST: 85 ON 27 GRTST 24HR 1.98 ON 24-24 TO 1/4 MILE OR LESS
LOWEST: 29 ON 1 3 = THUNDER
SNOW, ICE PELLETS, HAIL 4 = ICE PELLETS
TOTAL MONTH: 0.0 INCH 5 = HAIL
GRTST 24HR 0.0 6 = FREEZING RAIN OR DRIZZLE
GRTST DEPTH: 0 7 = DUSTSTORM OR SANDSTORM:
VSBY 1/2 MILE OR LESS
8 = SMOKE OR HAZE
[NO. OF DAYS WITH] [WEATHER - DAYS WITH] 9 = BLOWING SNOW
X = TORNADO
MAX 32 OR BELOW: 0 0.01 INCH OR MORE: 15
MAX 90 OR ABOVE: 0 0.10 INCH OR MORE: 8
MIN 32 OR BELOW: 2 0.50 INCH OR MORE: 3
MIN 0 OR BELOW: 0 1.00 INCH OR MORE: 3
[HDD (BASE 65) ]
TOTAL THIS MO. 252 CLEAR (SCALE 0-3) 11
DPTR FM NORMAL -136 PTCLDY (SCALE 4-7) 14
TOTAL FM JUL 1 2373 CLOUDY (SCALE 8-10) 6
DPTR FM NORMAL -479
[CDD (BASE 65) ]
TOTAL THIS MO. 29
DPTR FM NORMAL 24 [PRESSURE DATA]
TOTAL FM JAN 1 29 HIGHEST SLP 30.62 ON 8
DPTR FM NORMAL 24 LOWEST SLP 29.62 ON 31
[REMARKS]
#FINAL-03-20#