000
CXUS54 KJAN 011510
CF6GWO
PRELIMINARY LOCAL CLIMATOLOGICAL DATA (WS FORM: F-6)
STATION: GREENWOOD
MONTH: DECEMBER
YEAR: 2022
LATITUDE: 33 30 N
LONGITUDE: 90 5 W
TEMPERATURE IN F: :PCPN: SNOW: WIND :SUNSHINE: SKY :PK WND
================================================================================
1 2 3 4 5 6A 6B 7 8 9 10 11 12 13 14 15 16 17 18
12Z AVG MX 2MIN
DY MAX MIN AVG DEP HDD CDD WTR SNW DPTH SPD SPD DIR MIN PSBL S-S WX SPD DR
================================================================================
1 57 30 44 -6 21 0 0.00 0.0 0 5.7 15 70 M M 0 21 80
2 71 43 57 8 8 0 0.00 0.0 0 11.5 23 170 M M 7 33 150
3 72 46 59 10 6 0 0.04 0.0 0 8.7 16 190 M M 9 1 22 180
4 54 43 49 0 16 0 0.07 0.0 0 4.8 12 350 M M 10 16 350
5 69 49 59 10 6 0 0.08 0.0 0 6.3 15 190 M M 8 12 20 190
6 79 69 74 25 0 9 0.00 0.0 0 10.3 23 220 M M 8 32 210
7 81 65 73 25 0 8 T 0.0 0 7.0 15 210 M M 7 21 240
8 80 65 73 25 0 8 0.00 0.0 0 7.3 17 210 M M 9 24 210
9 70 60 65 17 0 0 0.04 0.0 0 2.8 10 80 M M 10 12 14 340
10 75 61 68 20 0 3 0.24 0.0 0 5.3 14 230 M M 9 1 19 210
11 63 56 60 12 5 0 0.25 0.0 0 6.2 12 30 M M 10 1 16 40
12 59 55 57 9 8 0 0.00 0.0 0 6.7 10 60 M M 10 1 15 50
13 72 57 65 18 0 0 0.22 0.0 0 15.3 33 160 M M 9 13 45 160
14 68 47 58 11 7 0 3.26 0.0 0 6.5 24 170 M M 7 13 32 160
15 54 41 48 1 17 0 0.00 0.0 0 5.5 15 230 M M 1 22 230
16 53 34 44 -3 21 0 T 0.0 0 4.6 13 200 M M 4 17 260
17 51 31 41 -6 24 0 0.00 0.0 0 3.1 14 270 M M 0 24 240
18 50 26 38 -9 27 0 0.00 0.0 0 2.7 13 20 M M 0 20 360
19 43 28 36 -10 29 0 T 0.0 0 4.7 9 80 M M 7 13 80
20 49 35 42 -4 23 0 0.14 0.0 0 4.9 14 50 M M 9 1 18 60
21 48 30 39 -7 26 0 T 0.0 0 3.5 10 170 M M 8 1 13 150
22 52 18 35 -11 30 0 0.03 M 0 9.0 28 340 M M 10 18 50 350
23 20 9 15 -31 50 0 T 0.0 M 8.6 17 340 M M 2 32 340
24 31 15 23 -23 42 0 0.00 0.0 0 4.1 10 310 M M 0 19 330
25 38 18 28 -18 37 0 0.00 0.0 0 1.8 10 320 M M 0 16 310
26 45 23 34 -12 31 0 0.00 0.0 0 4.1 16 200 M M 4 22 200
27 47 23 35 -10 30 0 0.00 0.0 0 2.6 10 30 M M 2 13 40
28 71 30 51 6 14 0 0.00 0.0 0 11.9 22 190 M M 1 30 170
29 73 58 66 21 0 1 0.08 0.0 0 15.0 28 180 M M 6 1 38 190
30 66 56 61 16 4 0 0.73 0.0 0 5.8 41 110 M M 8 13 50 120
31 71 53 62 17 3 0 T 0.0 0 3.9 15 180 M M 6 12 18 180
================================================================================
SM 1832 1274 485 29 5.18 0.0 200.2 M 181
================================================================================
AV 59.1 41.1 6.5 FASTST M M 6 MAX(MPH)
MISC ----> 41 110 # 50 350
================================================================================
NOTES:
# LAST OF SEVERAL OCCURRENCES
COLUMN 17 PEAK WIND IN M.P.H.
PRELIMINARY LOCAL CLIMATOLOGICAL DATA (WS FORM: F-6) , PAGE 2
STATION: GREENWOOD
MONTH: DECEMBER
YEAR: 2022
LATITUDE: 33 30 N
LONGITUDE: 90 5 W
[TEMPERATURE DATA] [PRECIPITATION DATA] SYMBOLS USED IN COLUMN 16
AVERAGE MONTHLY: 50.1 TOTAL FOR MONTH: 5.18 1 = FOG OR MIST
DPTR FM NORMAL: 3.0 DPTR FM NORMAL: -0.15 2 = FOG REDUCING VISIBILITY
HIGHEST: 81 ON 7 GRTST 24HR 3.48 ON 13-14 TO 1/4 MILE OR LESS
LOWEST: 9 ON 23 3 = THUNDER
SNOW, ICE PELLETS, HAIL 4 = ICE PELLETS
TOTAL MONTH: 0.0 INCH 5 = HAIL
GRTST 24HR 0.0 6 = FREEZING RAIN OR DRIZZLE
GRTST DEPTH: 0 7 = DUSTSTORM OR SANDSTORM:
VSBY 1/2 MILE OR LESS
8 = SMOKE OR HAZE
[NO. OF DAYS WITH] [WEATHER - DAYS WITH] 9 = BLOWING SNOW
X = TORNADO
MAX 32 OR BELOW: 2 0.01 INCH OR MORE: 12
MAX 90 OR ABOVE: 0 0.10 INCH OR MORE: 6
MIN 32 OR BELOW: 12 0.50 INCH OR MORE: 2
MIN 0 OR BELOW: 0 1.00 INCH OR MORE: 1
[HDD (BASE 65) ]
TOTAL THIS MO. 485 CLEAR (SCALE 0-3) 9
DPTR FM NORMAL -78 PTCLDY (SCALE 4-7) 12
TOTAL FM JUL 1 910 CLOUDY (SCALE 8-10) 10
DPTR FM NORMAL -127
[CDD (BASE 65) ]
TOTAL THIS MO. 29
DPTR FM NORMAL 23 [PRESSURE DATA]
TOTAL FM JAN 1 2731 HIGHEST SLP 30.60 ON 24
DPTR FM NORMAL 488 LOWEST SLP 29.62 ON 14
[REMARKS]
#FINAL-12-22#