000
CXUS54 KJAN 012225
CLMGWO
CLIMATE REPORT
NATIONAL WEATHER SERVICE JACKSON MS
525 PM CDT TUE AUG 01 2023
...................................
...THE GREENWOOD CLIMATE SUMMARY FOR THE MONTH OF JULY 2023...
CLIMATE NORMAL PERIOD: 1991 TO 2020
CLIMATE RECORD PERIOD: 1948 TO 2023
WEATHER OBSERVED NORMAL DEPART LAST YEAR`S
VALUE DATE(S) VALUE FROM VALUE DATE(S)
NORMAL
................................................................
TEMPERATURE (F)
RECORD
HIGH 105 07/30/1986
07/16/1980
LOW 53 07/15/1967
HIGHEST 100 07/29 MM MM 98 07/05
07/12
LOWEST 67 07/23 MM MM 71 07/12
AVG. MAXIMUM 94.0 91.5 2.5 94.6
AVG. MINIMUM 73.9 71.6 2.3 75.4
MEAN 84.0 81.5 2.5 85.0
DAYS MAX >= 90 29 23.8 5.2 30
DAYS MAX <= 32 0 0.0 0.0 0
DAYS MIN <= 32 0 0.0 0.0 0
DAYS MIN <= 0 0 0.0 0.0 0
PRECIPITATION (INCHES)
RECORD
MAXIMUM 11.12 1963
MINIMUM 0.47 2000
TOTALS 3.99 3.82 0.17 4.74
DAILY AVG. 0.13 0.12 0.01 0.15
DAYS >= .01 12 9.3 2.7 11
DAYS >= .10 9 6.3 2.7 8
DAYS >= .50 2 2.8 -0.8 5
DAYS >= 1.00 0 1.2 -1.2 0
GREATEST
24 HR. TOTAL 0.96 07/21 TO 07/22 1.53
SNOWFALL (INCHES)
TOTALS 0.0
DEGREE DAYS
HEATING TOTAL 0 0 0 0
SINCE 7/1 0 0 0 MM
COOLING TOTAL 597 513 84 627
SINCE 1/1 1550 1288 262 MM
................................................................
WIND (MPH)
AVERAGE WIND SPEED 3.5
HIGHEST WIND SPEED/DIRECTION 28/190 DATE 07/02
HIGHEST GUST SPEED/DIRECTION 40/180 DATE 07/02
SKY COVER
POSSIBLE SUNSHINE (PERCENT) MM
AVERAGE SKY COVER 0.20
NUMBER OF DAYS FAIR 23
NUMBER OF DAYS PC 8
NUMBER OF DAYS CLOUDY 0
AVERAGE RH (PERCENT) 73
WEATHER CONDITIONS. NUMBER OF DAYS WITH
THUNDERSTORM 11 MIXED PRECIP 0
HEAVY RAIN 10 RAIN 11
LIGHT RAIN 13 FREEZING RAIN 0
LT FREEZING RAIN 0 HAIL 0
HEAVY SNOW 0 SNOW 0
LIGHT SNOW 0 SLEET 0
FOG 23 FOG W/VIS <= 1/4 MILE 1
HAZE 3
- INDICATES NEGATIVE NUMBERS.
R INDICATES RECORD WAS SET OR TIED.
MM INDICATES DATA IS MISSING.
T INDICATES TRACE AMOUNT.
$$