000
CXUS55 KBOU 010900
CF6GXY
PRELIMINARY LOCAL CLIMATOLOGICAL DATA (WS FORM: F-6)
STATION: GREELEY CO
MONTH: OCTOBER
YEAR: 2022
LATITUDE: 40 25 N
LONGITUDE: 104 38 W
TEMPERATURE IN F: :PCPN: SNOW: WIND :SUNSHINE: SKY :PK WND
================================================================================
1 2 3 4 5 6A 6B 7 8 9 10 11 12 13 14 15 16 17 18
12Z AVG MX 2MIN
DY MAX MIN AVG DEP HDD CDD WTR SNW DPTH SPD SPD DIR MIN PSBL S-S WX SPD DR
================================================================================
1 73 51 62 M 3 0 0.18 M M 5.5 23 260 M M 3 13 32 250
2 73 49 61 M 4 0 T M M 5.8 13 140 M M 2 20 140
3 74 47 61 M 4 0 0.01 M M 5.0 18 340 M M 6 M M
4 70 47 59 M 6 0 0.00 M M 3.1 8 360 M M 3 1 M M
5 72 44 58 M 7 0 0.00 M M 3.2 8 10 M M 1 M M
6 73 40 57 M 8 0 0.00 M M 7.0 18 70 M M 2 27 70
7 53 38 46 M 19 0 T M M 5.9 17 90 M M 8 M M
8 67 33 50 M 15 0 0.00 M M 3.1 6 340 M M 1 1 M M
9 75 35 55 M 10 0 0.00 M M 3.4 7 160 M M 0 M M
10 79 34 57 M 8 0 0.00 M M 4.2 9 350 M M 0 M M
11 78 36 57 M 8 0 0.00 M M 7.7 29 30 M M 1 45 20
12 65 31 48 M 17 0 0.00 M M 5.2 21 50 M M 0 32 30
13 72 31 52 M 13 0 0.00 M M 7.8 23 360 M M 0 8 41 290
14 79 32 56 M 9 0 0.00 M M 6.2 20 340 M M 0 31 320
15 67 34 51 M 14 0 0.00 M M 5.3 15 40 M M 4 21 40
16 62 34 48 M 17 0 0.00 M M 4.0 8 320 M M 6 M M
17 64 28 46 M 19 0 0.00 M M 3.1 7 140 M M 0 M M
18 71 27 49 M 16 0 0.00 M M 3.5 7 310 M M 0 8 M M
19 80 29 55 M 10 0 0.00 M M 8.0 22 360 M M 0 8 30 10
20 82 27 55 M 10 0 0.00 M M 3.9 14 170 M M 0 M M
21 79 36 58 M 7 0 0.00 M M 3.9 8 230 M M 0 M M
22 77 34 56 M 9 0 0.00 M M 5.9 10 120 M M 0 8 M M
23 69 36 53 M 12 0 0.03 M M 9.6 30 10 M M 5 38 39 10
24 54 27 41 M 24 0 0.00 M M 9.5 23 310 M M 1 30 320
25 60 22 41 M 24 0 0.00 M M 5.4 14 350 M M 4 M M
26 58 34 46 M 19 0 0.00 0.0 0 5.2 10 20 M M 3 M M
27 55 27 41 M 24 0 0.01 M M 13.1 21 320 M M 6 30 330
28 64 17 41 M 24 0 0.00 M M 3.7 10 180 M M 0 17 180
29 63 20 42 M 23 0 0.00 M M 3.5 8 320 M M 0 M M
30 63 24 44 M 21 0 0.00 M M 2.7 7 290 M M 0 M M
31 68 22 45 M 20 0 0.00 M M 3.8 9 360 M M 0 M M
================================================================================
SM 2139 1026 424 0 0.23 0.0 167.5 M 56
================================================================================
AV 69.0 33.1 5.4 FASTST M M 2 MAX(MPH)
MISC ----> 30 10 45 20
================================================================================
NOTES:
# LAST OF SEVERAL OCCURRENCES
COLUMN 17 PEAK WIND IN M.P.H.
PRELIMINARY LOCAL CLIMATOLOGICAL DATA (WS FORM: F-6) , PAGE 2
STATION: GREELEY CO
MONTH: OCTOBER
YEAR: 2022
LATITUDE: 40 25 N
LONGITUDE: 104 38 W
[TEMPERATURE DATA] [PRECIPITATION DATA] SYMBOLS USED IN COLUMN 16
AVERAGE MONTHLY: 51.0 TOTAL FOR MONTH: 0.23 1 = FOG OR MIST
DPTR FM NORMAL: 0.0 DPTR FM NORMAL: M 2 = FOG REDUCING VISIBILITY
HIGHEST: 82 ON 20 GRTST 24HR 0.65 ON 30- 1 TO 1/4 MILE OR LESS
LOWEST: 17 ON 28 3 = THUNDER
SNOW, ICE PELLETS, HAIL 4 = ICE PELLETS
TOTAL MONTH: 0.0 INCH 5 = HAIL
GRTST 24HR 0.0 6 = FREEZING RAIN OR DRIZZLE
GRTST DEPTH: 0 7 = DUSTSTORM OR SANDSTORM:
VSBY 1/2 MILE OR LESS
8 = SMOKE OR HAZE
[NO. OF DAYS WITH] [WEATHER - DAYS WITH] 9 = BLOWING SNOW
X = TORNADO
MAX 32 OR BELOW: 0 0.01 INCH OR MORE: 4
MAX 90 OR ABOVE: 0 0.10 INCH OR MORE: 1
MIN 32 OR BELOW: 14 0.50 INCH OR MORE: 0
MIN 0 OR BELOW: 0 1.00 INCH OR MORE: 0
[HDD (BASE 65) ]
TOTAL THIS MO. 424 CLEAR (SCALE 0-3) 23
DPTR FM NORMAL M PTCLDY (SCALE 4-7) 7
TOTAL FM JUL 1 485 CLOUDY (SCALE 8-10) 1
DPTR FM NORMAL M
[CDD (BASE 65) ]
TOTAL THIS MO. 0
DPTR FM NORMAL M [PRESSURE DATA]
TOTAL FM JAN 1 1009 HIGHEST SLP 30.57 ON 7
DPTR FM NORMAL M LOWEST SLP 29.21 ON 23
[REMARKS]
#FINAL-10-22#