000
CXUS54 KEWX 011110
CF6GYB
PRELIMINARY LOCAL CLIMATOLOGICAL DATA (WS FORM: F-6)
STATION: GIDDINGS-LEE COUNTY AIRPORT
MONTH: FEBRUARY
YEAR: 2024
LATITUDE: 30 10 N
LONGITUDE: 96 59 W
TEMPERATURE IN F: :PCPN: SNOW: WIND :SUNSHINE: SKY :PK WND
================================================================================
1 2 3 4 5 6A 6B 7 8 9 10 11 12 13 14 15 16 17 18
12Z AVG MX 2MIN
DY MAX MIN AVG DEP HDD CDD WTR SNW DPTH SPD SPD DIR MIN PSBL S-S WX SPD DR
================================================================================
1 71 43 57 M 8 0 0.00 M M 0.8 8 210 M M 1 M M
2 69 56 63 M 2 0 0.37 M M 0.3 7 140 M M 9 12 21 140
3 72 46 59 M 6 0 0.32 M M 1.2 12 80 M M 5 22 50
4 66 45 56 M 9 0 0.00 M M 7.3 20 330 M M 2 36 340
5 62 50 56 M 9 0 0.00 M M 9.0 18 350 M M 6 24 350
6 68 43 56 M 9 0 0.00 M M 0.0 M M M M 0 M M
7 68 41 55 M 10 0 0.00 M M 2.9 15 160 M M 3 1 23 160
8 72 59 66 M 0 1 0.00 M M 0.0 M M M M 8 M M
9 73 64 69 M 0 4 0.00 M M 0.0 M M M M 8 1 M M
10 69 59 64 M 1 0 0.67 M M 1.2 18 340 M M 10 1 28 340
11 68 46 57 M 8 0 0.03 M M 7.9 17 340 M M 10 1 25 340
12 59 40 50 M 15 0 0.00 M M 9.6 20 320 M M 4 29 320
13 65 35 50 M 15 0 0.00 M M 0.0 M M M M 0 M M
14 68 41 55 M 10 0 0.00 M M 0.0 M M M M 4 M M
15 69 54 62 M 3 0 0.00 M M 0.0 M M M M 7 M M
16 70 55 63 M 2 0 0.00 M M 3.2 17 350 M M 7 25 350
17 55 38 47 M 18 0 0.00 M M 11.9 21 10 M M 4 29 10
18 52 32 42 M 23 0 0.00 M M 0.0 M M M M 1 M M
19 66 31 49 M 16 0 0.00 M M 1.8 10 200 M M 0 18 210
20 76 44 60 M 5 0 0.00 M M 0.8 7 170 M M 2 12 M M
21 77 61 69 M 0 4 0.00 M M 7.0 16 200 M M 7 27 180
22 82 64 73 M 0 8 0.00 M M 4.7 18 200 M M 5 28 200
23 73 53 63 M 2 0 0.00 M M 2.8 13 10 M M 0 18 340
24 77 43 60 M 5 0 0.00 M M 0.0 M M M M 0 M M
25 81 51 66 M 0 1 0.00 M M 4.8 15 210 M M 0 25 210
26 77 64 71 M 0 6 0.00 M M 3.2 13 200 M M 6 1 20 210
27 80 67 74 M 0 9 0.00 M M 5.0 13 210 M M 6 21 190
28 69 46 58 M 7 0 0.00 M M 9.3 23 20 M M 3 1 36 20
29 50 43 47 M 18 0 0.01 M M 1.0 6 40 M M 7 M M
================================================================================
SM 2004 1414 201 33 1.40 M 95.8 M 125
================================================================================
AV 69.1 48.8 3.3 FASTST M M 4 MAX(MPH)
MISC ----> 23 20 36 20
================================================================================
NOTES:
# LAST OF SEVERAL OCCURRENCES
COLUMN 17 PEAK WIND IN M.P.H.
PRELIMINARY LOCAL CLIMATOLOGICAL DATA (WS FORM: F-6) , PAGE 2
STATION: GIDDINGS-LEE COUNTY AIRPORT
MONTH: FEBRUARY
YEAR: 2024
LATITUDE: 30 10 N
LONGITUDE: 96 59 W
[TEMPERATURE DATA] [PRECIPITATION DATA] SYMBOLS USED IN COLUMN 16
AVERAGE MONTHLY: 58.9 TOTAL FOR MONTH: 1.40 1 = FOG OR MIST
DPTR FM NORMAL: 0.0 DPTR FM NORMAL: M 2 = FOG REDUCING VISIBILITY
HIGHEST: 82 ON 22 GRTST 24HR 0.67 ON 10-10 TO 1/4 MILE OR LESS
LOWEST: 31 ON 19 3 = THUNDER
SNOW, ICE PELLETS, HAIL 4 = ICE PELLETS
TOTAL MONTH: M 5 = HAIL
GRTST 24HR M ON M 6 = FREEZING RAIN OR DRIZZLE
GRTST DEPTH: M ON M 7 = DUSTSTORM OR SANDSTORM:
VSBY 1/2 MILE OR LESS
8 = SMOKE OR HAZE
[NO. OF DAYS WITH] [WEATHER - DAYS WITH] 9 = BLOWING SNOW
X = TORNADO
MAX 32 OR BELOW: 0 0.01 INCH OR MORE: 5
MAX 90 OR ABOVE: 0 0.10 INCH OR MORE: 3
MIN 32 OR BELOW: 2 0.50 INCH OR MORE: 1
MIN 0 OR BELOW: 0 1.00 INCH OR MORE: 0
[HDD (BASE 65) ]
TOTAL THIS MO. 201 CLEAR (SCALE 0-3) 11
DPTR FM NORMAL M PTCLDY (SCALE 4-7) 14
TOTAL FM JUL 1 1319 CLOUDY (SCALE 8-10) 4
DPTR FM NORMAL M
[CDD (BASE 65) ]
TOTAL THIS MO. 33
DPTR FM NORMAL M [PRESSURE DATA]
TOTAL FM JAN 1 33 HIGHEST SLP M ON M
DPTR FM NORMAL M LOWEST SLP M ON M
[REMARKS]
#FINAL-02-24#