000
CXUS54 KFWD 010731
CF6GYI
PRELIMINARY LOCAL CLIMATOLOGICAL DATA (WS FORM: F-6)
STATION: SHERMAN/DENISON
MONTH: JULY
YEAR: 2023
LATITUDE: 33 42 N
LONGITUDE: 96 40 W
TEMPERATURE IN F: :PCPN: SNOW: WIND :SUNSHINE: SKY :PK WND
================================================================================
1 2 3 4 5 6A 6B 7 8 9 10 11 12 13 14 15 16 17 18
12Z AVG MX 2MIN
DY MAX MIN AVG DEP HDD CDD WTR SNW DPTH SPD SPD DIR MIN PSBL S-S WX SPD DR
================================================================================
1 84 72 78 -3 0 13 0.00 M M 6.5 14 180 M M 1 17 170
2 98 68 83 2 0 18 0.00 M M 5.9 10 150 M M 1 M M
3 100 71 86 5 0 21 0.79 M M 10.0 16 140 M M 2 40 90
4 93 72 83 2 0 18 0.00 M M 8.6 14 120 M M 0 20 120
5 99 76 88 6 0 23 0.00 M M 8.0 12 30 M M 1 M M
6 95 76 86 4 0 21 0.00 M M 6.5 10 10 M M 2 M M
7 95 75 85 3 0 20 0.00 M M 9.7 23 200 M M 1 24 150
8 96 76 86 4 0 21 0.00 M M 7.9 14 210 M M 3 M M
9 86 72 79 -3 0 14 0.00 M M 7.5 20 300 M M 6 26 300
10 92 73 83 1 0 18 0.00 M M 6.3 10 110 M M 5 M M
11 96 71 84 2 0 19 0.02 M M 9.1 22 160 M M 3 37 330
12 99 78 89 7 0 24 0.00 M M 11.3 16 200 M M 0 18 180
13 98 80 89 7 0 24 0.00 M M 11.7 16 200 M M 0 22 180
14 95 80 88 6 0 23 0.50 M M 27.6130 140 M M 1 8 16 150
15 93 76 85 2 0 20 0.00 M M 7.0 12 50 M M 1 20 40
16 87 72 80 -3 0 15 0.60 M M 6.3 18 350 M M 2 3 28 350
17 104 71 88 5 0 23 0.00 M M 7.1 13 160 M M 0 17 140
18 102 81 92 9 0 27 0.00 M M 12.4 17 200 M M 0 21 200
19 101 80 91 8 0 26 0.00 M M 12.9 15 150 M M 0 22 190
20 102 78 90 7 0 25 0.00 M M 8.3 12 200 M M 0 M M
21 95 76 86 3 0 21 0.00 M M 7.1 12 20 M M 1 20 320
22 90 72 81 -2 0 16 0.00 M M 6.4 13 40 M M 1 M M
23 98 65 82 -1 0 17 0.00 M M 2.8 12 140 M M 0 M M
24 100 71 86 3 0 21 0.00 M M 7.9 10 140 M M 0 M M
25 103 73 88 5 0 23 0.00 M M 11.4 14 170 M M 0 21 160
26 101 76 89 6 0 24 0.00 M M 11.2 20 180 M M 0 25 180
27 101 76 89 6 0 24 0.00 M M 10.5 15 120 M M 0 22 120
28 101 75 88 5 0 23 0.00 M M 10.2 15 160 M M 0 21 160
29 104 77 91 8 0 26 0.00 M M 7.2 12 150 M M 0 16 210
30 106 76 91 8 0 26 0.00 M M 6.5 9 150 M M 0 M M
31 106 81 94 11 0 29 0.00 M M 8.3 10 120 M M 0 M M
================================================================================
SM 3020 2316 0 663 1.91 M 280.0 M 31
================================================================================
AV 97.4 74.7 9.0 FASTST M M 1 MAX(MPH)
MISC ----> 130 140 40 90
================================================================================
NOTES:
# LAST OF SEVERAL OCCURRENCES
COLUMN 17 PEAK WIND IN M.P.H.
PRELIMINARY LOCAL CLIMATOLOGICAL DATA (WS FORM: F-6) , PAGE 2
STATION: SHERMAN/DENISON
MONTH: JULY
YEAR: 2023
LATITUDE: 33 42 N
LONGITUDE: 96 40 W
[TEMPERATURE DATA] [PRECIPITATION DATA] SYMBOLS USED IN COLUMN 16
AVERAGE MONTHLY: 86.1 TOTAL FOR MONTH: 1.91 1 = FOG OR MIST
DPTR FM NORMAL: 3.6 DPTR FM NORMAL: -0.71 2 = FOG REDUCING VISIBILITY
HIGHEST: 106 ON 31,30 GRTST 24HR 0.79 ON 3- 3 TO 1/4 MILE OR LESS
LOWEST: 65 ON 23 3 = THUNDER
SNOW, ICE PELLETS, HAIL 4 = ICE PELLETS
TOTAL MONTH: M 5 = HAIL
GRTST 24HR M ON M 6 = FREEZING RAIN OR DRIZZLE
GRTST DEPTH: M ON M 7 = DUSTSTORM OR SANDSTORM:
VSBY 1/2 MILE OR LESS
8 = SMOKE OR HAZE
[NO. OF DAYS WITH] [WEATHER - DAYS WITH] 9 = BLOWING SNOW
X = TORNADO
MAX 32 OR BELOW: 0 0.01 INCH OR MORE: 4
MAX 90 OR ABOVE: 28 0.10 INCH OR MORE: 3
MIN 32 OR BELOW: 0 0.50 INCH OR MORE: 3
MIN 0 OR BELOW: 0 1.00 INCH OR MORE: 0
[HDD (BASE 65) ]
TOTAL THIS MO. 0 CLEAR (SCALE 0-3) 28
DPTR FM NORMAL 0 PTCLDY (SCALE 4-7) 3
TOTAL FM JUL 1 0 CLOUDY (SCALE 8-10) 0
DPTR FM NORMAL 0
[CDD (BASE 65) ]
TOTAL THIS MO. 663
DPTR FM NORMAL 121 [PRESSURE DATA]
TOTAL FM JAN 1 1538 HIGHEST SLP M ON M
DPTR FM NORMAL 333 LOWEST SLP M ON M
[REMARKS]
#FINAL-07-23#