000
CXUS54 KFWD 010731
CF6GYI
PRELIMINARY LOCAL CLIMATOLOGICAL DATA (WS FORM: F-6)
STATION: SHERMAN/DENISON
MONTH: APRIL
YEAR: 2023
LATITUDE: 33 42 N
LONGITUDE: 96 40 W
TEMPERATURE IN F: :PCPN: SNOW: WIND :SUNSHINE: SKY :PK WND
================================================================================
1 2 3 4 5 6A 6B 7 8 9 10 11 12 13 14 15 16 17 18
12Z AVG MX 2MIN
DY MAX MIN AVG DEP HDD CDD WTR SNW DPTH SPD SPD DIR MIN PSBL S-S WX SPD DR
================================================================================
1 74 50 62 3 3 0 0.00 M M 7.7 14 340 M M 0 21 350
2 77 48 63 4 2 0 0.00 M M 10.0 17 160 M M 3 3 25 150
3 90 59 75 16 0 10 0.00 M M 13.8 20 200 M M 2 18 24 160
4 80 69 75 16 0 10 0.00 M M 17.1 28 190 M M 2 1 32 190
5 76 47 62 2 3 0 0.00 M M 13.6 20 190 M M 1 8 26 190
6 62 43 53 -7 12 0 0.00 M M 8.3 13 30 M M 0 20 30
7 65 43 54 -6 11 0 0.00 M M 5.9 12 50 M M 5 M M
8 76 52 64 4 1 0 0.00 M M 2.8 7 100 M M 5 M M
9 76 49 63 2 2 0 0.00 M M 5.0 10 100 M M 2 M M
10 76 52 64 3 1 0 0.00 M M 5.4 9 90 M M 3 M M
11 77 47 62 1 3 0 0.00 M M 5.5 12 120 M M 2 M M
12 77 55 66 5 0 1 0.00 M M 7.9 13 140 M M 1 18 140
13 80 56 68 6 0 3 0.00 M M 9.9 13 210 M M 0 18 210
14 80 59 70 8 0 5 0.00 M M 15.3 23 190 M M 2 8 28 190
15 78 52 65 3 0 0 0.00 M M 15.4 20 340 M M 3 28 350
16 71 40 56 -6 9 0 0.00 M M 5.7 18 300 M M 0 25 300
17 80 43 62 -1 3 0 0.00 M M 9.4 17 160 M M 0 23 180
18 76 56 66 3 0 1 0.00 M M 16.0 22 160 M M 3 8 29 150
19 82 64 73 10 0 8 0.00 M M 18.3 26 150 M M 6 41 150
20 81 59 70 6 0 5 0.00 M M 13.0 21 180 M M 5 8 29 180
21 73 53 63 -1 2 0 0.00 M M 6.6 18 360 M M 0 25 360
22 63 47 55 -9 10 0 T M M 10.2 18 40 M M 4 25 40
23 62 45 54 -10 11 0 0.01 M M 6.1 13 40 M M 8 20 40
24 71 45 58 -7 7 0 0.00 M M 6.9 12 120 M M 7 17 100
25 68 55 62 -3 3 0 0.00 M M 9.2 15 100 M M 9 20 100
26 65 51 58 -7 7 0 0.22 M M 11.7 20 90 M M 10 1 32 90
27 66 48 57 -8 8 0 0.02 M M 3.9 16 300 M M 7 1 21 300
28 70 45 58 -8 7 0 0.00 M M 8.5 17 340 M M 5 24 340
29 70 52 61 -5 4 0 0.00 M M 12.3 17 320 M M 6 29 310
30 75 46 61 -5 4 0 0.00 M M 6.5 13 40 M M 0 18 30
================================================================================
SM 2217 1530 113 43 0.25 M 287.9 M 101
================================================================================
AV 73.9 51.0 9.6 FASTST M M 3 MAX(MPH)
MISC ----> 28 190 41 150
================================================================================
NOTES:
# LAST OF SEVERAL OCCURRENCES
COLUMN 17 PEAK WIND IN M.P.H.
PRELIMINARY LOCAL CLIMATOLOGICAL DATA (WS FORM: F-6) , PAGE 2
STATION: SHERMAN/DENISON
MONTH: APRIL
YEAR: 2023
LATITUDE: 33 42 N
LONGITUDE: 96 40 W
[TEMPERATURE DATA] [PRECIPITATION DATA] SYMBOLS USED IN COLUMN 16
AVERAGE MONTHLY: 62.5 TOTAL FOR MONTH: 0.25 1 = FOG OR MIST
DPTR FM NORMAL: 0.2 DPTR FM NORMAL: -3.30 2 = FOG REDUCING VISIBILITY
HIGHEST: 90 ON 3 GRTST 24HR 0.22 ON 26-26 TO 1/4 MILE OR LESS
LOWEST: 40 ON 16 3 = THUNDER
SNOW, ICE PELLETS, HAIL 4 = ICE PELLETS
TOTAL MONTH: M 5 = HAIL
GRTST 24HR M ON M 6 = FREEZING RAIN OR DRIZZLE
GRTST DEPTH: M ON M 7 = DUSTSTORM OR SANDSTORM:
VSBY 1/2 MILE OR LESS
8 = SMOKE OR HAZE
[NO. OF DAYS WITH] [WEATHER - DAYS WITH] 9 = BLOWING SNOW
X = TORNADO
MAX 32 OR BELOW: 0 0.01 INCH OR MORE: 3
MAX 90 OR ABOVE: 1 0.10 INCH OR MORE: 1
MIN 32 OR BELOW: 0 0.50 INCH OR MORE: 0
MIN 0 OR BELOW: 0 1.00 INCH OR MORE: 0
[HDD (BASE 65) ]
TOTAL THIS MO. 113 CLEAR (SCALE 0-3) 15
DPTR FM NORMAL -24 PTCLDY (SCALE 4-7) 12
TOTAL FM JUL 1 2303 CLOUDY (SCALE 8-10) 3
DPTR FM NORMAL -544
[CDD (BASE 65) ]
TOTAL THIS MO. 43
DPTR FM NORMAL -15 [PRESSURE DATA]
TOTAL FM JAN 1 91 HIGHEST SLP M ON M
DPTR FM NORMAL 17 LOWEST SLP M ON M
[REMARKS]
#FINAL-04-23#